{"id":3392,"date":"2017-05-16T11:34:21","date_gmt":"2017-05-16T10:34:21","guid":{"rendered":"https:\/\/saludextremadura.ses.es\/stadiccionextremadura\/?page_id=3392"},"modified":"2024-01-25T14:41:23","modified_gmt":"2024-01-25T13:41:23","slug":"construye-tu-mundo-programa-de-prevencion-universal-acceso-al-programa","status":"publish","type":"page","link":"https:\/\/saludextremadura.ses.es\/stadiccionextremadura\/construye-tu-mundo-programa-de-prevencion-universal-acceso-al-programa\/","title":{"rendered":"Construye tu mundo."},"content":{"rendered":"\n<h4 class=\"wp-block-heading textLayer\"><strong>Ficha de Inscripci\u00f3n al Construye tu mundo <\/strong><\/h4>\n\n\n\n<h4 class=\"wp-block-heading textLayer\"><strong>Curso<\/strong> 2023-24&nbsp;<a href=\"https:\/\/survey.zohopublic.eu\/zs\/WABj7G\">https:\/\/survey.zohopublic.eu\/zs\/WABj7G<\/a><\/h4>\n\n\n\n<figure class=\"wp-block-image size-large is-resized\"><img decoding=\"async\" loading=\"lazy\" src=\"https:\/\/saludextremadura.ses.es\/stadiccionextremadura\/archivos\/info-construye-410x1024.jpg\" alt=\"\" class=\"wp-image-6965\" width=\"435\" height=\"1087\" srcset=\"https:\/\/saludextremadura.ses.es\/stadiccionextremadura\/archivos\/info-construye-410x1024.jpg 410w, https:\/\/saludextremadura.ses.es\/stadiccionextremadura\/archivos\/info-construye-120x300.jpg 120w, https:\/\/saludextremadura.ses.es\/stadiccionextremadura\/archivos\/info-construye-768x1920.jpg 768w, https:\/\/saludextremadura.ses.es\/stadiccionextremadura\/archivos\/info-construye-614x1536.jpg 614w, https:\/\/saludextremadura.ses.es\/stadiccionextremadura\/archivos\/info-construye.jpg 800w\" sizes=\"(max-width: 435px) 100vw, 435px\" \/><\/figure>\n\n\n\n<div class=\"wp-block-file\"><a id=\"wp-block-file--media-cdd2a87c-10ea-4482-8f89-bce03bd2851c\" href=\"https:\/\/saludextremadura.ses.es\/stadiccionextremadura\/archivos\/info-construye.pdf\">Infograf\u00eda Construye tu mundo<\/a><a href=\"https:\/\/saludextremadura.ses.es\/stadiccionextremadura\/archivos\/info-construye.pdf\" class=\"wp-block-file__button wp-element-button\" download aria-describedby=\"wp-block-file--media-cdd2a87c-10ea-4482-8f89-bce03bd2851c\">Descarga<\/a><\/div>\n\n\n\n<figure class=\"wp-block-image size-large is-resized\"><img decoding=\"async\" loading=\"lazy\" src=\"https:\/\/saludextremadura.ses.es\/stadiccionextremadura\/archivos\/Folleto-1-1024x366.png\" alt=\"\" class=\"wp-image-6971\" width=\"662\" height=\"236\" srcset=\"https:\/\/saludextremadura.ses.es\/stadiccionextremadura\/archivos\/Folleto-1-1024x366.png 1024w, https:\/\/saludextremadura.ses.es\/stadiccionextremadura\/archivos\/Folleto-1-300x107.png 300w, https:\/\/saludextremadura.ses.es\/stadiccionextremadura\/archivos\/Folleto-1-768x275.png 768w, https:\/\/saludextremadura.ses.es\/stadiccionextremadura\/archivos\/Folleto-1-1536x550.png 1536w, https:\/\/saludextremadura.ses.es\/stadiccionextremadura\/archivos\/Folleto-1.png 1800w\" sizes=\"(max-width: 662px) 100vw, 662px\" \/><\/figure>\n\n\n\n<figure class=\"wp-block-image size-large is-resized\"><img decoding=\"async\" loading=\"lazy\" src=\"https:\/\/saludextremadura.ses.es\/stadiccionextremadura\/archivos\/folleto-2-1024x364.png\" alt=\"\" class=\"wp-image-6972\" width=\"667\" height=\"236\" srcset=\"https:\/\/saludextremadura.ses.es\/stadiccionextremadura\/archivos\/folleto-2-1024x364.png 1024w, https:\/\/saludextremadura.ses.es\/stadiccionextremadura\/archivos\/folleto-2-300x107.png 300w, https:\/\/saludextremadura.ses.es\/stadiccionextremadura\/archivos\/folleto-2-768x273.png 768w, https:\/\/saludextremadura.ses.es\/stadiccionextremadura\/archivos\/folleto-2-1536x545.png 1536w, https:\/\/saludextremadura.ses.es\/stadiccionextremadura\/archivos\/folleto-2.png 1825w\" sizes=\"(max-width: 667px) 100vw, 667px\" \/><\/figure>\n\n\n\n<div class=\"wp-block-file\"><a id=\"wp-block-file--media-83e9b538-c0fa-4efb-80d1-0ddcba461205\" href=\"https:\/\/saludextremadura.ses.es\/stadiccionextremadura\/archivos\/FOLLETO-DEFINITIVO-CTM-1.pdf\">FOLLETO-DEFINITIVO-CTM-1<\/a><a href=\"https:\/\/saludextremadura.ses.es\/stadiccionextremadura\/archivos\/FOLLETO-DEFINITIVO-CTM-1.pdf\" class=\"wp-block-file__button wp-element-button\" download aria-describedby=\"wp-block-file--media-83e9b538-c0fa-4efb-80d1-0ddcba461205\">Descarga<\/a><\/div>\n\n\n\n<div class=\"wp-block-file\"><a id=\"wp-block-file--media-cac2af41-1a01-4052-b67b-409a76dde407\" href=\"https:\/\/saludextremadura.ses.es\/stadiccionextremadura\/archivos\/COMUNICADO-PROG.-CTM.-2022-2023-acreditaciones.pdf\">COMUNICADO-PROG.-CTM.-2023-2024-acreditaciones<\/a><a href=\"https:\/\/saludextremadura.ses.es\/stadiccionextremadura\/archivos\/COMUNICADO-PROG.-CTM.-2022-2023-acreditaciones.pdf\" class=\"wp-block-file__button wp-element-button\" download aria-describedby=\"wp-block-file--media-cac2af41-1a01-4052-b67b-409a76dde407\">Descarga<\/a><\/div>\n\n\n\n<p>.<\/p>\n\n\n\n<p>.<\/p>\n\n\n\n<p><strong>CONSTRUYE TU MUNDO<\/strong>, es un programa de prevenci\u00f3n escolar de la Fundaci\u00f3n FAD Juventud que en Extremadura se pone en marcha gracias al apoyo de la Secretar\u00eda T\u00e9cnica de Drogodependencias del SES y la Secretar\u00eda General de Educaci\u00f3n.<\/p>\n\n\n\n<p><strong>Tipo de intervenci\u00f3n<\/strong>: Universal (\u00e1mbito educativo en el medio escolar).<\/p>\n\n\n\n<p><strong>\u00bfA qui\u00e9n se dirige?<\/strong>&nbsp;Al alumnado de infantil, primaria y secundaria entre 3 y 16 a\u00f1os.<\/p>\n\n\n\n<p><strong>\u00bfQui\u00e9n lo lleva a cabo?<\/strong>&nbsp;El profesorado ya que son quienes mejor conocen al alumnado.<\/p>\n\n\n\n<p><strong>Objetivos del programa:<\/strong>&nbsp;Adem\u00e1s de retrasar la edad de inicio en el consumo de alcohol, tabaco y drogas ilegales, es contribuir a desarrollar en el alumnado una personalidad aut\u00f3noma, cr\u00edtica y reflexiva. Parte del convencimiento de que los valores positivos y prosociales, que promueven posturas activas y participativas en el entorno social, se relacionan con estilos de vida m\u00e1s saludables y m\u00e1s alejados de los riesgos, sobre todo cuando se educa en ellos desde edades tempranas.<\/p>\n\n\n\n<p><strong>Aplicaci\u00f3n y caracter\u00edsticas:<\/strong><\/p>\n\n\n\n<ol type=\"1\">\n<li>En el \u00e1mbito de la competencia de actuaci\u00f3n:<\/li>\n\n\n\n<li>&nbsp;Fomentar el an\u00e1lisis y la reflexi\u00f3n de las condiciones de vida, del medio ambiente y de la sociedad.<\/li>\n\n\n\n<li>&nbsp;Aumentar la habilidad para actuar, iniciar y llevar a cabo cambios positivos.<\/li>\n\n\n\n<li>&nbsp;Fomentar la participaci\u00f3n social.<\/li>\n<\/ol>\n\n\n\n<p>2. En el \u00e1mbito del desarrollo de la afectividad:<\/p>\n\n\n\n<ul>\n<li>&nbsp;Trabajar la autoestima.<\/li>\n\n\n\n<li>&nbsp;Trabajar la capacidad de empat\u00eda.<\/li>\n\n\n\n<li>&nbsp;Trabajar la expresi\u00f3n emocional.<\/li>\n<\/ul>\n\n\n\n<p>3. En el \u00e1mbito del desarrollo cognitivo:<\/p>\n\n\n\n<ul>\n<li>Desarrollar actitudes positivas hacia el mantenimiento de la salud.<\/li>\n\n\n\n<li>Desarrollar el autocontrol.<\/li>\n\n\n\n<li>Mejorar las habilidades de toma de decisiones.<\/li>\n\n\n\n<li>Reducir las actitudes positivas hacia el consumo de drogas.<\/li>\n\n\n\n<li>Desarrollar valores universales.<\/li>\n<\/ul>\n\n\n\n<p>4. En el \u00e1mbito del desarrollo social:<\/p>\n\n\n\n<ul>\n<li>&nbsp;Mejorar las habilidades para la interacci\u00f3n social.<\/li>\n\n\n\n<li>&nbsp;Mejorar las habilidades de oposici\u00f3n asertiva.<\/li>\n\n\n\n<li>&nbsp;Mejorar las habilidades de autoafirmaci\u00f3n.<\/li>\n<\/ul>\n\n\n\n<p>El material did\u00e1ctico es gratuito (uno espec\u00edfico para cada nivel educativo) y consta de:<\/p>\n\n\n\n<ul>\n<li>Un pendrive, que incluye tres carpetas diferenciadas:<br>\u2013 Educaci\u00f3n Infantil<br>\u2013 Educaci\u00f3n Primaria<br>\u2013 Educaci\u00f3n secundaria<\/li>\n<\/ul>\n\n\n\n<p>En cada una de las carpetas hay una introducci\u00f3n sobre el programa, las 6 actividades b\u00e1sicas de aula, 3 actividades complementarias y un cuestionario de evaluaci\u00f3n para el profesorado, que se entregar\u00e1 al finalizar el curso y que es fundamental e indispensable para medir los resultados obtenidos.<\/p>\n\n\n\n<p>Adem\u00e1s, contiene los recursos audiovisuales para trabajar las actividades propuestas (los recursos seleccionados son: secuencias de pel\u00edculas y\/o dibujos animados, spots publicitarios, canciones, cuentos, f\u00e1bulas y leyendas, noticias de peri\u00f3dicos y poemas).<\/p>\n\n\n\n<ul>\n<li>Un cuaderno para el profesorado en pdf. (Infantil, Primaria y Secundaria) donde podr\u00e1 seleccionar las actividades que mejor se adapten a su grupo en el aula.<\/li>\n\n\n\n<li>&nbsp;Un cuaderno para el alumnado en pdf. (solo en Infantil y Primaria).<\/li>\n<\/ul>\n\n\n\n<p>Todas las actividades de este cuaderno tienen un hilo conductor que parte de las diferentes dimensiones de los determinantes que intervienen en la salud. Se parte del concepto de que la prevenci\u00f3n en temas relacionados con la salud es:<\/p>\n\n\n\n<ul>\n<li>Cuidar de uno mismo\/a (Yo).<\/li>\n\n\n\n<li>Cuidar de los\/las que me rodean (Familia\/ amigos\/as).<\/li>\n\n\n\n<li>Cuidar de mi entorno (Centro educativo\/ casa\/ comunidad).<\/li>\n<\/ul>\n\n\n\n<p>Se trata de ir de lo particular (Cuidar de m\u00ed mismo\/a) a lo m\u00e1s global (Cuidar de mi entorno).<br>Esto permitir\u00e1 al alumnado ampliar su visi\u00f3n sobre lo que es el concepto global de salud (prevenci\u00f3n).<\/p>\n\n\n\n<p><strong>Como novedad respecto a a\u00f1os anteriores se han incluido nuevas actividades relacionadas con tabaco, alcohol y juego patol\u00f3gico desde 5\u00ba de primaria hasta 4\u00ba ESO.<\/strong><\/p>\n\n\n\n<p>Para cualquier informaci\u00f3n y\/o presentaci\u00f3n en los centros educativos pueden contactar con las coordinadoras de Construye tu Mundo en Extremadura:<\/p>\n\n\n\n<ul>\n<li>Provincia de Badajoz. &nbsp;M\u00f3nica Mill\u00e1n M\u00ednguez &#8211; mmillan@fad.es &nbsp;&nbsp;&nbsp;638.040.932<\/li>\n<\/ul>\n\n\n\n<p>\u2013 &nbsp;&nbsp;&nbsp;&nbsp;Provincia de C\u00e1ceres. Delicia Prieto Izquierdo &#8211; dprieto@fad.es &nbsp;&nbsp;&nbsp;&nbsp;609.457.517<\/p>\n\n\n\n<p><a href=\"http:\/\/www.campusfad.org\/nausika-prevencion-extremadura\/\">www.campusfad.org\/nausika-prevencion-extremadura\/<\/a>&nbsp;<\/p>\n\n\n\n<p><a href=\"http:\/\/www.construyetumundo.org\">www.construyetumundo.org<\/a>&nbsp;<\/p>\n\n\n\n<p><\/p>\n\n\n\n<figure class=\"wp-block-image size-large is-resized\"><img decoding=\"async\" loading=\"lazy\" src=\"https:\/\/saludextremadura.ses.es\/stadiccionextremadura\/archivos\/Diseno-sin-titulo-1-1024x1024.jpg\" alt=\"\" class=\"wp-image-6982\" width=\"341\" height=\"341\" srcset=\"https:\/\/saludextremadura.ses.es\/stadiccionextremadura\/archivos\/Diseno-sin-titulo-1-1024x1024.jpg 1024w, https:\/\/saludextremadura.ses.es\/stadiccionextremadura\/archivos\/Diseno-sin-titulo-1-300x300.jpg 300w, https:\/\/saludextremadura.ses.es\/stadiccionextremadura\/archivos\/Diseno-sin-titulo-1-150x150.jpg 150w, https:\/\/saludextremadura.ses.es\/stadiccionextremadura\/archivos\/Diseno-sin-titulo-1-768x768.jpg 768w, https:\/\/saludextremadura.ses.es\/stadiccionextremadura\/archivos\/Diseno-sin-titulo-1.jpg 1080w\" sizes=\"(max-width: 341px) 100vw, 341px\" \/><\/figure>\n\n\n\n<div data-canvas-width=\"411.58040709386626\"><\/div>\n\n\n\n<div data-canvas-width=\"411.58040709386626\">&nbsp;<\/div>\n\n\n\n<div class=\"textLayer\">&nbsp;<\/div>\n<!-- AddThis Advanced Settings generic via filter on the_content --><!-- AddThis Share Buttons generic via filter on the_content -->","protected":false},"excerpt":{"rendered":"<p>Ficha de Inscripci\u00f3n al Construye tu mundo Curso 2023-24&nbsp;https:\/\/survey.zohopublic.eu\/zs\/WABj7G . . CONSTRUYE TU MUNDO, es un programa de prevenci\u00f3n escolar de la Fundaci\u00f3n FAD Juventud que en Extremadura se pone en marcha gracias al apoyo de la Secretar\u00eda T\u00e9cnica de Drogodependencias del SES y la Secretar\u00eda General de Educaci\u00f3n. Tipo de intervenci\u00f3n: Universal (\u00e1mbito educativo [&hellip;]<!-- AddThis Advanced Settings generic via filter on get_the_excerpt --><!-- AddThis Share Buttons generic via filter on get_the_excerpt --><\/p>\n","protected":false},"author":3,"featured_media":0,"parent":0,"menu_order":0,"comment_status":"closed","ping_status":"closed","template":"","meta":[],"_links":{"self":[{"href":"https:\/\/saludextremadura.ses.es\/stadiccionextremadura\/wp-json\/wp\/v2\/pages\/3392"}],"collection":[{"href":"https:\/\/saludextremadura.ses.es\/stadiccionextremadura\/wp-json\/wp\/v2\/pages"}],"about":[{"href":"https:\/\/saludextremadura.ses.es\/stadiccionextremadura\/wp-json\/wp\/v2\/types\/page"}],"author":[{"embeddable":true,"href":"https:\/\/saludextremadura.ses.es\/stadiccionextremadura\/wp-json\/wp\/v2\/users\/3"}],"replies":[{"embeddable":true,"href":"https:\/\/saludextremadura.ses.es\/stadiccionextremadura\/wp-json\/wp\/v2\/comments?post=3392"}],"version-history":[{"count":19,"href":"https:\/\/saludextremadura.ses.es\/stadiccionextremadura\/wp-json\/wp\/v2\/pages\/3392\/revisions"}],"predecessor-version":[{"id":7631,"href":"https:\/\/saludextremadura.ses.es\/stadiccionextremadura\/wp-json\/wp\/v2\/pages\/3392\/revisions\/7631"}],"wp:attachment":[{"href":"https:\/\/saludextremadura.ses.es\/stadiccionextremadura\/wp-json\/wp\/v2\/media?parent=3392"}],"curies":[{"name":"wp","href":"https:\/\/api.w.org\/{rel}","templated":true}]}}