{"id":1007,"date":"2024-04-30T13:47:08","date_gmt":"2024-04-30T11:47:08","guid":{"rendered":"https:\/\/saludextremadura.ses.es\/areasaludllerena-zafra\/?page_id=1007"},"modified":"2025-06-19T13:57:13","modified_gmt":"2025-06-19T11:57:13","slug":"promocion-y-educacion-para-la-salud","status":"publish","type":"page","link":"https:\/\/saludextremadura.ses.es\/areasaludllerena-zafra\/promocion-y-educacion-para-la-salud\/","title":{"rendered":"Promoci\u00f3n y Educaci\u00f3n para la Salud"},"content":{"rendered":"\t\t<div data-elementor-type=\"wp-page\" data-elementor-id=\"1007\" class=\"elementor elementor-1007\">\n\t\t\t\t\t\t<section class=\"elementor-section elementor-top-section elementor-element elementor-element-41a65e41 elementor-section-content-middle elementor-section-height-min-height elementor-section-stretched elementor-section-boxed elementor-section-height-default elementor-section-items-middle wpr-particle-no wpr-jarallax-no wpr-parallax-no wpr-sticky-section-no\" data-id=\"41a65e41\" data-element_type=\"section\" data-settings=\"{&quot;background_background&quot;:&quot;classic&quot;,&quot;stretch_section&quot;:&quot;section-stretched&quot;}\">\n\t\t\t\t\t\t\t<div class=\"elementor-background-overlay\"><\/div>\n\t\t\t\t\t\t\t<div class=\"elementor-container elementor-column-gap-no\">\n\t\t\t\t\t<div class=\"elementor-column elementor-col-100 elementor-top-column elementor-element elementor-element-1355e98e\" data-id=\"1355e98e\" data-element_type=\"column\">\n\t\t\t<div class=\"elementor-widget-wrap elementor-element-populated\">\n\t\t\t\t\t\t<div class=\"elementor-element elementor-element-1db88edb elementor-widget elementor-widget-heading\" data-id=\"1db88edb\" data-element_type=\"widget\" data-widget_type=\"heading.default\">\n\t\t\t\t<div class=\"elementor-widget-container\">\n\t\t\t<style>\/*! elementor - v3.23.0 - 15-07-2024 *\/\n.elementor-heading-title{padding:0;margin:0;line-height:1}.elementor-widget-heading .elementor-heading-title[class*=elementor-size-]>a{color:inherit;font-size:inherit;line-height:inherit}.elementor-widget-heading .elementor-heading-title.elementor-size-small{font-size:15px}.elementor-widget-heading .elementor-heading-title.elementor-size-medium{font-size:19px}.elementor-widget-heading .elementor-heading-title.elementor-size-large{font-size:29px}.elementor-widget-heading .elementor-heading-title.elementor-size-xl{font-size:39px}.elementor-widget-heading .elementor-heading-title.elementor-size-xxl{font-size:59px}<\/style><h4 class=\"elementor-heading-title elementor-size-default\">Salud P\u00fablica<\/h4>\t\t<\/div>\n\t\t\t\t<\/div>\n\t\t\t\t<div class=\"elementor-element elementor-element-6d750879 elementor-widget__width-initial elementor-widget elementor-widget-heading\" data-id=\"6d750879\" data-element_type=\"widget\" data-widget_type=\"heading.default\">\n\t\t\t\t<div class=\"elementor-widget-container\">\n\t\t\t<h1 class=\"elementor-heading-title elementor-size-default\">Promoci\u00f3n y educaci\u00f3n para la salud  <\/h1>\t\t<\/div>\n\t\t\t\t<\/div>\n\t\t\t\t<div class=\"elementor-element elementor-element-680b4ac1 elementor-align-left elementor-mobile-align-center elementor-tablet-align-center elementor-widget elementor-widget-button\" data-id=\"680b4ac1\" data-element_type=\"widget\" data-widget_type=\"button.default\">\n\t\t\t\t<div class=\"elementor-widget-container\">\n\t\t\t\t\t<div class=\"elementor-button-wrapper\">\n\t\t\t<a class=\"elementor-button elementor-button-link elementor-size-sm\" href=\"#vacunas\">\n\t\t\t\t\t\t<span class=\"elementor-button-content-wrapper\">\n\t\t\t\t\t\t\t\t\t<span class=\"elementor-button-text\">Empecemos<\/span>\n\t\t\t\t\t<\/span>\n\t\t\t\t\t<\/a>\n\t\t<\/div>\n\t\t\t\t<\/div>\n\t\t\t\t<\/div>\n\t\t\t\t\t<\/div>\n\t\t<\/div>\n\t\t\t\t\t<\/div>\n\t\t<\/section>\n\t\t\t\t<section class=\"elementor-section elementor-top-section elementor-element elementor-element-7b7875d2 elementor-section-content-middle elementor-section-height-min-height elementor-section-stretched elementor-section-boxed elementor-section-height-default elementor-section-items-middle wpr-particle-no wpr-jarallax-no wpr-parallax-no wpr-sticky-section-no\" data-id=\"7b7875d2\" data-element_type=\"section\" id=\"vacunas\" data-settings=\"{&quot;background_background&quot;:&quot;classic&quot;,&quot;stretch_section&quot;:&quot;section-stretched&quot;}\">\n\t\t\t\t\t\t\t<div class=\"elementor-background-overlay\"><\/div>\n\t\t\t\t\t\t\t<div class=\"elementor-container elementor-column-gap-no\">\n\t\t\t\t\t<div class=\"elementor-column elementor-col-100 elementor-top-column elementor-element elementor-element-6d53b642\" data-id=\"6d53b642\" data-element_type=\"column\">\n\t\t\t<div class=\"elementor-widget-wrap elementor-element-populated\">\n\t\t\t\t\t\t<section class=\"elementor-section elementor-inner-section elementor-element elementor-element-5cbcf6ac elementor-section-boxed elementor-section-height-default elementor-section-height-default wpr-particle-no wpr-jarallax-no wpr-parallax-no wpr-sticky-section-no\" data-id=\"5cbcf6ac\" data-element_type=\"section\">\n\t\t\t\t\t\t<div class=\"elementor-container elementor-column-gap-no\">\n\t\t\t\t\t<div class=\"elementor-column elementor-col-50 elementor-inner-column elementor-element elementor-element-5ffc071d\" data-id=\"5ffc071d\" data-element_type=\"column\">\n\t\t\t<div class=\"elementor-widget-wrap elementor-element-populated\">\n\t\t\t\t\t\t<div class=\"elementor-element elementor-element-40447048 elementor-widget-divider--view-line elementor-widget elementor-widget-divider\" data-id=\"40447048\" data-element_type=\"widget\" data-widget_type=\"divider.default\">\n\t\t\t\t<div class=\"elementor-widget-container\">\n\t\t\t<style>\/*! elementor - v3.23.0 - 15-07-2024 *\/\n.elementor-widget-divider{--divider-border-style:none;--divider-border-width:1px;--divider-color:#0c0d0e;--divider-icon-size:20px;--divider-element-spacing:10px;--divider-pattern-height:24px;--divider-pattern-size:20px;--divider-pattern-url:none;--divider-pattern-repeat:repeat-x}.elementor-widget-divider .elementor-divider{display:flex}.elementor-widget-divider .elementor-divider__text{font-size:15px;line-height:1;max-width:95%}.elementor-widget-divider .elementor-divider__element{margin:0 var(--divider-element-spacing);flex-shrink:0}.elementor-widget-divider .elementor-icon{font-size:var(--divider-icon-size)}.elementor-widget-divider .elementor-divider-separator{display:flex;margin:0;direction:ltr}.elementor-widget-divider--view-line_icon .elementor-divider-separator,.elementor-widget-divider--view-line_text .elementor-divider-separator{align-items:center}.elementor-widget-divider--view-line_icon .elementor-divider-separator:after,.elementor-widget-divider--view-line_icon .elementor-divider-separator:before,.elementor-widget-divider--view-line_text .elementor-divider-separator:after,.elementor-widget-divider--view-line_text .elementor-divider-separator:before{display:block;content:\"\";border-block-end:0;flex-grow:1;border-block-start:var(--divider-border-width) var(--divider-border-style) var(--divider-color)}.elementor-widget-divider--element-align-left .elementor-divider .elementor-divider-separator>.elementor-divider__svg:first-of-type{flex-grow:0;flex-shrink:100}.elementor-widget-divider--element-align-left .elementor-divider-separator:before{content:none}.elementor-widget-divider--element-align-left .elementor-divider__element{margin-left:0}.elementor-widget-divider--element-align-right .elementor-divider .elementor-divider-separator>.elementor-divider__svg:last-of-type{flex-grow:0;flex-shrink:100}.elementor-widget-divider--element-align-right .elementor-divider-separator:after{content:none}.elementor-widget-divider--element-align-right .elementor-divider__element{margin-right:0}.elementor-widget-divider--element-align-start .elementor-divider .elementor-divider-separator>.elementor-divider__svg:first-of-type{flex-grow:0;flex-shrink:100}.elementor-widget-divider--element-align-start .elementor-divider-separator:before{content:none}.elementor-widget-divider--element-align-start .elementor-divider__element{margin-inline-start:0}.elementor-widget-divider--element-align-end .elementor-divider .elementor-divider-separator>.elementor-divider__svg:last-of-type{flex-grow:0;flex-shrink:100}.elementor-widget-divider--element-align-end .elementor-divider-separator:after{content:none}.elementor-widget-divider--element-align-end .elementor-divider__element{margin-inline-end:0}.elementor-widget-divider:not(.elementor-widget-divider--view-line_text):not(.elementor-widget-divider--view-line_icon) .elementor-divider-separator{border-block-start:var(--divider-border-width) var(--divider-border-style) var(--divider-color)}.elementor-widget-divider--separator-type-pattern{--divider-border-style:none}.elementor-widget-divider--separator-type-pattern.elementor-widget-divider--view-line .elementor-divider-separator,.elementor-widget-divider--separator-type-pattern:not(.elementor-widget-divider--view-line) .elementor-divider-separator:after,.elementor-widget-divider--separator-type-pattern:not(.elementor-widget-divider--view-line) .elementor-divider-separator:before,.elementor-widget-divider--separator-type-pattern:not([class*=elementor-widget-divider--view]) .elementor-divider-separator{width:100%;min-height:var(--divider-pattern-height);-webkit-mask-size:var(--divider-pattern-size) 100%;mask-size:var(--divider-pattern-size) 100%;-webkit-mask-repeat:var(--divider-pattern-repeat);mask-repeat:var(--divider-pattern-repeat);background-color:var(--divider-color);-webkit-mask-image:var(--divider-pattern-url);mask-image:var(--divider-pattern-url)}.elementor-widget-divider--no-spacing{--divider-pattern-size:auto}.elementor-widget-divider--bg-round{--divider-pattern-repeat:round}.rtl .elementor-widget-divider .elementor-divider__text{direction:rtl}.e-con-inner>.elementor-widget-divider,.e-con>.elementor-widget-divider{width:var(--container-widget-width,100%);--flex-grow:var(--container-widget-flex-grow)}<\/style>\t\t<div class=\"elementor-divider\">\n\t\t\t<span class=\"elementor-divider-separator\">\n\t\t\t\t\t\t<\/span>\n\t\t<\/div>\n\t\t\t\t<\/div>\n\t\t\t\t<\/div>\n\t\t\t\t\t<\/div>\n\t\t<\/div>\n\t\t\t\t<div class=\"elementor-column elementor-col-50 elementor-inner-column elementor-element elementor-element-241e869f\" data-id=\"241e869f\" data-element_type=\"column\">\n\t\t\t<div class=\"elementor-widget-wrap elementor-element-populated\">\n\t\t\t\t\t\t<div class=\"elementor-element elementor-element-700a32a2 elementor-widget elementor-widget-heading\" data-id=\"700a32a2\" data-element_type=\"widget\" data-widget_type=\"heading.default\">\n\t\t\t\t<div class=\"elementor-widget-container\">\n\t\t\t<h2 class=\"elementor-heading-title elementor-size-default\">Seguridad Alimentaria<\/h2>\t\t<\/div>\n\t\t\t\t<\/div>\n\t\t\t\t\t<\/div>\n\t\t<\/div>\n\t\t\t\t\t<\/div>\n\t\t<\/section>\n\t\t\t\t<div class=\"elementor-element elementor-element-1e1afcb0 elementor-widget elementor-widget-heading\" data-id=\"1e1afcb0\" data-element_type=\"widget\" data-widget_type=\"heading.default\">\n\t\t\t\t<div class=\"elementor-widget-container\">\n\t\t\t<h2 class=\"elementor-heading-title elementor-size-default\">Vacunas \u00c1rea Llerena Zafra<\/h2>\t\t<\/div>\n\t\t\t\t<\/div>\n\t\t\t\t<div class=\"elementor-element elementor-element-336ce07b elementor-widget__width-initial elementor-widget elementor-widget-text-editor\" data-id=\"336ce07b\" data-element_type=\"widget\" data-widget_type=\"text-editor.default\">\n\t\t\t\t<div class=\"elementor-widget-container\">\n\t\t\t<style>\/*! elementor - v3.23.0 - 15-07-2024 *\/\n.elementor-widget-text-editor.elementor-drop-cap-view-stacked .elementor-drop-cap{background-color:#69727d;color:#fff}.elementor-widget-text-editor.elementor-drop-cap-view-framed .elementor-drop-cap{color:#69727d;border:3px solid;background-color:transparent}.elementor-widget-text-editor:not(.elementor-drop-cap-view-default) .elementor-drop-cap{margin-top:8px}.elementor-widget-text-editor:not(.elementor-drop-cap-view-default) .elementor-drop-cap-letter{width:1em;height:1em}.elementor-widget-text-editor .elementor-drop-cap{float:left;text-align:center;line-height:1;font-size:50px}.elementor-widget-text-editor .elementor-drop-cap-letter{display:inline-block}<\/style>\t\t\t\t<h5><strong>Calendario com\u00fan<\/strong><\/h5><p><a href=\"https:\/\/saludextremadura.ses.es\/areasaludllerena-zafra\/wp-content\/uploads\/2024\/05\/Calendario-comun-vacunaciones-e-inmunizaciones-a-lo-largo-de-la-vida-2024.pdf\" target=\"_blank\" rel=\"noopener\">Calendario com\u00fan vacunaciones e inmunizaciones a lo largo de la vida 2024.<\/a>\u00a0<\/p><h5>\u00a0<\/h5><h5><strong>Calendario en grupos de riesgo<\/strong><\/h5><p><a style=\"font-size: 16px;\" href=\"https:\/\/saludextremadura.ses.es\/areasaludllerena-zafra\/wp-content\/uploads\/2024\/05\/Vacunacion-e-inmunizacion-en-adolescentes-y-menores-de-18-anos.pdf\" target=\"_blank\" rel=\"noopener\">Vacunaci\u00f3n e inmunizaci\u00f3n en adolescentes y menores de 18 a\u00f1os.<\/a><\/p><p>\u00a0<a href=\"https:\/\/saludextremadura.ses.es\/areasaludllerena-zafra\/wp-content\/uploads\/2024\/05\/Vacunacion-e-inmunizacion-en-personas-igual-o-mayor-de-18-anos.pdf\" target=\"_blank\" rel=\"noopener\">Vacunaci\u00f3n e inmunizaci\u00f3n en personas igual o mayor de 18 a\u00f1os.<\/a><\/p><h5>\u00a0<\/h5><h5><strong>Vacunas<\/strong> <strong>prenatales:<\/strong><\/h5><ul><li><em><u>\u00a0 Edad f\u00e9rtil<\/u><\/em><\/li><\/ul><ul><li style=\"list-style-type: none;\"><ul><li>Comprobar vacunaci\u00f3n \u00f3ptima seg\u00fan edad.<\/li><li>Asegurar inmunidad frente a sarampi\u00f3n, rubeola, parotiditis y varicela.<\/li><li>En caso de <strong>vacunas de virus vivos atenuados, evitar embarazo 4 semanas despu\u00e9s de la dosis administrada<\/strong>.<\/li><\/ul><\/li><\/ul><ul><li><em><u>Embarazo<\/u><\/em><\/li><\/ul><ul><li style=\"list-style-type: none;\"><ul><li>Comprobar vacunaci\u00f3n \u00f3ptima.<\/li><li>Tdpa, que se administrar\u00e1 a partir de la semana 27 de gestaci\u00f3n, preferentemente las semanas 27 o 28.<\/li><li>Gripe: En cualquier trimestre durante la etapa gripal<\/li><li>Covid: En cualquier trimestre si est\u00e1 indicada por riesgo<\/li><\/ul><\/li><\/ul><p><strong>Contraindicadas<\/strong>:<\/p><p><em>Vacunas de virus vivos atenuados (triple v\u00edrica: sarampi\u00f3n, rubeola, parotiditis; varicela, fiebre amarilla, fiebre tifoidea oral).<\/em><\/p><p><em>No se recomienda la vacuna del papiloma humano.<\/em><\/p><p><em>Vacunas que no se recomiendan, pero las que hay que poner por <strong>circunstancias especiales<\/strong>, habr\u00eda que valorar riesgo\/beneficio.<\/em><\/p><p><strong>Sobre vacuna para Herpes Z\u00f3ster<\/strong><strong>:<\/strong><\/p><p>Se recomienda la vacunaci\u00f3n de la poblaci\u00f3n:<\/p><p>A los 80 a\u00f1os (nacidos en 1944).<br \/>A los 65 a\u00f1os (nacidos en 1959).<br \/>Grupos de riesgo: Informaci\u00f3n en ANEXO III<\/p><p><br \/>Se administrar\u00e1n dos dosis separadas por un intervalo de al menos 2 meses<\/p><p>DEBE PONER esto:<\/p><p>Sobre vacuna para Herpes Z\u00f3ster:<\/p><p>Se recomienda la vacunaci\u00f3n de la poblaci\u00f3n:<\/p><p>A los 80 a\u00f1os (nacidos en 1945).<br \/>A los 65 a\u00f1os (nacidos en 1960).<br \/>Grupos de riesgo: Informaci\u00f3n en ANEXO III<\/p><p><br \/>Se administrar\u00e1n dos dosis separadas por un intervalo de al menos 2 meses<\/p><p><strong>Vacuna antineumoc\u00f3cica (VCN):<\/strong><\/p><p>Se recomienda la vacunaci\u00f3n frente a neumococo a partir de los 65 a\u00f1os.<\/p><p><strong>Gripe<\/strong><strong>:<\/strong><\/p><p>Se atiende a Circular sobre la campa\u00f1a frente a gripe vigente publicada por la Consejer\u00eda de Salud y Servicios Sociales<strong>.<\/strong><\/p><p><strong>Covid<\/strong><strong>:<\/strong><\/p><p>Se atiende a Circular sobre la campa\u00f1a frente a gripe vigente publicada por la Consejer\u00eda de Salud y Servicios Sociales.<\/p><p><strong>Vacunaci\u00f3n<\/strong> <strong>Internacional<\/strong><strong>:<\/strong><\/p><p>Actualmente no disponemos de centro de vacunaci\u00f3n Internacional en esta \u00e1rea. Se est\u00e1n actualizando datos de los actuales.<\/p><p><strong><u>Documentaci\u00f3n t\u00e9cnica<\/u><\/strong><u>.<\/u><\/p><p><u>\u00a0<\/u><\/p><p>\u00a0 ANEXO I. <a href=\"https:\/\/saludextremadura.ses.es\/areasaludllerena-zafra\/wp-content\/uploads\/2024\/05\/ANEXO-I-CALENDARIO-A-LO-LARGO-DE-LA-VIDA.pdf\" target=\"_blank\" rel=\"noopener\">Calendario a lo largo de la vida.<\/a><\/p><p>\u00a0 ANEXO II. <a href=\"https:\/\/saludextremadura.ses.es\/areasaludllerena-zafra\/wp-content\/uploads\/2024\/05\/ANEXO-II-VACUNACIONES-EN-GRUPOS-DE-RIESGO-MENORES-DE-18-ANOS.pdf\" target=\"_blank\" rel=\"noopener\">Calendario en grupos de riesgo en adolescentes y menores de 18 a\u00f1os.<\/a><\/p><p>\u00a0 ANEXO III. <a href=\"https:\/\/saludextremadura.ses.es\/areasaludllerena-zafra\/wp-content\/uploads\/2024\/05\/ANEXO-III-VACUNACIONES-EN-GRUPOS-DE-RIESGO-PERSONAS-IGUAL-O-MAYORES-DE-18-ANOS.pdf\" target=\"_blank\" rel=\"noopener\">Calendario en grupos de riesgo en personas igual o mayor de 18 a\u00f1os.<\/a><\/p>\t\t\t\t\t\t<\/div>\n\t\t\t\t<\/div>\n\t\t\t\t\t<\/div>\n\t\t<\/div>\n\t\t\t\t\t<\/div>\n\t\t<\/section>\n\t\t\t\t<\/div>\n\t\t","protected":false},"excerpt":{"rendered":"<p>Salud P\u00fablica Promoci\u00f3n y educaci\u00f3n para la salud Empecemos Seguridad Alimentaria Vacunas \u00c1rea Llerena Zafra Calendario com\u00fan Calendario com\u00fan vacunaciones e inmunizaciones a lo largo de la vida 2024.\u00a0 \u00a0 Calendario en grupos de riesgo Vacunaci\u00f3n e inmunizaci\u00f3n en adolescentes y menores de 18 a\u00f1os. \u00a0Vacunaci\u00f3n e inmunizaci\u00f3n en personas igual o mayor de 18 a\u00f1os. \u00a0 Vacunas prenatales: \u00a0 Edad f\u00e9rtil Comprobar vacunaci\u00f3n \u00f3ptima seg\u00fan edad. Asegurar inmunidad frente a sarampi\u00f3n, rubeola, parotiditis y varicela. En caso de vacunas de virus vivos atenuados, evitar embarazo 4 semanas despu\u00e9s de la dosis administrada. Embarazo Comprobar vacunaci\u00f3n \u00f3ptima. Tdpa, que se administrar\u00e1 a partir de la semana 27 de gestaci\u00f3n, preferentemente las semanas 27 o 28. Gripe: En cualquier trimestre durante la etapa gripal Covid: En cualquier trimestre si est\u00e1 indicada por riesgo Contraindicadas: Vacunas de virus vivos atenuados (triple v\u00edrica: sarampi\u00f3n, rubeola, parotiditis; varicela, fiebre amarilla, fiebre tifoidea oral). No se recomienda la vacuna del papiloma humano. Vacunas que no se recomiendan, pero las que hay que poner por circunstancias especiales, habr\u00eda que valorar riesgo\/beneficio. Sobre vacuna para Herpes Z\u00f3ster: Se recomienda la vacunaci\u00f3n de la poblaci\u00f3n: A los 80 a\u00f1os (nacidos en 1944).A los 65 a\u00f1os (nacidos en 1959).Grupos de riesgo: Informaci\u00f3n en ANEXO III Se administrar\u00e1n dos dosis separadas por un intervalo de al menos 2 meses DEBE PONER esto: Sobre vacuna para Herpes Z\u00f3ster: Se recomienda la vacunaci\u00f3n de la poblaci\u00f3n: A los 80 a\u00f1os (nacidos en 1945).A los 65 a\u00f1os (nacidos en 1960).Grupos de riesgo: Informaci\u00f3n en ANEXO III Se administrar\u00e1n dos dosis separadas por un intervalo de al menos 2 meses Vacuna antineumoc\u00f3cica (VCN): Se recomienda la vacunaci\u00f3n frente a neumococo a partir de los 65 a\u00f1os. Gripe: Se atiende a Circular sobre la campa\u00f1a frente a gripe vigente publicada por la Consejer\u00eda de Salud y Servicios Sociales. Covid: Se atiende a Circular sobre la campa\u00f1a frente a gripe vigente publicada por la Consejer\u00eda de Salud y Servicios Sociales. Vacunaci\u00f3n Internacional: Actualmente no disponemos de centro de vacunaci\u00f3n Internacional en esta \u00e1rea. Se est\u00e1n actualizando datos de los actuales. Documentaci\u00f3n t\u00e9cnica. \u00a0 \u00a0 ANEXO I. Calendario a lo largo de la vida. \u00a0 ANEXO II. Calendario en grupos de riesgo en adolescentes y menores de 18 a\u00f1os. \u00a0 ANEXO III. Calendario en grupos de riesgo en personas igual o mayor de 18 a\u00f1os.<\/p>\n","protected":false},"author":1,"featured_media":0,"parent":0,"menu_order":0,"comment_status":"closed","ping_status":"closed","template":"","meta":{"footnotes":""},"class_list":["post-1007","page","type-page","status-publish","hentry"],"_links":{"self":[{"href":"https:\/\/saludextremadura.ses.es\/areasaludllerena-zafra\/wp-json\/wp\/v2\/pages\/1007"}],"collection":[{"href":"https:\/\/saludextremadura.ses.es\/areasaludllerena-zafra\/wp-json\/wp\/v2\/pages"}],"about":[{"href":"https:\/\/saludextremadura.ses.es\/areasaludllerena-zafra\/wp-json\/wp\/v2\/types\/page"}],"author":[{"embeddable":true,"href":"https:\/\/saludextremadura.ses.es\/areasaludllerena-zafra\/wp-json\/wp\/v2\/users\/1"}],"replies":[{"embeddable":true,"href":"https:\/\/saludextremadura.ses.es\/areasaludllerena-zafra\/wp-json\/wp\/v2\/comments?post=1007"}],"version-history":[{"count":64,"href":"https:\/\/saludextremadura.ses.es\/areasaludllerena-zafra\/wp-json\/wp\/v2\/pages\/1007\/revisions"}],"predecessor-version":[{"id":5007,"href":"https:\/\/saludextremadura.ses.es\/areasaludllerena-zafra\/wp-json\/wp\/v2\/pages\/1007\/revisions\/5007"}],"wp:attachment":[{"href":"https:\/\/saludextremadura.ses.es\/areasaludllerena-zafra\/wp-json\/wp\/v2\/media?parent=1007"}],"curies":[{"name":"wp","href":"https:\/\/api.w.org\/{rel}","templated":true}]}}