{"id":793,"date":"2022-06-30T12:44:51","date_gmt":"2022-06-30T10:44:51","guid":{"rendered":"https:\/\/saludextremadura.ses.es\/areasaluddonbenito\/?page_id=793"},"modified":"2022-08-18T10:36:29","modified_gmt":"2022-08-18T08:36:29","slug":"efectos-de-las-altas-temperaturas","status":"publish","type":"page","link":"https:\/\/saludextremadura.ses.es\/areasaluddonbenito\/saludpublica\/salud-medioambiental\/efectos-de-las-altas-temperaturas\/","title":{"rendered":"Efectos de las Altas Temperaturas"},"content":{"rendered":"\n<p>Desde el a\u00f1o 2004, del 1 de junio al 30 de septiembre se activa el Plan Nacional de Actuaciones Preventivas por Altas Temperaturas. El objetivo de este Plan es reducir el impacto sobre la salud de la poblaci\u00f3n como consecuencia del exceso de temperatura.<\/p>\n\n\n\n<p>La exposici\u00f3n a temperaturas ambientales elevadas puede provocar una respuesta insuficiente del sistema termorregulador humano. El calor excesivo puede alterar nuestras funciones vitales si el cuerpo humano no es capaz de compensar las variaciones de la temperatura corporal.<\/p>\n\n\n\n<p>Una temperatura muy elevada produce p\u00e9rdida de agua y electrolitos que son necesarios para el normal funcionamiento de los distintos \u00f3rganos. En algunas personas con determinadas enfermedades cr\u00f3nicas, sometidas a ciertos tratamientos m\u00e9dicos y con discapacidades que limitan su autonom\u00eda, estos mecanismos de termorregulaci\u00f3n pueden verse descompensados.<\/p>\n\n\n\n<p>Desde un enfoque biol\u00f3gico, la exposici\u00f3n a temperaturas excesivas puede provocar problemas de salud como calambres, deshidrataci\u00f3n, insolaci\u00f3n, golpe de calor (con problemas multiorg\u00e1nicos que pueden incluir s\u00edntomas tales como inestabilidad en la marcha, convulsiones e incluso coma).<br>El impacto de la exposici\u00f3n al calor excesivo est\u00e1 influido por el envejecimiento fisiol\u00f3gico y las enfermedades subyacentes.<\/p>\n\n\n\n<p>Por ello desde la Direcci\u00f3n de Salud se ha elaborado un cuadro resumen de dicho plan con los objetivos, poblaci\u00f3n de riesgo y p\u00e1ginas web relacionadas con los niveles de exceso de temperaturas, suscripci\u00f3n y acceso a la notificaci\u00f3n de casos de golpe de calor.&nbsp; Dichos niveles son cuatro, en funci\u00f3n de la catalogaci\u00f3n del riesgo:<\/p>\n\n\n\n<ul><li>Nivel 0: Ausencia de riesgo. Representado con color verde. Las temperaturas m\u00e1ximas y m\u00ednimas previstas rebasan simult\u00e1neamente los valores umbrales de referencia cero d\u00edas. El \u00edndice es 0.<\/li><\/ul>\n\n\n\n<ul><li>Nivel 1: Bajo Riesgo. Representado con color amarillo Las temperaturas m\u00e1ximas y m\u00ednimas previstas&nbsp; rebasan simult\u00e1neamente los valores umbrales de referencia uno o dos d\u00edas. El \u00edndice es 1 o 2.<\/li><\/ul>\n\n\n\n<ul><li>Nivel 2: Riesgo medio. Representado con color naranja. Las temperaturas m\u00e1ximas y m\u00ednimas previstas rebasan simult\u00e1neamente los valores umbrales de referencia&nbsp; tres o cuatro&nbsp; d\u00edas. El \u00edndice es 3 y 4.<\/li><\/ul>\n\n\n\n<ul><li>Nivel 3: Alto Riesgo. Representado con color rojo tres o cuatro. Las temperaturas m\u00e1ximas y m\u00ednimas previstas&nbsp; rebasan simult\u00e1neamente los valores umbrales de referencia cinco&nbsp; d\u00edas. El \u00edndice es 5.<\/li><\/ul>\n\n\n<div style=\"display:flex\" class=\"enlacearchivos\">\n    <img decoding=\"async\" src=\"https:\/\/saludextremadura.ses.es\/areasaluddonbenito\/wp-content\/themes\/temaAreaSalud\/img\/Vector (14).svg\" alt=\"\">\n    <a class=\"\" title=\"\" href=\"https:\/\/saludextremadura.ses.es\/areasaluddonbenito\/download\/1608\/?tmstv=1777671768\" rel=\"nofollow\">\n        Resumen del plan    <\/a>\n    <div class=\"filetype-icon filetype-pdf \"><\/div>\n<\/div>\n\n\n<p>Es muy importante tomar el sol con precauci\u00f3n tener en cuenta que muchos medicamentos producen reacciones de fotosensibilidad o foto alergia.<\/p>\n\n\n\n<p>Documentos de inter\u00e9s:&nbsp;<\/p>\n\n\n<div style=\"display:flex\" class=\"enlacearchivos\">\n    <img decoding=\"async\" src=\"https:\/\/saludextremadura.ses.es\/areasaluddonbenito\/wp-content\/themes\/temaAreaSalud\/img\/Vector (14).svg\" alt=\"\">\n    <a class=\"\" title=\"\" href=\"https:\/\/saludextremadura.ses.es\/areasaluddonbenito\/download\/1596\/?tmstv=1777671768\" rel=\"nofollow\">\n        Dec\u00e1logo de protecci\u00f3n solar    <\/a>\n    <div class=\"filetype-icon filetype-pdf \"><\/div>\n<\/div>\n\n<div style=\"display:flex\" class=\"enlacearchivos\">\n    <img decoding=\"async\" src=\"https:\/\/saludextremadura.ses.es\/areasaluddonbenito\/wp-content\/themes\/temaAreaSalud\/img\/Vector (14).svg\" alt=\"\">\n    <a class=\"\" title=\"\" href=\"https:\/\/saludextremadura.ses.es\/areasaluddonbenito\/download\/1599\/?tmstv=1777671768\" rel=\"nofollow\">\n        Medicamentos y sol    <\/a>\n    <div class=\"filetype-icon filetype-pdf \"><\/div>\n<\/div>\n\n<div style=\"display:flex\" class=\"enlacearchivos\">\n    <img decoding=\"async\" src=\"https:\/\/saludextremadura.ses.es\/areasaluddonbenito\/wp-content\/themes\/temaAreaSalud\/img\/Vector (14).svg\" alt=\"\">\n    <a class=\"\" title=\"\" href=\"https:\/\/saludextremadura.ses.es\/areasaluddonbenito\/download\/1602\/?tmstv=1777671768\" rel=\"nofollow\">\n        Verano 2019    <\/a>\n    <div class=\"filetype-icon filetype-pdf \"><\/div>\n<\/div>\n\n<div style=\"display:flex\" class=\"enlacearchivos\">\n    <img decoding=\"async\" src=\"https:\/\/saludextremadura.ses.es\/areasaluddonbenito\/wp-content\/themes\/temaAreaSalud\/img\/Vector (14).svg\" alt=\"\">\n    <a class=\"\" title=\"\" href=\"https:\/\/saludextremadura.ses.es\/areasaluddonbenito\/download\/1605\/?tmstv=1777671768\" rel=\"nofollow\">\n        Verano y salud    <\/a>\n    <div class=\"filetype-icon filetype-pdf \"><\/div>\n<\/div>","protected":false},"excerpt":{"rendered":"<p>Desde el a\u00f1o 2004, del 1 de junio al 30 de septiembre se activa el Plan Nacional de Actuaciones Preventivas por Altas Temperaturas. El objetivo de este Plan es reducir el impacto sobre la salud de la poblaci\u00f3n como consecuencia del exceso de temperatura. La exposici\u00f3n a temperaturas ambientales elevadas puede provocar una respuesta insuficiente [&hellip;]<\/p>\n","protected":false},"author":1,"featured_media":0,"parent":687,"menu_order":0,"comment_status":"closed","ping_status":"closed","template":"page-template\/page-no-slider.php","meta":{"_eb_attr":"","inline_featured_image":false},"_links":{"self":[{"href":"https:\/\/saludextremadura.ses.es\/areasaluddonbenito\/wp-json\/wp\/v2\/pages\/793"}],"collection":[{"href":"https:\/\/saludextremadura.ses.es\/areasaluddonbenito\/wp-json\/wp\/v2\/pages"}],"about":[{"href":"https:\/\/saludextremadura.ses.es\/areasaluddonbenito\/wp-json\/wp\/v2\/types\/page"}],"author":[{"embeddable":true,"href":"https:\/\/saludextremadura.ses.es\/areasaluddonbenito\/wp-json\/wp\/v2\/users\/1"}],"replies":[{"embeddable":true,"href":"https:\/\/saludextremadura.ses.es\/areasaluddonbenito\/wp-json\/wp\/v2\/comments?post=793"}],"version-history":[{"count":3,"href":"https:\/\/saludextremadura.ses.es\/areasaluddonbenito\/wp-json\/wp\/v2\/pages\/793\/revisions"}],"predecessor-version":[{"id":1612,"href":"https:\/\/saludextremadura.ses.es\/areasaluddonbenito\/wp-json\/wp\/v2\/pages\/793\/revisions\/1612"}],"up":[{"embeddable":true,"href":"https:\/\/saludextremadura.ses.es\/areasaluddonbenito\/wp-json\/wp\/v2\/pages\/687"}],"wp:attachment":[{"href":"https:\/\/saludextremadura.ses.es\/areasaluddonbenito\/wp-json\/wp\/v2\/media?parent=793"}],"curies":[{"name":"wp","href":"https:\/\/api.w.org\/{rel}","templated":true}]}}

<p>Desde el año 2004, del 1 de junio al 30 de septiembre se activa el Plan Nacional de Actuaciones Preventivas por Altas Temperaturas. El objetivo de este Plan es reducir el impacto sobre la salud de la población como consecuencia del exceso de temperatura.</p>



<p>La exposición a temperaturas ambientales elevadas puede provocar una respuesta insuficiente del sistema termorregulador humano. El calor excesivo puede alterar nuestras funciones vitales si el cuerpo humano no es capaz de compensar las variaciones de la temperatura corporal.</p>



<p>Una temperatura muy elevada produce pérdida de agua y electrolitos que son necesarios para el normal funcionamiento de los distintos órganos. En algunas personas con determinadas enfermedades crónicas, sometidas a ciertos tratamientos médicos y con discapacidades que limitan su autonomía, estos mecanismos de termorregulación pueden verse descompensados.</p>



<p>Desde un enfoque biológico, la exposición a temperaturas excesivas puede provocar problemas de salud como calambres, deshidratación, insolación, golpe de calor (con problemas multiorgánicos que pueden incluir síntomas tales como inestabilidad en la marcha, convulsiones e incluso coma).<br>El impacto de la exposición al calor excesivo está influido por el envejecimiento fisiológico y las enfermedades subyacentes.</p>



<p>Por ello desde la Dirección de Salud se ha elaborado un cuadro resumen de dicho plan con los objetivos, población de riesgo y páginas web relacionadas con los niveles de exceso de temperaturas, suscripción y acceso a la notificación de casos de golpe de calor.&nbsp; Dichos niveles son cuatro, en función de la catalogación del riesgo:</p>



<ul><li>Nivel 0: Ausencia de riesgo. Representado con color verde. Las temperaturas máximas y mínimas previstas rebasan simultáneamente los valores umbrales de referencia cero días. El índice es 0.</li></ul>



<ul><li>Nivel 1: Bajo Riesgo. Representado con color amarillo Las temperaturas máximas y mínimas previstas&nbsp; rebasan simultáneamente los valores umbrales de referencia uno o dos días. El índice es 1 o 2.</li></ul>



<ul><li>Nivel 2: Riesgo medio. Representado con color naranja. Las temperaturas máximas y mínimas previstas rebasan simultáneamente los valores umbrales de referencia&nbsp; tres o cuatro&nbsp; días. El índice es 3 y 4.</li></ul>



<ul><li>Nivel 3: Alto Riesgo. Representado con color rojo tres o cuatro. Las temperaturas máximas y mínimas previstas&nbsp; rebasan simultáneamente los valores umbrales de referencia cinco&nbsp; días. El índice es 5.</li></ul>


<div style="display:flex" class="enlacearchivos">
    <img decoding="async" src="https://saludextremadura.ses.es/areasaluddonbenito/wp-content/themes/temaAreaSalud/img/Vector (14).svg" alt="">
    <a class="" title="" href="https://saludextremadura.ses.es/areasaluddonbenito/download/1608/?tmstv=1777671768" rel="nofollow">
        Resumen del plan    </a>
    <div class="filetype-icon filetype-pdf "></div>
</div>


<p>Es muy importante tomar el sol con precaución tener en cuenta que muchos medicamentos producen reacciones de fotosensibilidad o foto alergia.</p>



<p>Documentos de interés:&nbsp;</p>


<div style="display:flex" class="enlacearchivos">
    <img decoding="async" src="https://saludextremadura.ses.es/areasaluddonbenito/wp-content/themes/temaAreaSalud/img/Vector (14).svg" alt="">
    <a class="" title="" href="https://saludextremadura.ses.es/areasaluddonbenito/download/1596/?tmstv=1777671768" rel="nofollow">
        Decálogo de protección solar    </a>
    <div class="filetype-icon filetype-pdf "></div>
</div>

<div style="display:flex" class="enlacearchivos">
    <img decoding="async" src="https://saludextremadura.ses.es/areasaluddonbenito/wp-content/themes/temaAreaSalud/img/Vector (14).svg" alt="">
    <a class="" title="" href="https://saludextremadura.ses.es/areasaluddonbenito/download/1599/?tmstv=1777671768" rel="nofollow">
        Medicamentos y sol    </a>
    <div class="filetype-icon filetype-pdf "></div>
</div>

<div style="display:flex" class="enlacearchivos">
    <img decoding="async" src="https://saludextremadura.ses.es/areasaluddonbenito/wp-content/themes/temaAreaSalud/img/Vector (14).svg" alt="">
    <a class="" title="" href="https://saludextremadura.ses.es/areasaluddonbenito/download/1602/?tmstv=1777671768" rel="nofollow">
        Verano 2019    </a>
    <div class="filetype-icon filetype-pdf "></div>
</div>

<div style="display:flex" class="enlacearchivos">
    <img decoding="async" src="https://saludextremadura.ses.es/areasaluddonbenito/wp-content/themes/temaAreaSalud/img/Vector (14).svg" alt="">
    <a class="" title="" href="https://saludextremadura.ses.es/areasaluddonbenito/download/1605/?tmstv=1777671768" rel="nofollow">
        Verano y salud    </a>
    <div class="filetype-icon filetype-pdf "></div>
</div>

<p>Desde el año 2004, del 1 de junio al 30 de septiembre se activa el Plan Nacional de Actuaciones Preventivas por Altas Temperaturas. El objetivo de este Plan es reducir el impacto sobre la salud de la población como consecuencia del exceso de temperatura. La exposición a temperaturas ambientales elevadas puede provocar una respuesta insuficiente [&hellip;]</p>
