{"id":785,"date":"2022-06-30T12:43:58","date_gmt":"2022-06-30T10:43:58","guid":{"rendered":"https:\/\/saludextremadura.ses.es\/areasaluddonbenito\/?page_id=785"},"modified":"2022-08-18T09:18:55","modified_gmt":"2022-08-18T07:18:55","slug":"zona-de-bano","status":"publish","type":"page","link":"https:\/\/saludextremadura.ses.es\/areasaluddonbenito\/saludpublica\/salud-medioambiental\/zona-de-bano\/","title":{"rendered":"Zona de ba\u00f1o"},"content":{"rendered":"\n<p>Se define como Aguas de ba\u00f1o cualquier elemento de aguas superficiales donde se prevea que puedan ba\u00f1arse un n\u00famero importante de personas o exista una actividad cercana relacionada directamente con el ba\u00f1o y en el que no exista una prohibici\u00f3n permanente de ba\u00f1o ni se haya formulado una recomendaci\u00f3n permanente de abstenerse del mismo y donde no exista peligro objetivo para el p\u00fablico<\/p>\n\n\n\n<p>Como consecuencia de vertidos de aguas residuales sin depurar con alto contenido en microorganismo pat\u00f3genos y otros contaminantes, que puedan afectar a zonas de alto valor ecol\u00f3gico o recreativo ocasionando graves problemas tanto medioambientales como sanitarios, se hace necesario realizar actuaciones precisas para el control sanitario de la calidad de las aguas y zonas de ba\u00f1o, a fin de minimizar cualquier riesgo que se derive del uso de dichas zonas.<\/p>\n\n\n\n<h2>Alta de\u00a0 una zona de ba\u00f1o:<\/h2>\n\n\n\n<p><strong>PROCEDIMIENTO<\/strong><\/p>\n\n\n\n<p>1.- Solicitud de INCLUSI\u00d3N a la Direcci\u00f3n de Salud del \u00c1rea antes del 31 de diciembre. :<\/p>\n\n\n<div style=\"display:flex\" class=\"enlacearchivos\">\n    <img decoding=\"async\" src=\"https:\/\/saludextremadura.ses.es\/areasaluddonbenito\/wp-content\/themes\/temaAreaSalud\/img\/Vector (14).svg\" alt=\"\">\n    <a class=\"\" title=\"\" href=\"https:\/\/saludextremadura.ses.es\/areasaluddonbenito\/download\/1532\/?tmstv=1777671705\" rel=\"nofollow\">\n        Documentaci\u00f3n alta    <\/a>\n    <div class=\"filetype-icon filetype-pdf \"><\/div>\n<\/div>\n\n\n<p>2.-Inspecci\u00f3n por parte del Farmac\u00e9utico e INFORME FAVORABLE<\/p>\n\n\n\n<p>3.- Remisi\u00f3n de documentaci\u00f3n e Informe de la Direcci\u00f3n de Salud a la DGSP<\/p>\n\n\n\n<p>4.- Remisi\u00f3n a la Cuenca Hidrogr\u00e1fica.<\/p>\n\n\n<div style=\"display:flex\" class=\"enlacearchivos\">\n    <img decoding=\"async\" src=\"https:\/\/saludextremadura.ses.es\/areasaluddonbenito\/wp-content\/themes\/temaAreaSalud\/img\/Vector (14).svg\" alt=\"\">\n    <a class=\"\" title=\"\" href=\"https:\/\/saludextremadura.ses.es\/areasaluddonbenito\/download\/1536\/?tmstv=1777671705\" rel=\"nofollow\">\n        Solicitud Confederaci\u00f3n    <\/a>\n    <div class=\"filetype-icon filetype-pdf \"><\/div>\n<\/div>\n\n\n<h2>Para dar de Baja una zona de ba\u00f1o<\/h2>\n\n\n\n<p><strong>PROCEDIMIENTO<\/strong><\/p>\n\n\n\n<p>1.- Solicitud de BAJA a la Direcci\u00f3n de Salud del \u00c1rea. : <\/p>\n\n\n<div style=\"display:flex\" class=\"enlacearchivos\">\n    <img decoding=\"async\" src=\"https:\/\/saludextremadura.ses.es\/areasaluddonbenito\/wp-content\/themes\/temaAreaSalud\/img\/Vector (14).svg\" alt=\"\">\n    <a class=\"\" title=\"\" href=\"https:\/\/saludextremadura.ses.es\/areasaluddonbenito\/download\/1540\/?tmstv=1777671705\" rel=\"nofollow\">\n        Documentaci\u00f3n BAJA    <\/a>\n    <div class=\"filetype-icon filetype-pdf \"><\/div>\n<\/div>\n\n\n<p>2.-Inspecci\u00f3n por parte del Farmac\u00e9utico e INFORME FAVORABLE<\/p>\n\n\n\n<p>3.- Remisi\u00f3n de documentaci\u00f3n e Informe de la Direcci\u00f3n de Salud a la DGSP<\/p>\n\n\n\n<p>4.- Baja en NAYADE<\/p>\n\n\n\n<h2>\u00bfD\u00f3nde puedo encontrar informaci\u00f3n sobre las zonas de ba\u00f1o autorizadas?<\/h2>\n\n\n\n<p><em>&nbsp;&nbsp;&nbsp;&nbsp;&nbsp; <\/em><em>Toda la informaci\u00f3n de las aguas de ba\u00f1o est\u00e1 disponible para el profesional o ciudadano en el portal NAYADE. Sistema de informaci\u00f3n de Aguas de Ba\u00f1o:&nbsp; <\/em><a href=\"https:\/\/nayadeciudadano.msssi.es\/\"><em>https:\/\/nayadeciudadano.msssi.es\/<\/em><\/a><em><\/em><\/p>\n\n\n\n<p><em>\u00a0En el \u00c1rea de Don Benito-Villanueva de la Serena hay 9 Zonas de ba\u00f1o: <\/em><\/p>\n\n\n<div style=\"display:flex\" class=\"enlacearchivos\">\n    <img decoding=\"async\" src=\"https:\/\/saludextremadura.ses.es\/areasaluddonbenito\/wp-content\/themes\/temaAreaSalud\/img\/Vector (14).svg\" alt=\"\">\n    <a class=\"\" title=\"\" href=\"https:\/\/saludextremadura.ses.es\/areasaluddonbenito\/download\/1529\/?tmstv=1777671705\" rel=\"nofollow\">\n        Censo de zonas de ba\u00f1o    <\/a>\n    <div class=\"filetype-icon filetype-pdf \"><\/div>\n<\/div>\n\n\n<h2>Legislaci\u00f3n:<\/h2>\n\n\n<div style=\"display:flex\" class=\"enlacearchivos\">\n    <img decoding=\"async\" src=\"https:\/\/saludextremadura.ses.es\/areasaluddonbenito\/wp-content\/themes\/temaAreaSalud\/img\/Vector (14).svg\" alt=\"\">\n    <a class=\"\" title=\"\" href=\"https:\/\/saludextremadura.ses.es\/areasaluddonbenito\/download\/1543\/?tmstv=1777671705\" rel=\"nofollow\">\n        Real Decreto 1341\/2007 de 11 de octubre, sobre gesti\u00f3n de la calidad de las aguas de ba\u00f1o.    <\/a>\n    <div class=\"filetype-icon filetype-pdf \"><\/div>\n<\/div>","protected":false},"excerpt":{"rendered":"<p>Se define como Aguas de ba\u00f1o cualquier elemento de aguas superficiales donde se prevea que puedan ba\u00f1arse un n\u00famero importante de personas o exista una actividad cercana relacionada directamente con el ba\u00f1o y en el que no exista una prohibici\u00f3n permanente de ba\u00f1o ni se haya formulado una recomendaci\u00f3n permanente de abstenerse del mismo y [&hellip;]<\/p>\n","protected":false},"author":1,"featured_media":0,"parent":687,"menu_order":0,"comment_status":"closed","ping_status":"closed","template":"page-template\/page-no-slider.php","meta":{"_eb_attr":"","inline_featured_image":false},"_links":{"self":[{"href":"https:\/\/saludextremadura.ses.es\/areasaluddonbenito\/wp-json\/wp\/v2\/pages\/785"}],"collection":[{"href":"https:\/\/saludextremadura.ses.es\/areasaluddonbenito\/wp-json\/wp\/v2\/pages"}],"about":[{"href":"https:\/\/saludextremadura.ses.es\/areasaluddonbenito\/wp-json\/wp\/v2\/types\/page"}],"author":[{"embeddable":true,"href":"https:\/\/saludextremadura.ses.es\/areasaluddonbenito\/wp-json\/wp\/v2\/users\/1"}],"replies":[{"embeddable":true,"href":"https:\/\/saludextremadura.ses.es\/areasaluddonbenito\/wp-json\/wp\/v2\/comments?post=785"}],"version-history":[{"count":4,"href":"https:\/\/saludextremadura.ses.es\/areasaluddonbenito\/wp-json\/wp\/v2\/pages\/785\/revisions"}],"predecessor-version":[{"id":1546,"href":"https:\/\/saludextremadura.ses.es\/areasaluddonbenito\/wp-json\/wp\/v2\/pages\/785\/revisions\/1546"}],"up":[{"embeddable":true,"href":"https:\/\/saludextremadura.ses.es\/areasaluddonbenito\/wp-json\/wp\/v2\/pages\/687"}],"wp:attachment":[{"href":"https:\/\/saludextremadura.ses.es\/areasaluddonbenito\/wp-json\/wp\/v2\/media?parent=785"}],"curies":[{"name":"wp","href":"https:\/\/api.w.org\/{rel}","templated":true}]}}

Zona de baño

<p>Se define como Aguas de baño cualquier elemento de aguas superficiales donde se prevea que puedan bañarse un número importante de personas o exista una actividad cercana relacionada directamente con el baño y en el que no exista una prohibición permanente de baño ni se haya formulado una recomendación permanente de abstenerse del mismo y donde no exista peligro objetivo para el público</p>



<p>Como consecuencia de vertidos de aguas residuales sin depurar con alto contenido en microorganismo patógenos y otros contaminantes, que puedan afectar a zonas de alto valor ecológico o recreativo ocasionando graves problemas tanto medioambientales como sanitarios, se hace necesario realizar actuaciones precisas para el control sanitario de la calidad de las aguas y zonas de baño, a fin de minimizar cualquier riesgo que se derive del uso de dichas zonas.</p>



<h2>Alta de  una zona de baño:</h2>



<p><strong>PROCEDIMIENTO</strong></p>



<p>1.- Solicitud de INCLUSIÓN a la Dirección de Salud del Área antes del 31 de diciembre. :</p>


<div style="display:flex" class="enlacearchivos">
    <img decoding="async" src="https://saludextremadura.ses.es/areasaluddonbenito/wp-content/themes/temaAreaSalud/img/Vector (14).svg" alt="">
    <a class="" title="" href="https://saludextremadura.ses.es/areasaluddonbenito/download/1532/?tmstv=1777671705" rel="nofollow">
        Documentación alta    </a>
    <div class="filetype-icon filetype-pdf "></div>
</div>


<p>2.-Inspección por parte del Farmacéutico e INFORME FAVORABLE</p>



<p>3.- Remisión de documentación e Informe de la Dirección de Salud a la DGSP</p>



<p>4.- Remisión a la Cuenca Hidrográfica.</p>


<div style="display:flex" class="enlacearchivos">
    <img decoding="async" src="https://saludextremadura.ses.es/areasaluddonbenito/wp-content/themes/temaAreaSalud/img/Vector (14).svg" alt="">
    <a class="" title="" href="https://saludextremadura.ses.es/areasaluddonbenito/download/1536/?tmstv=1777671705" rel="nofollow">
        Solicitud Confederación    </a>
    <div class="filetype-icon filetype-pdf "></div>
</div>


<h2>Para dar de Baja una zona de baño</h2>



<p><strong>PROCEDIMIENTO</strong></p>



<p>1.- Solicitud de BAJA a la Dirección de Salud del Área. : </p>


<div style="display:flex" class="enlacearchivos">
    <img decoding="async" src="https://saludextremadura.ses.es/areasaluddonbenito/wp-content/themes/temaAreaSalud/img/Vector (14).svg" alt="">
    <a class="" title="" href="https://saludextremadura.ses.es/areasaluddonbenito/download/1540/?tmstv=1777671705" rel="nofollow">
        Documentación BAJA    </a>
    <div class="filetype-icon filetype-pdf "></div>
</div>


<p>2.-Inspección por parte del Farmacéutico e INFORME FAVORABLE</p>



<p>3.- Remisión de documentación e Informe de la Dirección de Salud a la DGSP</p>



<p>4.- Baja en NAYADE</p>



<h2>¿Dónde puedo encontrar información sobre las zonas de baño autorizadas?</h2>



<p><em>&nbsp;&nbsp;&nbsp;&nbsp;&nbsp; </em><em>Toda la información de las aguas de baño está disponible para el profesional o ciudadano en el portal NAYADE. Sistema de información de Aguas de Baño:&nbsp; </em><a href="https://nayadeciudadano.msssi.es/"><em>https://nayadeciudadano.msssi.es/</em></a><em></em></p>



<p><em> En el Área de Don Benito-Villanueva de la Serena hay 9 Zonas de baño: </em></p>


<div style="display:flex" class="enlacearchivos">
    <img decoding="async" src="https://saludextremadura.ses.es/areasaluddonbenito/wp-content/themes/temaAreaSalud/img/Vector (14).svg" alt="">
    <a class="" title="" href="https://saludextremadura.ses.es/areasaluddonbenito/download/1529/?tmstv=1777671705" rel="nofollow">
        Censo de zonas de baño    </a>
    <div class="filetype-icon filetype-pdf "></div>
</div>


<h2>Legislación:</h2>


<div style="display:flex" class="enlacearchivos">
    <img decoding="async" src="https://saludextremadura.ses.es/areasaluddonbenito/wp-content/themes/temaAreaSalud/img/Vector (14).svg" alt="">
    <a class="" title="" href="https://saludextremadura.ses.es/areasaluddonbenito/download/1543/?tmstv=1777671705" rel="nofollow">
        Real Decreto 1341/2007 de 11 de octubre, sobre gestión de la calidad de las aguas de baño.    </a>
    <div class="filetype-icon filetype-pdf "></div>
</div>

<p>Se define como Aguas de baño cualquier elemento de aguas superficiales donde se prevea que puedan bañarse un número importante de personas o exista una actividad cercana relacionada directamente con el baño y en el que no exista una prohibición permanente de baño ni se haya formulado una recomendación permanente de abstenerse del mismo y [&hellip;]</p>
