{"id":703,"date":"2022-06-30T09:32:40","date_gmt":"2022-06-30T07:32:40","guid":{"rendered":"https:\/\/saludextremadura.ses.es\/areasaluddonbenito\/?page_id=703"},"modified":"2022-07-14T08:28:06","modified_gmt":"2022-07-14T06:28:06","slug":"prevencion-frente-al-tabaquismo","status":"publish","type":"page","link":"https:\/\/saludextremadura.ses.es\/areasaluddonbenito\/saludpublica\/prevencion-frente-al-tabaquismo\/","title":{"rendered":"Prevenci\u00f3n frente al tabaquismo"},"content":{"rendered":"<h2 class=\"wp-block-post-title\">Prevenci\u00f3n frente al tabaquismo<\/h2>\n\n\n<hr class=\"wp-block-separator has-alpha-channel-opacity linea-titulo\"\/>\n\n\n\n<p>Se estima, seg\u00fan los datos de la Organizaci\u00f3n Mundial de la Salud (OMS), que el consumo de tabaco es responsable del 90 por ciento de la mortalidad por c\u00e1ncer de pulm\u00f3n, del 95 por ciento de las muertes por enfermedad pulmonar obstructiva cr\u00f3nica, del 50 por ciento de la mortalidad cardiovascular y del 30 por ciento de las muertes que se producen por cualquier tipo de c\u00e1ncer. En Espa\u00f1a fallece cada a\u00f1o como consecuencia del consumo de tabaco un n\u00famero de personas que representa el 16 por ciento de todas las muertes ocurridas en la poblaci\u00f3n mayor de treinta y cinco a\u00f1os.<\/p>\n\n\n\n<p>Asimismo, hay evidencias cient\u00edficas de que <strong>el humo del tabaco en el ambiente (consumo pasivo o involuntario de tabaco) es causa de mortalidad<\/strong>, <strong>enfermedad y discapacidad<\/strong>. La Agencia Internacional de Investigaci\u00f3n del C\u00e1ncer de la OMS ha determinado que la <strong>exposici\u00f3n al aire contaminado con humo del tabaco<\/strong> es <strong>carcinog\u00e9nica en los seres humanos<\/strong><\/p>\n\n\n\n<p><strong>Y finalmente e<\/strong>l art\u00edculo 7 de la\u00a0<em><u>Ley 42\/2010 de 30 de diciembre por la cual se modifica la Ley 28\/2005 de 26 de diciembre, de medidas sanitarias frente al tabaquismo y reguladora de la venta, suministro, el consumo y la publicidad de los productos del tabaco<\/u><\/em>, establece <strong>la prohibici\u00f3n de<\/strong> <strong>fumar\u00a0 en todos los centros, servicios o establecimientos sanitarios, as\u00ed como en los espacios al aire libre o cubiertos, comprendidos en su recintos. <\/strong>Esto significa que no se permitir\u00e1 fumar ni en la puerta ni en el recinto exterior hospitalario (parking, zonas al aire libre, etc.), con lo que los fumadores deber\u00e1n salir fuera de las instalaciones para fumar. <strong>El art\u00edculo 19 de la citada Ley tipifica como infracci\u00f3n leve el fumar en los lugares donde exista prohibici\u00f3n de hacerlo.<\/strong><\/p>\n\n\n\n<p>Por otro lado desde el Servicio de la Guardia Civil se han recibido denuncias por encontrar a personas fumando en bares en restaurantes que han sido objeto de la incoaci\u00f3n de expedientes<\/p>\n","protected":false},"excerpt":{"rendered":"<p>Se estima, seg\u00fan los datos de la Organizaci\u00f3n Mundial de la Salud (OMS), que el consumo de tabaco es responsable del 90 por ciento de la mortalidad por c\u00e1ncer de pulm\u00f3n, del 95 por ciento de las muertes por enfermedad pulmonar obstructiva cr\u00f3nica, del 50 por ciento de la mortalidad cardiovascular y del 30 por [&hellip;]<\/p>\n","protected":false},"author":1,"featured_media":0,"parent":325,"menu_order":0,"comment_status":"closed","ping_status":"closed","template":"page-template\/page-no-slider.php","meta":{"_eb_attr":"","inline_featured_image":false},"_links":{"self":[{"href":"https:\/\/saludextremadura.ses.es\/areasaluddonbenito\/wp-json\/wp\/v2\/pages\/703"}],"collection":[{"href":"https:\/\/saludextremadura.ses.es\/areasaluddonbenito\/wp-json\/wp\/v2\/pages"}],"about":[{"href":"https:\/\/saludextremadura.ses.es\/areasaluddonbenito\/wp-json\/wp\/v2\/types\/page"}],"author":[{"embeddable":true,"href":"https:\/\/saludextremadura.ses.es\/areasaluddonbenito\/wp-json\/wp\/v2\/users\/1"}],"replies":[{"embeddable":true,"href":"https:\/\/saludextremadura.ses.es\/areasaluddonbenito\/wp-json\/wp\/v2\/comments?post=703"}],"version-history":[{"count":4,"href":"https:\/\/saludextremadura.ses.es\/areasaluddonbenito\/wp-json\/wp\/v2\/pages\/703\/revisions"}],"predecessor-version":[{"id":1016,"href":"https:\/\/saludextremadura.ses.es\/areasaluddonbenito\/wp-json\/wp\/v2\/pages\/703\/revisions\/1016"}],"up":[{"embeddable":true,"href":"https:\/\/saludextremadura.ses.es\/areasaluddonbenito\/wp-json\/wp\/v2\/pages\/325"}],"wp:attachment":[{"href":"https:\/\/saludextremadura.ses.es\/areasaluddonbenito\/wp-json\/wp\/v2\/media?parent=703"}],"curies":[{"name":"wp","href":"https:\/\/api.w.org\/{rel}","templated":true}]}}

Prevención frente al tabaquismo

<h2 class="wp-block-post-title">Prevención frente al tabaquismo</h2>


<hr class="wp-block-separator has-alpha-channel-opacity linea-titulo"/>



<p>Se estima, según los datos de la Organización Mundial de la Salud (OMS), que el consumo de tabaco es responsable del 90 por ciento de la mortalidad por cáncer de pulmón, del 95 por ciento de las muertes por enfermedad pulmonar obstructiva crónica, del 50 por ciento de la mortalidad cardiovascular y del 30 por ciento de las muertes que se producen por cualquier tipo de cáncer. En España fallece cada año como consecuencia del consumo de tabaco un número de personas que representa el 16 por ciento de todas las muertes ocurridas en la población mayor de treinta y cinco años.</p>



<p>Asimismo, hay evidencias científicas de que <strong>el humo del tabaco en el ambiente (consumo pasivo o involuntario de tabaco) es causa de mortalidad</strong>, <strong>enfermedad y discapacidad</strong>. La Agencia Internacional de Investigación del Cáncer de la OMS ha determinado que la <strong>exposición al aire contaminado con humo del tabaco</strong> es <strong>carcinogénica en los seres humanos</strong></p>



<p><strong>Y finalmente e</strong>l artículo 7 de la <em><u>Ley 42/2010 de 30 de diciembre por la cual se modifica la Ley 28/2005 de 26 de diciembre, de medidas sanitarias frente al tabaquismo y reguladora de la venta, suministro, el consumo y la publicidad de los productos del tabaco</u></em>, establece <strong>la prohibición de</strong> <strong>fumar  en todos los centros, servicios o establecimientos sanitarios, así como en los espacios al aire libre o cubiertos, comprendidos en su recintos. </strong>Esto significa que no se permitirá fumar ni en la puerta ni en el recinto exterior hospitalario (parking, zonas al aire libre, etc.), con lo que los fumadores deberán salir fuera de las instalaciones para fumar. <strong>El artículo 19 de la citada Ley tipifica como infracción leve el fumar en los lugares donde exista prohibición de hacerlo.</strong></p>



<p>Por otro lado desde el Servicio de la Guardia Civil se han recibido denuncias por encontrar a personas fumando en bares en restaurantes que han sido objeto de la incoación de expedientes</p>

<p>Se estima, según los datos de la Organización Mundial de la Salud (OMS), que el consumo de tabaco es responsable del 90 por ciento de la mortalidad por cáncer de pulmón, del 95 por ciento de las muertes por enfermedad pulmonar obstructiva crónica, del 50 por ciento de la mortalidad cardiovascular y del 30 por [&hellip;]</p>
