{"id":580,"date":"2022-06-29T11:37:24","date_gmt":"2022-06-29T09:37:24","guid":{"rendered":"https:\/\/saludextremadura.ses.es\/areasaluddonbenito\/?page_id=580"},"modified":"2022-12-13T19:08:51","modified_gmt":"2022-12-13T18:08:51","slug":"talarrubias","status":"publish","type":"page","link":"https:\/\/saludextremadura.ses.es\/areasaluddonbenito\/atencion-primaria\/talarrubias\/","title":{"rendered":"Talarrubias"},"content":{"rendered":"<nav class=\"is-content-justification-center is-layout-flex wp-container-2 is-responsive items-justified-center menu-atencion-primaria wp-block-navigation\" aria-label=\"Men\u00fa Atenci\u00f3n Primaria\"><button aria-haspopup=\"true\" aria-label=\"Abrir el men\u00fa\" class=\"wp-block-navigation__responsive-container-open \" data-micromodal-trigger=\"modal-1\"><svg width=\"24\" height=\"24\" xmlns=\"http:\/\/www.w3.org\/2000\/svg\" viewBox=\"0 0 24 24\" aria-hidden=\"true\" focusable=\"false\"><rect x=\"4\" y=\"7.5\" width=\"16\" height=\"1.5\" \/><rect x=\"4\" y=\"15\" width=\"16\" height=\"1.5\" \/><\/svg><\/button>\n\t\t\t<div class=\"wp-block-navigation__responsive-container  \" style=\"\" id=\"modal-1\">\n\t\t\t\t<div class=\"wp-block-navigation__responsive-close\" tabindex=\"-1\" data-micromodal-close>\n\t\t\t\t\t<div class=\"wp-block-navigation__responsive-dialog\" aria-label=\"Men\u00fa\">\n\t\t\t\t\t\t\t<button aria-label=\"Cerrar el men\u00fa\" data-micromodal-close class=\"wp-block-navigation__responsive-container-close\"><svg xmlns=\"http:\/\/www.w3.org\/2000\/svg\" viewBox=\"0 0 24 24\" width=\"24\" height=\"24\" aria-hidden=\"true\" focusable=\"false\"><path d=\"M13 11.8l6.1-6.3-1-1-6.1 6.2-6.1-6.2-1 1 6.1 6.3-6.5 6.7 1 1 6.5-6.6 6.5 6.6 1-1z\"><\/path><\/svg><\/button>\n\t\t\t\t\t\t<div class=\"wp-block-navigation__responsive-container-content\" id=\"modal-1-content\">\n\t\t\t\t\t\t\t<ul class=\"wp-block-navigation__container\"><li class=\" wp-block-navigation-item wp-block-navigation-link\"><a class=\"wp-block-navigation-item__content\"  href=\"https:\/\/saludextremadura.ses.es\/areasaluddonbenito\/cabeza-de-buey\/\"><span class=\"wp-block-navigation-item__label\">Cabeza de Buey<\/span><\/a><\/li><li class=\" wp-block-navigation-item wp-block-navigation-link\"><a class=\"wp-block-navigation-item__content\"  href=\"https:\/\/saludextremadura.ses.es\/areasaluddonbenito\/campanario\/\"><span class=\"wp-block-navigation-item__label\">Campanario<\/span><\/a><\/li><li class=\" wp-block-navigation-item wp-block-navigation-link\"><a class=\"wp-block-navigation-item__content\"  href=\"https:\/\/saludextremadura.ses.es\/areasaluddonbenito\/castuera\/\"><span class=\"wp-block-navigation-item__label\">Castuera<\/span><\/a><\/li><li class=\" wp-block-navigation-item wp-block-navigation-link\"><a class=\"wp-block-navigation-item__content\"  href=\"https:\/\/saludextremadura.ses.es\/areasaluddonbenito\/don-benito-este\/\"><span class=\"wp-block-navigation-item__label\">Don Benito Este<\/span><\/a><\/li><li class=\" wp-block-navigation-item wp-block-navigation-link\"><a class=\"wp-block-navigation-item__content\"  href=\"https:\/\/saludextremadura.ses.es\/areasaluddonbenito\/don-benito-oeste\/\"><span class=\"wp-block-navigation-item__label\">Don Benito Oeste<\/span><\/a><\/li><li class=\" wp-block-navigation-item wp-block-navigation-link\"><a class=\"wp-block-navigation-item__content\"  href=\"https:\/\/saludextremadura.ses.es\/areasaluddonbenito\/herrera-del-duque\/\"><span class=\"wp-block-navigation-item__label\">Herrera del Duque<\/span><\/a><\/li><li class=\" wp-block-navigation-item wp-block-navigation-link\"><a class=\"wp-block-navigation-item__content\"  href=\"https:\/\/saludextremadura.ses.es\/areasaluddonbenito\/navalvillar-de-pela\/\"><span class=\"wp-block-navigation-item__label\">Navalvillar de Pela<\/span><\/a><\/li><li class=\" wp-block-navigation-item wp-block-navigation-link\"><a class=\"wp-block-navigation-item__content\"  href=\"https:\/\/saludextremadura.ses.es\/areasaluddonbenito\/orellana\/\"><span class=\"wp-block-navigation-item__label\">Orellana<\/span><\/a><\/li><li class=\" wp-block-navigation-item wp-block-navigation-link\"><a class=\"wp-block-navigation-item__content\"  href=\"https:\/\/saludextremadura.ses.es\/areasaluddonbenito\/santa-amalia\/\"><span class=\"wp-block-navigation-item__label\">Santa Amalia<\/span><\/a><\/li><li class=\" wp-block-navigation-item wp-block-navigation-link\"><a class=\"wp-block-navigation-item__content\"  href=\"https:\/\/saludextremadura.ses.es\/areasaluddonbenito\/siruela\/\"><span class=\"wp-block-navigation-item__label\">Siruela<\/span><\/a><\/li><li class=\" wp-block-navigation-item wp-block-navigation-link\"><a class=\"wp-block-navigation-item__content\"  href=\"https:\/\/saludextremadura.ses.es\/areasaluddonbenito\/talarrubias\/\"><span class=\"wp-block-navigation-item__label\">Talarrubias<\/span><\/a><\/li><li class=\" wp-block-navigation-item wp-block-navigation-link\"><a class=\"wp-block-navigation-item__content\"  href=\"https:\/\/saludextremadura.ses.es\/areasaluddonbenito\/villanueva-norte\/\"><span class=\"wp-block-navigation-item__label\">Villanueva Norte<\/span><\/a><\/li><li class=\" wp-block-navigation-item wp-block-navigation-link\"><a class=\"wp-block-navigation-item__content\"  href=\"https:\/\/saludextremadura.ses.es\/areasaluddonbenito\/villanueva-sur\/\"><span class=\"wp-block-navigation-item__label\">Villanueva Sur<\/span><\/a><\/li><li class=\" wp-block-navigation-item wp-block-navigation-link\"><a class=\"wp-block-navigation-item__content\"  href=\"https:\/\/saludextremadura.ses.es\/areasaluddonbenito\/zalamea-de-la-serena\/\"><span class=\"wp-block-navigation-item__label\">Zalamea de la Serena<\/span><\/a><\/li><\/ul>\n\t\t\t\t\t\t<\/div>\n\t\t\t\t\t<\/div>\n\t\t\t\t<\/div>\n\t\t\t<\/div><\/nav>\n\n<h2 class=\"wp-block-post-title\">Talarrubias<\/h2>\n\n\n<hr class=\"wp-block-separator has-alpha-channel-opacity linea-atencion-primaria\"\/>\n\n\n\n<div class=\"is-layout-flex wp-container-6 wp-block-columns\">\n<div class=\"is-layout-flow wp-block-column\">\n<div class=\"is-layout-flow wp-block-group\"><div class=\"wp-block-group__inner-container\">\n<figure class=\"wp-block-table\"><table><tbody><tr><td><strong>Coordinador<\/strong><\/td><td>Teresa Garc\u00eda Sayago<\/td><\/tr><tr><td><strong>Resp. Enfermer\u00eda<\/strong><\/td><td>Juana G\u00f3mez Garc\u00eda<\/td><\/tr><tr><td><strong>Tel\u00e9fono Cita Previa<\/strong><\/td><td>924 63 02 71<\/td><\/tr><tr><td><strong>Tel\u00e9fono Urgencias<\/strong><\/td><td>924 63 10 94<\/td><\/tr><tr><td><strong>Direcci\u00f3n<\/strong><\/td><td>Avda. Constituci\u00f3n, 130<\/td><\/tr><tr><td><strong>Correo electr\u00f3nico<\/strong><\/td><td>talarrubias.admon@salud-juntaex.es<\/td><\/tr><\/tbody><\/table><\/figure>\n<\/div><\/div>\n<\/div>\n\n\n\n<div class=\"is-layout-flow wp-block-column\"><div class=\"wp-block-image\">\n<figure class=\"aligncenter size-full is-resized\"><img decoding=\"async\" loading=\"lazy\" src=\"https:\/\/saludextremadura.ses.es\/areasaluddonbenito\/wp-content\/uploads\/2022\/07\/image009.png\" alt=\"\" class=\"wp-image-1295\" width=\"500\" height=\"375\"\/><\/figure><\/div><\/div>\n<\/div>\n\n\n\n<div class=\"is-layout-flex wp-container-8 wp-block-columns\">\n<div class=\"is-layout-flow wp-block-column\">\n<figure class=\"wp-block-table tabla-azul\"><table class=\"has-fixed-layout\"><thead><tr><th>CONSULTORIOS<\/th><th>TF. CITA PREVIA<\/th><th>TF. URGENCIAS<\/th><\/tr><\/thead><tbody><tr><td><strong>C. SALUD TALARRUBIAS<\/strong><\/td><td>924 630 271<\/td><td>924 630 271<\/td><\/tr><tr><td><strong>Consultorio Esparragosa de Lares<\/strong><\/td><td>924 633 512<\/td><td>924 630 271<\/td><\/tr><tr><td><strong>Consultorio Puebla de Alcocer<\/strong><\/td><td>924 280 450<\/td><td>924 630 271<\/td><\/tr><\/tbody><\/table><\/figure>\n<\/div>\n<\/div>\n\n\n\n<p><br><\/p>\n\n\n<div >\n                    <div class=\" plethoraplugins-accordion plethoraplugins-theme__minimal \"   >\n                        <div>\n                            \n<div id=\"mdicos\" class=\"pds-accordion__item pds-js-accordion-item pds-no-js\" data-initially-open=\"false\" data-click-to-close=\"true\" data-auto-close=\"true\" data-scroll=\"false\" data-scroll-offset=\"0\">\n                    <h3 id=\"at-mdicos\" class=\"pds-accordion__title pds-js-accordion-controller\" role=\"button\">M\u00e9dicos<span class=\"pds-accordion__icon\" role=\"presentation\" aria-hidden=\"true\"><svg xmlns=\"http:\/\/www.w3.org\/2000\/svg\" viewBox=\"0 0 12 7.4099998\" width=\".75rem\" height=\".75rem\"><path d=\"M12 1.41 10.59 0 6 4.58 1.41 0 0 1.41l6 6z\" fill=\"currentColor\"\/><\/svg><\/span><\/h3>\n                    <div id=\"ac-mdicos\" class=\"pds-accordion__content\">\n                        \n\n<p><\/p>\n\n\n\n<figure class=\"wp-block-table is-style-stripes\"><table class=\"has-fixed-layout\"><thead><tr><th>M\u00c9DICOS<\/th><th>ATS-DUE<\/th><th>LOCALIDAD<\/th><th>POBLACI\u00d3N<\/th><\/tr><\/thead><tbody><tr><td>Mar\u00eda Garc\u00eda Borrasca<\/td><td>Guadalupe P\u00e9rez Delgado<\/td><td>Esparragosa de Lares<\/td><td><strong>731<\/strong><\/td><\/tr><tr><td>Manuel Moreno Torres<\/td><td>Victoria Mart\u00ednez Mart\u00ednez<\/td><td>Puebla de Alcocer<\/td><td><strong>989<\/strong><\/td><\/tr><tr><td>M\u00aa Paz Rey Mu\u00f1oz<\/td><td>Juana G\u00f3mez Garc\u00eda<\/td><td>Talarrubias<\/td><td><strong>699<\/strong><\/td><\/tr><tr><td>Vacante<\/td><td>Noelia Recio Naharro<\/td><td>Talarrubias<\/td><td><strong>1318<\/strong><\/td><\/tr><tr><td>Mar\u00eda Luisa Aguilar Zazo<\/td><td>M\u00aa Jos\u00e9 Flores Acevedo<\/td><td>Talarrubias<\/td><td><strong>949<\/strong><\/td><\/tr><tr><td>M\u00aa Teresa Garc\u00eda Sayago (pediatra)<\/td><td>&nbsp;<\/td><td>Talarrubias<\/td><td><strong>637<\/strong><\/td><\/tr><\/tbody><\/table><\/figure>\n\n\n\n<p><br><\/p>\n\n\n\n<div class=\"is-layout-flex wp-container-11 wp-block-columns\">\n<div class=\"is-layout-flow wp-block-column\">\n<h2 class=\"has-black-color has-text-color has-medium-font-size\"><strong>M\u00c9DICOS DE ATENCI\u00d3N CONTINUADA<\/strong><\/h2>\n\n\n\n<p>Juan Jes\u00fas Tena Mart\u00edn <br>Gabriel Jos\u00e9 Tinoco Yepes<\/p>\n<\/div>\n\n\n\n<div class=\"is-layout-flow wp-block-column\">\n<h2 class=\"has-black-color has-text-color has-medium-font-size\"><strong>ENFERMEROS DE ATENCI\u00d3N CONTINUADA<\/strong><\/h2>\n\n\n\n<p>Mercedes Leal Lamas <br>Fernando Villar Baltasar<\/p>\n<\/div>\n<\/div>\n\n\n\n<p><\/p>\n\n\n                    <\/div>\n                <\/div>\n\n<div id=\"otros_servicios\" class=\"pds-accordion__item pds-js-accordion-item pds-no-js\" data-initially-open=\"false\" data-click-to-close=\"true\" data-auto-close=\"true\" data-scroll=\"false\" data-scroll-offset=\"0\">\n                    <h3 id=\"at-otros_servicios\" class=\"pds-accordion__title pds-js-accordion-controller\" role=\"button\">Otros Servicios<span class=\"pds-accordion__icon\" role=\"presentation\" aria-hidden=\"true\"><svg xmlns=\"http:\/\/www.w3.org\/2000\/svg\" viewBox=\"0 0 12 7.4099998\" width=\".75rem\" height=\".75rem\"><path d=\"M12 1.41 10.59 0 6 4.58 1.41 0 0 1.41l6 6z\" fill=\"currentColor\"\/><\/svg><\/span><\/h3>\n                    <div id=\"ac-otros_servicios\" class=\"pds-accordion__content\">\n                        \n\n<figure class=\"wp-block-table is-style-stripes\"><table class=\"has-fixed-layout\"><thead><tr><th>SERVICIOS<\/th><th>RESPONSABLE<\/th><th>OBSERVACIONES<\/th><\/tr><\/thead><tbody><tr><td><strong>VETERINARIO<\/strong><\/td><td>Fco. Manuel Cano Masa<\/td><td>&nbsp;<\/td><\/tr><tr><td><strong>FARMAC\u00c9UTICA<\/strong><\/td><td>Manuela Pardo Amaya<\/td><td>&nbsp;<\/td><\/tr><tr><td><strong>TRABAJADOR SOCIAL<\/strong><\/td><td>Agust\u00edn Muriel L\u00f3pez&nbsp;&nbsp;&nbsp;<\/td><td>Martes, jueves y viernes<\/td><\/tr><tr><td><strong>ODONT\u00d3LOGO<\/strong><\/td><td>Juan Carlos Blanco Tejada<\/td><td>Martes y viernes<\/td><\/tr><tr><td><strong>HIGIENISTA DENTAL<\/strong><\/td><td>Ana I. Ort\u00edz Cidoncha<\/td><td>Mi\u00e9rcoles por la ma\u00f1ana<\/td><\/tr><tr><td><strong>FISIOTERAPEUTA<\/strong><\/td><td>M\u00aa \u00c1ngeles Garc\u00eda Ruiz<\/td><td>Lunes, mi\u00e9rcoles y viernes<\/td><\/tr><tr><td><strong>MATRONA<\/strong><\/td><td>Teresa Mesonero Garc\u00eda \u2013 Martes Consultorio Puebla de Alcocer<\/td><td>&nbsp;<\/td><\/tr><tr><td><strong>AUX. ADMINISTRATIVO<\/strong><\/td><td>M\u00aa Felisa Pe\u00f1as Serrano y M\u00aa Isabel Prieto Ben\u00edtez<\/td><td>&nbsp;<\/td><\/tr><tr><td><strong>AUX. ENFERMER\u00cdA<\/strong><\/td><td>Guadalupe Mansilla Milara (Fisiot.) y M\u00aa Luisa Mendoza Marcos (C. Salud)<\/td><td>&nbsp;<\/td><\/tr><tr><td><strong>CELADOR<\/strong><\/td><td>Estefan\u00eda Tena Ben\u00edtez e Isidoro Tocados Fern\u00e1ndez<\/td><td>&nbsp;<\/td><\/tr><tr><td><strong>CONSULTORIOS<\/strong><\/td><td>Esparragosa de Lares <br>Puebla de Alcocer<\/td><td>924 63 35 12 <br>924 28 04 50<\/td><\/tr><tr><td><strong>AYUNTAMIENTO<\/strong><\/td><td>Plaza de Espa\u00f1a, 1<\/td><td>924 63 01 00<\/td><\/tr><tr><td><strong>COPF<\/strong><\/td><td><strong>UBICADO EN EL CENTRO DE SALUD&nbsp; 924 63 04 26<\/strong>&nbsp; <br><strong>M\u00e9dico:<\/strong> M\u00aa Cruz Jim\u00e9nez P\u00e9rez <br><strong>ATS:<\/strong> M\u00aa del Mar Gonz\u00e1lez Echevarr\u00eda <br><strong>Trab. Social:<\/strong> Agust\u00edn Muriel L\u00f3pez <br><strong>Aux. Adtivo:<\/strong> Petra L\u00f3pez Cerrato<\/td><td><\/td><\/tr><\/tbody><\/table><\/figure>\n\n\n\n<p><\/p>\n\n\n                    <\/div>\n                <\/div>\n\n<div id=\"responsables_de_reas_especficas\" class=\"pds-accordion__item pds-js-accordion-item pds-no-js\" data-initially-open=\"false\" data-click-to-close=\"true\" data-auto-close=\"true\" data-scroll=\"false\" data-scroll-offset=\"0\">\n                    <h3 id=\"at-responsables_de_reas_especficas\" class=\"pds-accordion__title pds-js-accordion-controller\" role=\"button\">Responsables de \u00c1reas espec\u00edficas<span class=\"pds-accordion__icon\" role=\"presentation\" aria-hidden=\"true\"><svg xmlns=\"http:\/\/www.w3.org\/2000\/svg\" viewBox=\"0 0 12 7.4099998\" width=\".75rem\" height=\".75rem\"><path d=\"M12 1.41 10.59 0 6 4.58 1.41 0 0 1.41l6 6z\" fill=\"currentColor\"\/><\/svg><\/span><\/h3>\n                    <div id=\"ac-responsables_de_reas_especficas\" class=\"pds-accordion__content\">\n                        \n\n<figure class=\"wp-block-table is-style-stripes\"><table class=\"has-fixed-layout\"><thead><tr><th><\/th><th><\/th><\/tr><\/thead><tbody><tr><td><strong>Formaci\u00f3n<\/strong><\/td><td>M\u00aa Paz Rey Mu\u00f1oz<\/td><\/tr><tr><td><strong>Salud Mental<\/strong><\/td><td>Mar\u00eda Paz Ruiz Mu\u00f1oz<\/td><\/tr><tr><td><strong>Digestivo<\/strong><\/td><td>&#8212;<\/td><\/tr><tr><td><strong>Gesti\u00f3n de residuos<\/strong><\/td><td>Guadalupe Mansilla Milara<\/td><\/tr><tr><td><strong>Incapacidad Temporal<\/strong><\/td><td>Vacante<\/td><\/tr><tr><td><strong>Formador en I.T.<\/strong><\/td><td>Vacante<\/td><\/tr><tr><td><strong>Jara<\/strong><\/td><td>&#8212;<\/td><\/tr><tr><td><strong>Cartera de Servicios<\/strong><\/td><td>&#8212;<\/td><\/tr><tr><td><strong>Atenci\u00f3n Continuada<\/strong><\/td><td>Manuel Moreno Torres y Noelia Recio Naharro<\/td><\/tr><tr><td><strong>Biblioteca<\/strong><\/td><td>M\u00aa Isabel Prieto Ben\u00edtez<\/td><\/tr><tr><td><strong>Botiqu\u00edn<\/strong><\/td><td>Manuela Pardo Amaya<\/td><\/tr><tr><td><strong>Calidad<\/strong><\/td><td>M\u00aa Jos\u00e9 Flores Acevedo<\/td><\/tr><tr><td><strong>Cirug\u00eda Menor<\/strong><\/td><td>Vacante<\/td><\/tr><tr><td><strong>Educaci\u00f3n para la Salud<\/strong><\/td><td>Manuel Moreno Torres y Manuela Pardo Amaya<\/td><\/tr><tr><td><strong>Salud Escolar<\/strong><\/td><td>M\u00aa Teresa Garc\u00eda Sayazo<\/td><\/tr><tr><td><strong>Salud P\u00fablica<\/strong><\/td><td>Fco. Manuel Cano Masa<\/td><\/tr><tr><td><strong>Comunicaci\u00f3n Interna<\/strong><\/td><td>M\u00aa Felisa Pe\u00f1as Serrano<\/td><\/tr><tr><td><strong>Ecograf\u00edas<\/strong><\/td><td>Manuel Moreno Torres<\/td><\/tr><tr><td><strong>Vacunas<\/strong><\/td><td>Manuela Pardo Amaya<\/td><\/tr><tr><td><strong>Almac\u00e9n<\/strong><\/td><td>Guadalupe Mansilla Milara<\/td><\/tr><tr><td><strong>Salud laboral<\/strong><\/td><td>Agust\u00edn Muriel L\u00f3pez<\/td><\/tr><tr><td><strong>TAO<\/strong><\/td><td>Juana G\u00f3mez Garc\u00eda<\/td><\/tr><tr><td><strong>PIDEX<\/strong><\/td><td>Cristina Guti\u00e9rrez Sans\u00f3n<\/td><\/tr><\/tbody><\/table><\/figure>\n\n\n\n<p><\/p>\n\n\n                    <\/div>\n                <\/div>\n\n                        <\/div>\n                    <\/div>\n            <\/div>","protected":false},"excerpt":{"rendered":"<p>Coordinador Teresa Garc\u00eda Sayago Resp. Enfermer\u00eda Juana G\u00f3mez Garc\u00eda Tel\u00e9fono Cita Previa 924 63 02 71 Tel\u00e9fono Urgencias 924 63 10 94 Direcci\u00f3n Avda. Constituci\u00f3n, 130 Correo electr\u00f3nico talarrubias.admon@salud-juntaex.es CONSULTORIOS TF. CITA PREVIA TF. URGENCIAS C. SALUD TALARRUBIAS 924 630 271 924 630 271 Consultorio Esparragosa de Lares 924 633 512 924 630 271 Consultorio [&hellip;]<\/p>\n","protected":false},"author":1,"featured_media":0,"parent":16,"menu_order":0,"comment_status":"closed","ping_status":"closed","template":"page-template\/page-no-slider.php","meta":{"_eb_attr":"","inline_featured_image":false},"_links":{"self":[{"href":"https:\/\/saludextremadura.ses.es\/areasaluddonbenito\/wp-json\/wp\/v2\/pages\/580"}],"collection":[{"href":"https:\/\/saludextremadura.ses.es\/areasaluddonbenito\/wp-json\/wp\/v2\/pages"}],"about":[{"href":"https:\/\/saludextremadura.ses.es\/areasaluddonbenito\/wp-json\/wp\/v2\/types\/page"}],"author":[{"embeddable":true,"href":"https:\/\/saludextremadura.ses.es\/areasaluddonbenito\/wp-json\/wp\/v2\/users\/1"}],"replies":[{"embeddable":true,"href":"https:\/\/saludextremadura.ses.es\/areasaluddonbenito\/wp-json\/wp\/v2\/comments?post=580"}],"version-history":[{"count":20,"href":"https:\/\/saludextremadura.ses.es\/areasaluddonbenito\/wp-json\/wp\/v2\/pages\/580\/revisions"}],"predecessor-version":[{"id":2981,"href":"https:\/\/saludextremadura.ses.es\/areasaluddonbenito\/wp-json\/wp\/v2\/pages\/580\/revisions\/2981"}],"up":[{"embeddable":true,"href":"https:\/\/saludextremadura.ses.es\/areasaluddonbenito\/wp-json\/wp\/v2\/pages\/16"}],"wp:attachment":[{"href":"https:\/\/saludextremadura.ses.es\/areasaluddonbenito\/wp-json\/wp\/v2\/media?parent=580"}],"curies":[{"name":"wp","href":"https:\/\/api.w.org\/{rel}","templated":true}]}}