{"id":566,"date":"2022-06-29T11:14:33","date_gmt":"2022-06-29T09:14:33","guid":{"rendered":"https:\/\/saludextremadura.ses.es\/areasaluddonbenito\/?page_id=566"},"modified":"2025-08-26T10:03:05","modified_gmt":"2025-08-26T08:03:05","slug":"navalvillar-de-pela","status":"publish","type":"page","link":"https:\/\/saludextremadura.ses.es\/areasaluddonbenito\/atencion-primaria\/navalvillar-de-pela\/","title":{"rendered":"Navalvillar de Pela"},"content":{"rendered":"<nav class=\"is-content-justification-center is-layout-flex wp-container-2 is-responsive items-justified-center menu-atencion-primaria wp-block-navigation\" aria-label=\"Men\u00fa Atenci\u00f3n Primaria\"><button aria-haspopup=\"true\" aria-label=\"Abrir el men\u00fa\" class=\"wp-block-navigation__responsive-container-open \" data-micromodal-trigger=\"modal-1\"><svg width=\"24\" height=\"24\" xmlns=\"http:\/\/www.w3.org\/2000\/svg\" viewBox=\"0 0 24 24\" aria-hidden=\"true\" focusable=\"false\"><rect x=\"4\" y=\"7.5\" width=\"16\" height=\"1.5\" \/><rect x=\"4\" y=\"15\" width=\"16\" height=\"1.5\" \/><\/svg><\/button>\n\t\t\t<div class=\"wp-block-navigation__responsive-container  \" style=\"\" id=\"modal-1\">\n\t\t\t\t<div class=\"wp-block-navigation__responsive-close\" tabindex=\"-1\" data-micromodal-close>\n\t\t\t\t\t<div class=\"wp-block-navigation__responsive-dialog\" aria-label=\"Men\u00fa\">\n\t\t\t\t\t\t\t<button aria-label=\"Cerrar el men\u00fa\" data-micromodal-close class=\"wp-block-navigation__responsive-container-close\"><svg xmlns=\"http:\/\/www.w3.org\/2000\/svg\" viewBox=\"0 0 24 24\" width=\"24\" height=\"24\" aria-hidden=\"true\" focusable=\"false\"><path d=\"M13 11.8l6.1-6.3-1-1-6.1 6.2-6.1-6.2-1 1 6.1 6.3-6.5 6.7 1 1 6.5-6.6 6.5 6.6 1-1z\"><\/path><\/svg><\/button>\n\t\t\t\t\t\t<div class=\"wp-block-navigation__responsive-container-content\" id=\"modal-1-content\">\n\t\t\t\t\t\t\t<ul class=\"wp-block-navigation__container\"><li class=\" wp-block-navigation-item wp-block-navigation-link\"><a class=\"wp-block-navigation-item__content\"  href=\"https:\/\/saludextremadura.ses.es\/areasaluddonbenito\/cabeza-de-buey\/\"><span class=\"wp-block-navigation-item__label\">Cabeza de Buey<\/span><\/a><\/li><li class=\" wp-block-navigation-item wp-block-navigation-link\"><a class=\"wp-block-navigation-item__content\"  href=\"https:\/\/saludextremadura.ses.es\/areasaluddonbenito\/campanario\/\"><span class=\"wp-block-navigation-item__label\">Campanario<\/span><\/a><\/li><li class=\" wp-block-navigation-item wp-block-navigation-link\"><a class=\"wp-block-navigation-item__content\"  href=\"https:\/\/saludextremadura.ses.es\/areasaluddonbenito\/castuera\/\"><span class=\"wp-block-navigation-item__label\">Castuera<\/span><\/a><\/li><li class=\" wp-block-navigation-item wp-block-navigation-link\"><a class=\"wp-block-navigation-item__content\"  href=\"https:\/\/saludextremadura.ses.es\/areasaluddonbenito\/don-benito-este\/\"><span class=\"wp-block-navigation-item__label\">Don Benito Este<\/span><\/a><\/li><li class=\" wp-block-navigation-item wp-block-navigation-link\"><a class=\"wp-block-navigation-item__content\"  href=\"https:\/\/saludextremadura.ses.es\/areasaluddonbenito\/don-benito-oeste\/\"><span class=\"wp-block-navigation-item__label\">Don Benito Oeste<\/span><\/a><\/li><li class=\" wp-block-navigation-item wp-block-navigation-link\"><a class=\"wp-block-navigation-item__content\"  href=\"https:\/\/saludextremadura.ses.es\/areasaluddonbenito\/herrera-del-duque\/\"><span class=\"wp-block-navigation-item__label\">Herrera del Duque<\/span><\/a><\/li><li class=\" wp-block-navigation-item wp-block-navigation-link\"><a class=\"wp-block-navigation-item__content\"  href=\"https:\/\/saludextremadura.ses.es\/areasaluddonbenito\/navalvillar-de-pela\/\"><span class=\"wp-block-navigation-item__label\">Navalvillar de Pela<\/span><\/a><\/li><li class=\" wp-block-navigation-item wp-block-navigation-link\"><a class=\"wp-block-navigation-item__content\"  href=\"https:\/\/saludextremadura.ses.es\/areasaluddonbenito\/orellana\/\"><span class=\"wp-block-navigation-item__label\">Orellana<\/span><\/a><\/li><li class=\" wp-block-navigation-item wp-block-navigation-link\"><a class=\"wp-block-navigation-item__content\"  href=\"https:\/\/saludextremadura.ses.es\/areasaluddonbenito\/santa-amalia\/\"><span class=\"wp-block-navigation-item__label\">Santa Amalia<\/span><\/a><\/li><li class=\" wp-block-navigation-item wp-block-navigation-link\"><a class=\"wp-block-navigation-item__content\"  href=\"https:\/\/saludextremadura.ses.es\/areasaluddonbenito\/siruela\/\"><span class=\"wp-block-navigation-item__label\">Siruela<\/span><\/a><\/li><li class=\" wp-block-navigation-item wp-block-navigation-link\"><a class=\"wp-block-navigation-item__content\"  href=\"https:\/\/saludextremadura.ses.es\/areasaluddonbenito\/talarrubias\/\"><span class=\"wp-block-navigation-item__label\">Talarrubias<\/span><\/a><\/li><li class=\" wp-block-navigation-item wp-block-navigation-link\"><a class=\"wp-block-navigation-item__content\"  href=\"https:\/\/saludextremadura.ses.es\/areasaluddonbenito\/villanueva-norte\/\"><span class=\"wp-block-navigation-item__label\">Villanueva Norte<\/span><\/a><\/li><li class=\" wp-block-navigation-item wp-block-navigation-link\"><a class=\"wp-block-navigation-item__content\"  href=\"https:\/\/saludextremadura.ses.es\/areasaluddonbenito\/villanueva-sur\/\"><span class=\"wp-block-navigation-item__label\">Villanueva Sur<\/span><\/a><\/li><li class=\" wp-block-navigation-item wp-block-navigation-link\"><a class=\"wp-block-navigation-item__content\"  href=\"https:\/\/saludextremadura.ses.es\/areasaluddonbenito\/zalamea-de-la-serena\/\"><span class=\"wp-block-navigation-item__label\">Zalamea de la Serena<\/span><\/a><\/li><\/ul>\n\t\t\t\t\t\t<\/div>\n\t\t\t\t\t<\/div>\n\t\t\t\t<\/div>\n\t\t\t<\/div><\/nav>\n\n<h2 class=\"wp-block-post-title\">Navalvillar de Pela<\/h2>\n\n\n<hr class=\"wp-block-separator has-alpha-channel-opacity linea-atencion-primaria\" \/>\n\n\n\n<div class=\"is-layout-flex wp-container-6 wp-block-columns\">\n<div class=\"is-layout-flow wp-block-column\">\n<div class=\"is-layout-flow wp-block-group\"><div class=\"wp-block-group__inner-container\">\n<figure class=\"wp-block-table\"><table><tbody><tr><td><strong>Coordinador<\/strong><\/td><td>Antonia Calder\u00f3n Garc\u00eda<\/td><\/tr><tr><td><strong>Resp. Enfermer\u00eda<\/strong><\/td><td>Francisca Rayego Fern\u00e1ndez<\/td><\/tr><tr><td><strong>Tel\u00e9fono Cita Previa<\/strong><\/td><td>924 86 05 36<\/td><\/tr><tr><td><strong>Tel\u00e9fono Urgencias<\/strong><\/td><td>924 86 06 25<\/td><\/tr><tr><td><strong>Direcci\u00f3n<\/strong><\/td><td>C\/ Ram\u00f3n y Cajal, s\/n\u00ba<\/td><\/tr><tr><td><strong>Correo electr\u00f3nico<\/strong><\/td><td>navalvillardepela.admon@salud-juntaex.es<\/td><\/tr><\/tbody><\/table><\/figure>\n<\/div><\/div>\n<\/div>\n\n\n\n<div class=\"is-layout-flow wp-block-column\"><div class=\"wp-block-image\">\n<figure class=\"aligncenter size-full is-resized\"><img decoding=\"async\" loading=\"lazy\" src=\"https:\/\/saludextremadura.ses.es\/areasaluddonbenito\/wp-content\/uploads\/2022\/07\/image003-3.png\" alt=\"\" class=\"wp-image-1227\" width=\"327\" height=\"320\" \/><\/figure><\/div><\/div>\n<\/div>\n\n\n\n<div class=\"is-layout-flex wp-container-8 wp-block-columns\">\n<div class=\"is-layout-flow wp-block-column\">\n<figure class=\"wp-block-table tabla-azul\"><table class=\"has-fixed-layout\"><thead><tr><th>CONSULTORIO<\/th><th>TF. CITA PREVIA<\/th><th>TF. URGENCIAS<\/th><\/tr><\/thead><tbody><tr><td><strong>C. SALUD NAVALVILLAR DE PELA<\/strong><\/td><td>924 860 536<\/td><td>924 860 625<\/td><\/tr><tr><td><strong>Consultorio Casas de Don Pedro<\/strong><\/td><td>924 864 474<\/td><td>&nbsp;924 864 474<\/td><\/tr><tr><td><strong>Consultorio Obando<\/strong><\/td><td>924 860 136<\/td><td>924 860 136<\/td><\/tr><tr><td><strong>Consultorio Vegas Altas<\/strong><\/td><td>924 825 556<\/td><td>924 825 556<\/td><\/tr><\/tbody><\/table><\/figure>\n<\/div>\n<\/div>\n\n\n<div >\n                    <div class=\" plethoraplugins-accordion plethoraplugins-theme__minimal \"   >\n                        <div>\n                            \n<div id=\"mdicos\" class=\"pds-accordion__item pds-js-accordion-item pds-no-js\" data-initially-open=\"false\" data-click-to-close=\"true\" data-auto-close=\"true\" data-scroll=\"false\" data-scroll-offset=\"0\">\n                    <h3 id=\"at-mdicos\" class=\"pds-accordion__title pds-js-accordion-controller\" role=\"button\">M\u00e9dicos<span class=\"pds-accordion__icon\" role=\"presentation\" aria-hidden=\"true\"><svg xmlns=\"http:\/\/www.w3.org\/2000\/svg\" viewBox=\"0 0 12 7.4099998\" width=\".75rem\" height=\".75rem\"><path d=\"M12 1.41 10.59 0 6 4.58 1.41 0 0 1.41l6 6z\" fill=\"currentColor\"\/><\/svg><\/span><\/h3>\n                    <div id=\"ac-mdicos\" class=\"pds-accordion__content\">\n                        \n\n<p><\/p>\n\n\n\n<figure class=\"wp-block-table is-style-stripes\"><table class=\"has-fixed-layout\"><thead><tr><th>M\u00c9DICOS<\/th><th>ATS-DUE<\/th><th>LOCALIDAD<\/th><th>POBLACI\u00d3N<\/th><\/tr><\/thead><tbody><tr><td>Vielka Edith S\u00e1nchez Fern\u00e1ndez<\/td><td>Francisca Rayego Fern\u00e1ndez<\/td><td>N. Pela<\/td><td><strong>1370<\/strong><\/td><\/tr><tr><td>Fco. Javier Mendoza Mendoza<\/td><td>Antonia Calder\u00f3n Garc\u00eda<\/td><td>N. Pela<\/td><td><strong>1049<\/strong><\/td><\/tr><tr><td>Jos\u00e9 Manuel Paco Arenas<\/td><td>Mercedes G\u00f3mez Moraga<\/td><td>Obando-Vegas Altas<\/td><td><strong>488<\/strong><\/td><\/tr><tr><td>Manuel Jos\u00e9 D\u00edez Garc\u00eda<\/td><td>Eva M\u00aa Ramos Pablos<\/td><td>N. Pela<\/td><td><strong>911<\/strong><\/td><\/tr><tr><td>Diana Carolina Pulido Castillo<\/td><td>Inmaculada Vicente G\u00aa de la Trenada<\/td><td>Casas de Don Pedro<\/td><td><strong>1205<\/strong><\/td><\/tr><tr><td>Tom\u00e1s Jim\u00e9nez Lu\u00eds (pediatra)<\/td><td>&nbsp;<\/td><td>N. Pela (compartido con Orellana)<\/td><td><strong>427<\/strong><\/td><\/tr><\/tbody><\/table><\/figure>\n\n\n\n<p><br><\/p>\n\n\n\n<div class=\"is-layout-flex wp-container-11 wp-block-columns\">\n<div class=\"is-layout-flow wp-block-column\">\n<h2 class=\"has-black-color has-text-color has-medium-font-size\"><strong>M\u00c9DICOS DE ATENCI\u00d3N CONTINUADA<\/strong><\/h2>\n\n\n\n<p>\u00c1ngela Roc\u00edo Palacios Casas <br>Osvaldo A. P\u00e9rez Vicioso<\/p>\n<\/div>\n\n\n\n<div class=\"is-layout-flow wp-block-column\">\n<h2 class=\"has-black-color has-text-color has-medium-font-size\"><strong>ENFERMEROS DE ATENCI\u00d3N CONTINUADA<\/strong><\/h2>\n\n\n\n<p>Amada Fern\u00e1ndez D\u00edaz <br>M\u00aa Josefa Garrido Ram\u00edrez<\/p>\n<\/div>\n<\/div>\n\n\n\n<p><\/p>\n\n\n                    <\/div>\n                <\/div>\n\n<div id=\"otros_servicios\" class=\"pds-accordion__item pds-js-accordion-item pds-no-js\" data-initially-open=\"false\" data-click-to-close=\"true\" data-auto-close=\"true\" data-scroll=\"false\" data-scroll-offset=\"0\">\n                    <h3 id=\"at-otros_servicios\" class=\"pds-accordion__title pds-js-accordion-controller\" role=\"button\">Otros Servicios<span class=\"pds-accordion__icon\" role=\"presentation\" aria-hidden=\"true\"><svg xmlns=\"http:\/\/www.w3.org\/2000\/svg\" viewBox=\"0 0 12 7.4099998\" width=\".75rem\" height=\".75rem\"><path d=\"M12 1.41 10.59 0 6 4.58 1.41 0 0 1.41l6 6z\" fill=\"currentColor\"\/><\/svg><\/span><\/h3>\n                    <div id=\"ac-otros_servicios\" class=\"pds-accordion__content\">\n                        \n\n<figure class=\"wp-block-table is-style-stripes\"><table class=\"has-fixed-layout\"><thead><tr><th>SERVICIOS<\/th><th>RESPONSABLE<\/th><th>OBSERVACIONES<\/th><\/tr><\/thead><tbody><tr><td><strong>VETERINARIO<\/strong><\/td><td>Ra\u00fal Arroba Gonz\u00e1lvez<\/td><td>&nbsp;<\/td><\/tr><tr><td><strong>FARMAC\u00c9UTICA<\/strong><\/td><td>C. Inmaculada S\u00e1nchez Ru\u00edz<\/td><td>&nbsp;<\/td><\/tr><tr><td><strong>TRABAJADOR SOCIAL<\/strong><\/td><td>Esther Gonz\u00e1lez Bornay<\/td><td>Mi\u00e9rcoles<\/td><\/tr><tr><td><strong>ODONT\u00d3LOGO<\/strong><\/td><td>Julia P\u00e9rez Barquero<\/td><td>Jueves<\/td><\/tr><tr><td><strong>HIGIENISTA DENTAL<\/strong><\/td><td>Esther M\u00aa Cavacasillas Garc\u00eda<\/td><td>Jueves<\/td><\/tr><tr><td><strong>MATRONA<\/strong><\/td><td>Silvia V. Campos Barrado<\/td><td>Jueves y viernes<\/td><\/tr><tr><td><strong>FISIOTERAPEUTA<\/strong><\/td><td>Carolina Mu\u00f1oz G\u00f3mez<\/td><td>Todos los d\u00edas<\/td><\/tr><tr><td><strong>CEDEX<\/strong><\/td><td>Manuel Barrag\u00e1n Rodr\u00edguez&nbsp;&nbsp;&nbsp;<\/td><td>Martes<\/td><\/tr><tr><td><strong>TER<\/strong><\/td><td>Laura Tejada Puerto<\/td><td>Jueves y viernes<\/td><\/tr><tr><td><strong>AUX. ADMINISTRATIVO<\/strong><\/td><td>F\u00e1tima P\u00e9rez Mendoza e Inmaculada Requejo Cepeda<\/td><td>&nbsp;<\/td><\/tr><tr><td><strong>AUX. ENFERMER\u00cdA<\/strong><\/td><td>Matilde Ocampos de la Fuente<\/td><td>&nbsp;<\/td><\/tr><tr><td><strong>CELADOR<\/strong><\/td><td>\u00c1ngela Carrasco C\u00e1ceres y \u00c1ngel R. Pastor Rinc\u00f3n<\/td><td>&nbsp;<\/td><\/tr><tr><td><strong>CONSULTORIOS<\/strong><\/td><td>Casas de Don Pedro<\/td><td>924 86 44 74&nbsp;<\/td><\/tr><tr><td>Obando<\/td><td>924 86 01 36<\/td><td>&nbsp;<\/td><\/tr><tr><td>Vegas Altas<\/td><td>924 82 55 56<\/td><td>&nbsp;<\/td><\/tr><tr><td><strong>AYUNTAMIENTO<\/strong><\/td><td>Plaza de Espa\u00f1a, 1<\/td><td>924 86 18 00<\/td><\/tr><tr><td><strong>SALUD MENTAL<\/strong><\/td><td>Pertenece a la Unidad de Salud Mental de Talarrubias<\/td><td>&nbsp;<\/td><\/tr><\/tbody><\/table><\/figure>\n\n\n\n<p><\/p>\n\n\n                    <\/div>\n                <\/div>\n\n<div id=\"responsables_de_reas_especficas\" class=\"pds-accordion__item pds-js-accordion-item pds-no-js\" data-initially-open=\"false\" data-click-to-close=\"true\" data-auto-close=\"true\" data-scroll=\"false\" data-scroll-offset=\"0\">\n                    <h3 id=\"at-responsables_de_reas_especficas\" class=\"pds-accordion__title pds-js-accordion-controller\" role=\"button\">Responsables de \u00c1reas espec\u00edficas<span class=\"pds-accordion__icon\" role=\"presentation\" aria-hidden=\"true\"><svg xmlns=\"http:\/\/www.w3.org\/2000\/svg\" viewBox=\"0 0 12 7.4099998\" width=\".75rem\" height=\".75rem\"><path d=\"M12 1.41 10.59 0 6 4.58 1.41 0 0 1.41l6 6z\" fill=\"currentColor\"\/><\/svg><\/span><\/h3>\n                    <div id=\"ac-responsables_de_reas_especficas\" class=\"pds-accordion__content\">\n                        \n\n<figure class=\"wp-block-table is-style-stripes\"><table class=\"has-fixed-layout\"><tbody><tr><td><strong>Formaci\u00f3n<\/strong><\/td><td>Mercedes G\u00f3mez Moraga<\/td><\/tr><tr><td><strong>Salud Mental<\/strong><\/td><td>M\u00aa Francisca Rayego Fern\u00e1ndez<\/td><\/tr><tr><td><strong>Digestivo<\/strong><\/td><td>Manuel J. D\u00edez Garc\u00eda<\/td><\/tr><tr><td><strong>Gesti\u00f3n de residuos<\/strong><\/td><td>Matilde Ocampos de la Fuente<\/td><\/tr><tr><td><strong>Incapacidad Temporal<\/strong><\/td><td>Manuel Jos\u00e9 D\u00edez Garc\u00eda<\/td><\/tr><tr><td><strong>Formador en I.T.<\/strong><\/td><td>Manuel Jos\u00e9 D\u00edez Garc\u00eda<\/td><\/tr><tr><td><strong>Jara<\/strong><\/td><td>Manuel J. D\u00edez Garc\u00eda<\/td><\/tr><tr><td><strong>Cartera de Servicios<\/strong><\/td><td>Inmaculada Vicente G\u00aa Trenada<\/td><\/tr><tr><td><strong>Atenci\u00f3n Continuada<\/strong><\/td><td>Jos\u00e9 Manuel Paco Arenas<\/td><\/tr><tr><td><strong>Biblioteca<\/strong><\/td><td>Matilde Ocampos de la Fuente<\/td><\/tr><tr><td><strong>Botiqu\u00edn<\/strong><\/td><td>Antonia Calder\u00f3n Garc\u00eda<\/td><\/tr><tr><td><strong>Calidad<\/strong><\/td><td>Diana Carolina Pulido Castillo<\/td><\/tr><tr><td><strong>Cirug\u00eda Menor<\/strong><\/td><td>Vielka Edith S\u00e1nchez Fern\u00e1ndez<\/td><\/tr><tr><td><strong>Educaci\u00f3n para la Salud<\/strong><\/td><td>Vielka Edith S\u00e1nchez y Francisca Rayego<\/td><\/tr><tr><td><strong>Salud Escolar<\/strong><\/td><td>M\u00aa Francisca Rayego Fern\u00e1ndez<\/td><\/tr><tr><td><strong>Salud P\u00fablica<\/strong><\/td><td>Ra\u00fal Arroba Gonz\u00e1lvez<\/td><\/tr><tr><td><strong>Comunicaci\u00f3n Interna<\/strong><\/td><td>C. Inmaculada S\u00e1nchez Ru\u00edz<\/td><\/tr><tr><td><strong>Ecograf\u00edas<\/strong><\/td><td>Manuel Jos\u00e9 D\u00edez Garc\u00eda<\/td><\/tr><tr><td><strong>Vacunas<\/strong><\/td><td>C. Inmaculada S\u00e1nchez Ru\u00edz y Antonia Calder\u00f3n Garc\u00eda<\/td><\/tr><tr><td><strong>Almac\u00e9n<\/strong><\/td><td>C. Inmaculada S\u00e1nchez Ru\u00edz (medicaci\u00f3n)<br>Matilde Ocampos de la Fuente (fungibles)<\/td><\/tr><tr><td><strong>Salud laboral<\/strong><\/td><td>Eva M\u00aa Ramos Pablos<\/td><\/tr><tr><td><strong>TAO<\/strong><\/td><td>M\u00aa Francisca Rayego Fern\u00e1ndez<\/td><\/tr><tr><td><strong>PIDEX<\/strong><\/td><td>Fco. Javier Mendoza Mendoza<\/td><\/tr><tr><td><strong>ATENCI\u00d3N AL NI\u00d1O DIAB\u00c9TICO EN LA ESCUELA<\/strong><\/td><td>Antonia Calder\u00f3n Garc\u00eda<\/td><\/tr><\/tbody><\/table><\/figure>\n\n\n\n<p><\/p>\n\n\n                    <\/div>\n                <\/div>\n\n                        <\/div>\n                    <\/div>\n            <\/div>","protected":false},"excerpt":{"rendered":"<p>Coordinador Antonia Calder\u00f3n Garc\u00eda Resp. Enfermer\u00eda Francisca Rayego Fern\u00e1ndez Tel\u00e9fono Cita Previa 924 86 05 36 Tel\u00e9fono Urgencias 924 86 06 25 Direcci\u00f3n C\/ Ram\u00f3n y Cajal, s\/n\u00ba Correo electr\u00f3nico navalvillardepela.admon@salud-juntaex.es CONSULTORIO TF. CITA PREVIA TF. URGENCIAS C. SALUD NAVALVILLAR DE PELA 924 860 536 924 860 625 Consultorio Casas de Don Pedro 924 864 [&hellip;]<\/p>\n","protected":false},"author":1,"featured_media":0,"parent":16,"menu_order":0,"comment_status":"closed","ping_status":"closed","template":"page-template\/page-no-slider.php","meta":{"_eb_attr":"","inline_featured_image":false},"_links":{"self":[{"href":"https:\/\/saludextremadura.ses.es\/areasaluddonbenito\/wp-json\/wp\/v2\/pages\/566"}],"collection":[{"href":"https:\/\/saludextremadura.ses.es\/areasaluddonbenito\/wp-json\/wp\/v2\/pages"}],"about":[{"href":"https:\/\/saludextremadura.ses.es\/areasaluddonbenito\/wp-json\/wp\/v2\/types\/page"}],"author":[{"embeddable":true,"href":"https:\/\/saludextremadura.ses.es\/areasaluddonbenito\/wp-json\/wp\/v2\/users\/1"}],"replies":[{"embeddable":true,"href":"https:\/\/saludextremadura.ses.es\/areasaluddonbenito\/wp-json\/wp\/v2\/comments?post=566"}],"version-history":[{"count":19,"href":"https:\/\/saludextremadura.ses.es\/areasaluddonbenito\/wp-json\/wp\/v2\/pages\/566\/revisions"}],"predecessor-version":[{"id":3579,"href":"https:\/\/saludextremadura.ses.es\/areasaluddonbenito\/wp-json\/wp\/v2\/pages\/566\/revisions\/3579"}],"up":[{"embeddable":true,"href":"https:\/\/saludextremadura.ses.es\/areasaluddonbenito\/wp-json\/wp\/v2\/pages\/16"}],"wp:attachment":[{"href":"https:\/\/saludextremadura.ses.es\/areasaluddonbenito\/wp-json\/wp\/v2\/media?parent=566"}],"curies":[{"name":"wp","href":"https:\/\/api.w.org\/{rel}","templated":true}]}}