{"id":319,"date":"2022-06-20T11:28:24","date_gmt":"2022-06-20T09:28:24","guid":{"rendered":"https:\/\/saludextremadura.ses.es\/areasaluddonbenito\/?page_id=319"},"modified":"2022-12-16T13:02:48","modified_gmt":"2022-12-16T12:02:48","slug":"atencionhospitalaria","status":"publish","type":"page","link":"https:\/\/saludextremadura.ses.es\/areasaluddonbenito\/atencionhospitalaria\/","title":{"rendered":"Atenci\u00f3n Hospitalaria"},"content":{"rendered":"<h2 class=\"titulo-pagina wp-block-post-title\">Atenci\u00f3n Hospitalaria<\/h2>\n\n\n<hr class=\"wp-block-separator has-alpha-channel-opacity linea-titulo\"\/>\n\n\n<nav class=\"is-horizontal is-content-justification-center is-layout-flex wp-container-2 is-responsive items-justified-center menuSaludPublica wp-block-navigation\" aria-label=\"Men\u00fa Atenci\u00f3n Hospitalaria\"><button aria-haspopup=\"true\" aria-label=\"Abrir el men\u00fa\" class=\"wp-block-navigation__responsive-container-open \" data-micromodal-trigger=\"modal-1\"><svg width=\"24\" height=\"24\" xmlns=\"http:\/\/www.w3.org\/2000\/svg\" viewBox=\"0 0 24 24\" aria-hidden=\"true\" focusable=\"false\"><rect x=\"4\" y=\"7.5\" width=\"16\" height=\"1.5\" \/><rect x=\"4\" y=\"15\" width=\"16\" height=\"1.5\" \/><\/svg><\/button>\n\t\t\t<div class=\"wp-block-navigation__responsive-container  \" style=\"\" id=\"modal-1\">\n\t\t\t\t<div class=\"wp-block-navigation__responsive-close\" tabindex=\"-1\" data-micromodal-close>\n\t\t\t\t\t<div class=\"wp-block-navigation__responsive-dialog\" aria-label=\"Men\u00fa\">\n\t\t\t\t\t\t\t<button aria-label=\"Cerrar el men\u00fa\" data-micromodal-close class=\"wp-block-navigation__responsive-container-close\"><svg xmlns=\"http:\/\/www.w3.org\/2000\/svg\" viewBox=\"0 0 24 24\" width=\"24\" height=\"24\" aria-hidden=\"true\" focusable=\"false\"><path d=\"M13 11.8l6.1-6.3-1-1-6.1 6.2-6.1-6.2-1 1 6.1 6.3-6.5 6.7 1 1 6.5-6.6 6.5 6.6 1-1z\"><\/path><\/svg><\/button>\n\t\t\t\t\t\t<div class=\"wp-block-navigation__responsive-container-content\" id=\"modal-1-content\">\n\t\t\t\t\t\t\t<ul class=\"wp-block-navigation__container\"><li class=\" wp-block-navigation-item wp-block-navigation-link\"><a class=\"wp-block-navigation-item__content\"  href=\"https:\/\/saludextremadura.ses.es\/areasaluddonbenito\/boletin-electronico-de-salud-publica\/\"><span class=\"wp-block-navigation-item__label\"><img decoding=\"async\" loading=\"lazy\" width=\"814\" height=\"513\" class=\"wp-image-3264\" style=\"width: 250px\" src=\"https:\/\/saludextremadura.ses.es\/areasaluddonbenito\/wp-content\/uploads\/2023\/04\/icono-boletin1.jpg\" alt=\"\" srcset=\"https:\/\/saludextremadura.ses.es\/areasaluddonbenito\/wp-content\/uploads\/2023\/04\/icono-boletin1.jpg 814w, https:\/\/saludextremadura.ses.es\/areasaluddonbenito\/wp-content\/uploads\/2023\/04\/icono-boletin1-300x189.jpg 300w, https:\/\/saludextremadura.ses.es\/areasaluddonbenito\/wp-content\/uploads\/2023\/04\/icono-boletin1-768x484.jpg 768w, https:\/\/saludextremadura.ses.es\/areasaluddonbenito\/wp-content\/uploads\/2023\/04\/icono-boletin1-24x15.jpg 24w, https:\/\/saludextremadura.ses.es\/areasaluddonbenito\/wp-content\/uploads\/2023\/04\/icono-boletin1-36x23.jpg 36w, https:\/\/saludextremadura.ses.es\/areasaluddonbenito\/wp-content\/uploads\/2023\/04\/icono-boletin1-64x40.jpg 64w\" sizes=\"(max-width: 814px) 100vw, 814px\" \/><\/span><\/a><\/li><\/ul>\n\t\t\t\t\t\t<\/div>\n\t\t\t\t\t<\/div>\n\t\t\t\t<\/div>\n\t\t\t<\/div><\/nav>\n\n\n<p>El Complejo Hospitalario Don Benito Villanueva de la Serena-Siberia Serena est\u00e1 constituido por dos hospitales, el de mayor capacidad con 277 camas en Don Benito inaugurado en el 1975 y el otro en Talarrubias con 52 camas. Entre los dos dan cobertura a m\u00e1s de 130.000 habitantes del \u00c1rea de Salud. Estos dos hospitales junto a los dos centros de especialidades ambulatorias en Don Benito y Villanueva de la Serena conforman la totalidad de servicios de atenci\u00f3n hospitalaria y ambulatoria del \u00c1rea de Salud.<\/p>\n\n\n\n<p>La atenci\u00f3n hospitalaria quir\u00fargica se vio fortalecida desde el a\u00f1o 2007 con los tres quir\u00f3fanos para Cirug\u00eda Mayor Ambulatoria tras la apertura del Hospital Siberia Serena. El Hospital Don Benito Villanueva de la Serena dispone de cinco quir\u00f3fanos que junto a las tres salas de cirug\u00eda ambulatorias proporcionan una gran versatilidad y capacidad de gesti\u00f3n de la totalidad de procedimientos quir\u00fargicos en el \u00c1rea. En este Hospital se ubica la \u00fanica unidad de cuidados intensivos de \u00c1rea con 8 camas, ampliable a 12.<\/p>\n\n\n\n<p>La totalidad de los pacientes hospitalizados se distribuyen en 8 plantas activas en el Complejo Hospitalario, 3 de medicina interna, una de traumatolog\u00eda y cardiolog\u00eda, una de especialidades polivalente, una de cirug\u00eda, una de pediatr\u00eda y una ginecobst\u00e9trica. En el momento actual la planta polivalente del Hospital Siberia Serena permanece no operativa.<\/p>\n\n\n\n<p>Dos servicios de urgencias generales independientes y uno de tocoginecolog\u00eda conforman la puerta de entrada de los pacientes que requieren asistencia no demorable.<\/p>\n","protected":false},"excerpt":{"rendered":"<p>El Complejo Hospitalario Don Benito Villanueva de la Serena-Siberia Serena est\u00e1 constituido por dos hospitales, el de mayor capacidad con 277 camas en Don Benito inaugurado en el 1975 y el otro en Talarrubias con 52 camas. Entre los dos dan cobertura a m\u00e1s de 130.000 habitantes del \u00c1rea de Salud. Estos dos hospitales junto [&hellip;]<\/p>\n","protected":false},"author":1,"featured_media":0,"parent":0,"menu_order":0,"comment_status":"closed","ping_status":"closed","template":"","meta":{"_eb_attr":"","inline_featured_image":false},"_links":{"self":[{"href":"https:\/\/saludextremadura.ses.es\/areasaluddonbenito\/wp-json\/wp\/v2\/pages\/319"}],"collection":[{"href":"https:\/\/saludextremadura.ses.es\/areasaluddonbenito\/wp-json\/wp\/v2\/pages"}],"about":[{"href":"https:\/\/saludextremadura.ses.es\/areasaluddonbenito\/wp-json\/wp\/v2\/types\/page"}],"author":[{"embeddable":true,"href":"https:\/\/saludextremadura.ses.es\/areasaluddonbenito\/wp-json\/wp\/v2\/users\/1"}],"replies":[{"embeddable":true,"href":"https:\/\/saludextremadura.ses.es\/areasaluddonbenito\/wp-json\/wp\/v2\/comments?post=319"}],"version-history":[{"count":62,"href":"https:\/\/saludextremadura.ses.es\/areasaluddonbenito\/wp-json\/wp\/v2\/pages\/319\/revisions"}],"predecessor-version":[{"id":3033,"href":"https:\/\/saludextremadura.ses.es\/areasaluddonbenito\/wp-json\/wp\/v2\/pages\/319\/revisions\/3033"}],"wp:attachment":[{"href":"https:\/\/saludextremadura.ses.es\/areasaluddonbenito\/wp-json\/wp\/v2\/media?parent=319"}],"curies":[{"name":"wp","href":"https:\/\/api.w.org\/{rel}","templated":true}]}}