{"id":282,"date":"2022-06-15T09:33:20","date_gmt":"2022-06-15T09:33:20","guid":{"rendered":"https:\/\/saludextremadura.ses.es\/areasaluddonbenito\/?page_id=282"},"modified":"2022-11-07T12:32:33","modified_gmt":"2022-11-07T11:32:33","slug":"allpost","status":"publish","type":"page","link":"https:\/\/saludextremadura.ses.es\/areasaluddonbenito\/allpost\/","title":{"rendered":"Todas las Noticias"},"content":{"rendered":"<h1 class=\"titulo-pagina wp-block-post-title\">Todas las Noticias<\/h1>\n\n\n<hr class=\"wp-block-separator has-alpha-channel-opacity linea-titulo\"\/>\n\n\n<ul class=\"wp-block-latest-posts__list has-dates wp-block-latest-posts\"><li><a class=\"wp-block-latest-posts__post-title\" href=\"https:\/\/saludextremadura.ses.es\/areasaluddonbenito\/jornadas-puertas-abiertas-futuros-residentes-area-de-salud-don-benito-vva-de-la-serena\/\">JORNADAS PUERTAS ABIERTAS FUTUROS RESIDENTES- \u00c1REA DE SALUD DON BENITO-VVA DE LA SERENA<\/a><time datetime=\"2025-03-17T10:19:59+01:00\" class=\"wp-block-latest-posts__post-date\">17 de marzo de 2025<\/time><div class=\"wp-block-latest-posts__post-excerpt\"><\/div><\/li>\n<li><a class=\"wp-block-latest-posts__post-title\" href=\"https:\/\/saludextremadura.ses.es\/areasaluddonbenito\/felicitacion-navidad-area-de-salud-don-benito-vva-de-la-serena\/\">FELICITACI\u00d3N NAVIDAD \u00c1REA DE SALUD DON BENITO-VVA DE LA SERENA<\/a><time datetime=\"2024-12-27T08:29:35+01:00\" class=\"wp-block-latest-posts__post-date\">27 de diciembre de 2024<\/time><div class=\"wp-block-latest-posts__post-excerpt\"><\/div><\/li>\n<li><a class=\"wp-block-latest-posts__post-title\" href=\"https:\/\/saludextremadura.ses.es\/areasaluddonbenito\/fiebre-del-nilo-del-nilo-occidental\/\">FIEBRE DEL NILO DEL NILO OCCIDENTAL<\/a><time datetime=\"2024-08-30T12:33:10+02:00\" class=\"wp-block-latest-posts__post-date\">30 de agosto de 2024<\/time><div class=\"wp-block-latest-posts__post-excerpt\"><\/div><\/li>\n<li><a class=\"wp-block-latest-posts__post-title\" href=\"https:\/\/saludextremadura.ses.es\/areasaluddonbenito\/mes-seguridad-del-paciente-programa-de-actividades-campana-higiene-de-manos-2024\/\">MES SEGURIDAD DEL PACIENTE. PROGRAMA DE ACTIVIDADES CAMPA\u00d1A HIGIENE DE MANOS 2024<\/a><time datetime=\"2024-05-03T10:15:42+02:00\" class=\"wp-block-latest-posts__post-date\">3 de mayo de 2024<\/time><div class=\"wp-block-latest-posts__post-excerpt\"><\/div><\/li>\n<li><a class=\"wp-block-latest-posts__post-title\" href=\"https:\/\/saludextremadura.ses.es\/areasaluddonbenito\/v-jornada-de-deshabituacion-tabaquica\/\">CONCLUSIONES V Jornada de Deshabituaci\u00f3n Tab\u00e1quica<\/a><time datetime=\"2024-02-15T14:35:57+01:00\" class=\"wp-block-latest-posts__post-date\">15 de febrero de 2024<\/time><div class=\"wp-block-latest-posts__post-excerpt\">CONCLUSIONES:<\/div><\/li>\n<li><a class=\"wp-block-latest-posts__post-title\" href=\"https:\/\/saludextremadura.ses.es\/areasaluddonbenito\/actualizacion-de-los-pais-a-fecha-junio-2023\/\">Actualizaci\u00f3n de los PAIs a fecha junio 2023<\/a><time datetime=\"2023-08-10T12:02:58+02:00\" class=\"wp-block-latest-posts__post-date\">10 de agosto de 2023<\/time><div class=\"wp-block-latest-posts__post-excerpt\"><\/div><\/li>\n<li><a class=\"wp-block-latest-posts__post-title\" href=\"https:\/\/saludextremadura.ses.es\/areasaluddonbenito\/informe-indicadores-y-memoria-de-la-campana-de-higiene-de-manos\/\">Informe indicadores y Memoria de la Campa\u00f1a de Higiene de Manos.<\/a><time datetime=\"2023-07-28T14:38:52+02:00\" class=\"wp-block-latest-posts__post-date\">28 de julio de 2023<\/time><div class=\"wp-block-latest-posts__post-excerpt\"><\/div><\/li>\n<li><a class=\"wp-block-latest-posts__post-title\" href=\"https:\/\/saludextremadura.ses.es\/areasaluddonbenito\/memoria-del-area-de-salud-don-benito-villanueva-de-la-serena-2019-2022\/\">MEMORIA DEL AREA DE SALUD DON BENITO-VILLANUEVA DE LA SERENA (2019-2022)<\/a><time datetime=\"2023-07-12T11:46:41+02:00\" class=\"wp-block-latest-posts__post-date\">12 de julio de 2023<\/time><div class=\"wp-block-latest-posts__post-excerpt\"><\/div><\/li>\n<li><a class=\"wp-block-latest-posts__post-title\" href=\"https:\/\/saludextremadura.ses.es\/areasaluddonbenito\/encuesta-humanizacion-de-la-asistencia-del-ses\/\">ENCUESTA HUMANIZACI\u00d3N DE LA ASISTENCIA DEL SES<\/a><time datetime=\"2023-06-16T12:53:34+02:00\" class=\"wp-block-latest-posts__post-date\">16 de junio de 2023<\/time><div class=\"wp-block-latest-posts__post-excerpt\"><\/div><\/li>\n<li><a class=\"wp-block-latest-posts__post-title\" href=\"https:\/\/saludextremadura.ses.es\/areasaluddonbenito\/dia-mundial-de-la-higiene-de-manos\/\">D\u00cdA MUNDIAL DE LA HIGIENE DE MANOS<\/a><time datetime=\"2023-05-08T09:10:09+02:00\" class=\"wp-block-latest-posts__post-date\">8 de mayo de 2023<\/time><div class=\"wp-block-latest-posts__post-excerpt\">\u201c El lavado de manos salva vidas y es la medida m\u00e1s econ\u00f3mica, sencilla y eficaz ante el riesgo de infecciones \u201c&nbsp; El d\u00eda 5 de mayo, d\u00eda Mundial de la Higiene de manos, se ha presentado en el sal\u00f3n de actos del Hospital Don Benito Villanueva de la Serena la campa\u00f1a 2023 bajo el [&hellip;]<\/div><\/li>\n<li><a class=\"wp-block-latest-posts__post-title\" href=\"https:\/\/saludextremadura.ses.es\/areasaluddonbenito\/mayo-2023-mes-de-seguridad-del-paciente-programa-de-actividades\/\">MAYO 2023- MES DE SEGURIDAD DEL PACIENTE- PROGRAMA DE ACTIVIDADES<\/a><time datetime=\"2023-05-04T09:06:30+02:00\" class=\"wp-block-latest-posts__post-date\">4 de mayo de 2023<\/time><div class=\"wp-block-latest-posts__post-excerpt\"><\/div><\/li>\n<li><a class=\"wp-block-latest-posts__post-title\" href=\"https:\/\/saludextremadura.ses.es\/areasaluddonbenito\/european-immunization-week\/\">EUROPEAN IMMUNIZATION WEEK<\/a><time datetime=\"2023-05-02T10:59:29+02:00\" class=\"wp-block-latest-posts__post-date\">2 de mayo de 2023<\/time><div class=\"wp-block-latest-posts__post-excerpt\">Con motivo de la\u00a0Semana Europea de la Inmunizaci\u00f3n,\u00a0hay que recordar la importancia de la vacunaci\u00f3n, por ello les remito este recordatorio para que sea extensible a la poblaci\u00f3n, para ello adjunto calendario vacunal en Extremadura 2023. \u2002\u2002\u2002\u2002\u2002\u2002En el \u00e1rea de salud de Don Benito-Villanueva, las vacunaciones hasta los 4 a\u00f1os rondan el 100%. A partir [&hellip;]<\/div><\/li>\n<li><a class=\"wp-block-latest-posts__post-title\" href=\"https:\/\/saludextremadura.ses.es\/areasaluddonbenito\/estreno-de-la-pelicula-peter-pan-y-wendy-en-el-hospital-don-benito-vva-de-la-serena-para-ninos-hospitalizados\/\">ESTRENO DE LA PELICULA PETER PAN Y WENDY EN EL HOSPITAL DON BENITO-VVA DE LA SERENA PARA NI\u00d1OS HOSPITALIZADOS<\/a><time datetime=\"2023-04-27T12:11:43+02:00\" class=\"wp-block-latest-posts__post-date\">27 de abril de 2023<\/time><div class=\"wp-block-latest-posts__post-excerpt\"><\/div><\/li>\n<li><a class=\"wp-block-latest-posts__post-title\" href=\"https:\/\/saludextremadura.ses.es\/areasaluddonbenito\/cribado-poblacional-de-cancer-de-cervix-mayo-2023\/\">Cribado Poblacional de C\u00e1ncer de C\u00e9rvix MAYO 2023<\/a><time datetime=\"2023-04-19T09:04:45+02:00\" class=\"wp-block-latest-posts__post-date\">19 de abril de 2023<\/time><div class=\"wp-block-latest-posts__post-excerpt\">A partir de&nbsp;mayo de 2023 se inicia de forma progresiva el programa de cribado poblacional de c\u00e1ncer de c\u00e9rvix en Extremadura, dirigido a todas las mujeres de 25 a 65 a\u00f1os residentes en nuestra comunidad.&nbsp;<\/div><\/li>\n<li><a class=\"wp-block-latest-posts__post-title\" href=\"https:\/\/saludextremadura.ses.es\/areasaluddonbenito\/dia-mundial-contra-el-cancer-de-colon-cuadriptico-informativo\/\">D\u00cdA MUNDIAL CONTRA EL C\u00c1NCER DE COLON-CUADR\u00cdPTICO INFORMATIVO<\/a><time datetime=\"2023-04-13T08:43:59+02:00\" class=\"wp-block-latest-posts__post-date\">13 de abril de 2023<\/time><div class=\"wp-block-latest-posts__post-excerpt\"><\/div><\/li>\n<li><a class=\"wp-block-latest-posts__post-title\" href=\"https:\/\/saludextremadura.ses.es\/areasaluddonbenito\/nueva-promocion-de-mir-y-eir-en-la-unidad-docente-del-area-de-salud-de-db-vva\/\">NUEVA PROMOCI\u00d3N DE MIR Y EIR EN LA UNIDAD DOCENTE DEL \u00c1REA DE SALUD DE DB-VVA<\/a><time datetime=\"2023-03-31T11:03:56+02:00\" class=\"wp-block-latest-posts__post-date\">31 de marzo de 2023<\/time><div class=\"wp-block-latest-posts__post-excerpt\">Acceso a enlace TWITTER Con entusiasmo, intentamos despertar su inter\u00e9s por la #investigaci\u00f3n a trav\u00e9s de nuestros proyectos y experiencias en cada jornada. Nuestro agradecimiento a todos los alumn@s y a la Ud. Docente del \u00c1rea de Salud DB-Vva.<\/div><\/li>\n<li><a class=\"wp-block-latest-posts__post-title\" href=\"https:\/\/saludextremadura.ses.es\/areasaluddonbenito\/control-de-paciente-muy-polimedicado\/\">CONTROL DE PACIENTE MUY POLIMEDICADO<\/a><time datetime=\"2023-03-27T10:15:06+02:00\" class=\"wp-block-latest-posts__post-date\">27 de marzo de 2023<\/time><div class=\"wp-block-latest-posts__post-excerpt\"><\/div><\/li>\n<li><a class=\"wp-block-latest-posts__post-title\" href=\"https:\/\/saludextremadura.ses.es\/areasaluddonbenito\/informe-flebitis-zero-2023\/\">INFORME FLEBITIS ZERO 2023<\/a><time datetime=\"2023-03-27T10:11:33+02:00\" class=\"wp-block-latest-posts__post-date\">27 de marzo de 2023<\/time><div class=\"wp-block-latest-posts__post-excerpt\"><\/div><\/li>\n<li><a class=\"wp-block-latest-posts__post-title\" href=\"https:\/\/saludextremadura.ses.es\/areasaluddonbenito\/campana-de-donacion-de-sangre-para-personal-del-area-de-salud-don-benito-villanueva-de-la-serena\/\">Campa\u00f1a de donaci\u00f3n de sangre para personal del \u00c1rea de Salud Don Benito-Villanueva de la Serena<\/a><time datetime=\"2023-03-14T11:23:16+01:00\" class=\"wp-block-latest-posts__post-date\">14 de marzo de 2023<\/time><div class=\"wp-block-latest-posts__post-excerpt\"><\/div><\/li>\n<li><a class=\"wp-block-latest-posts__post-title\" href=\"https:\/\/saludextremadura.ses.es\/areasaluddonbenito\/vergeles-visita-el-hospital-siberia-serena-y-reconoce-la-alta-resolucion-del-centro-y-el-trabajo-de-sus-profesionales\/\">Vergeles visita el Hospital Siberia-Serena y reconoce la alta resoluci\u00f3n del centro y el trabajo de sus profesionales<\/a><time datetime=\"2023-03-14T10:47:19+01:00\" class=\"wp-block-latest-posts__post-date\">14 de marzo de 2023<\/time><div class=\"wp-block-latest-posts__post-excerpt\">Acceso a la noticia<\/div><\/li>\n<li><a class=\"wp-block-latest-posts__post-title\" href=\"https:\/\/saludextremadura.ses.es\/areasaluddonbenito\/hoja-de-informacion-para-el-paciente-para-prescipcion-de-todacitan-citisina\/\">Hoja de informaci\u00f3n para el paciente para prescipci\u00f3n de TODACITAN\u00ae (CITISINA)<\/a><time datetime=\"2023-03-03T12:32:16+01:00\" class=\"wp-block-latest-posts__post-date\">3 de marzo de 2023<\/time><div class=\"wp-block-latest-posts__post-excerpt\"><\/div><\/li>\n<li><a class=\"wp-block-latest-posts__post-title\" href=\"https:\/\/saludextremadura.ses.es\/areasaluddonbenito\/sesion-clinica-los-testigos-de-jehova-y-la-cirugia-sin-sangre\/\">Sesi\u00f3n cl\u00ednica: Los Testigos de Jehov\u00e1 y la cirug\u00eda sin sangre<\/a><time datetime=\"2023-02-27T13:34:58+01:00\" class=\"wp-block-latest-posts__post-date\">27 de febrero de 2023<\/time><div class=\"wp-block-latest-posts__post-excerpt\">Los programas de ahorro de sangre, aforismo en ingles de las siglas PBM (Patient blood management) son un requerimiento asistencial que se encuentra propuesto por la OMS como medida a alcanzar por todos los sistemas occidentales de salud. El&nbsp;art\u00edculo 14 de la Constituci\u00f3n Espa\u00f1ola de 1978&nbsp;proclama el derecho a la igualdad y a la no [&hellip;]<\/div><\/li>\n<li><a class=\"wp-block-latest-posts__post-title\" href=\"https:\/\/saludextremadura.ses.es\/areasaluddonbenito\/videos-formativos-de-estacion-it\/\">VIDEOS FORMATIVOS DE ESTACI\u00d3N IT<\/a><time datetime=\"2023-02-24T11:08:45+01:00\" class=\"wp-block-latest-posts__post-date\">24 de febrero de 2023<\/time><div class=\"wp-block-latest-posts__post-excerpt\">A continuaci\u00f3n publicamos los enlaces a los videos formativos de estaci\u00f3n IT publicados en el portal del conocimiento del SES.<\/div><\/li>\n<li><a class=\"wp-block-latest-posts__post-title\" href=\"https:\/\/saludextremadura.ses.es\/areasaluddonbenito\/vergeles-confirma-que-la-ue-ya-ha-comunicado-que-financiara-el-modulo-de-hospitalizacion-del-nuevo-hospital-don-benito-villanueva\/\">Vergeles confirma que la UE ya ha comunicado que financiar\u00e1 el m\u00f3dulo de hospitalizaci\u00f3n del nuevo hospital Don Benito-Villanueva<\/a><time datetime=\"2023-02-22T14:20:47+01:00\" class=\"wp-block-latest-posts__post-date\">22 de febrero de 2023<\/time><div class=\"wp-block-latest-posts__post-excerpt\">Acceso a la noticia<\/div><\/li>\n<li><a class=\"wp-block-latest-posts__post-title\" href=\"https:\/\/saludextremadura.ses.es\/areasaluddonbenito\/la-consulta-de-fertilidad-del-area-de-don-benito-villanueva-registra-dos-alumbramientos-tras-inseminacion-artificial\/\">La consulta de fertilidad del \u00c1rea de Don Benito-Villanueva registra dos alumbramientos tras inseminaci\u00f3n artificial<\/a><time datetime=\"2023-02-16T14:34:21+01:00\" class=\"wp-block-latest-posts__post-date\">16 de febrero de 2023<\/time><div class=\"wp-block-latest-posts__post-excerpt\">Noticia sobre consulta de fertilidad del \u00c1rea de Don Benito-Villanueva<\/div><\/li>\n<li><a class=\"wp-block-latest-posts__post-title\" href=\"https:\/\/saludextremadura.ses.es\/areasaluddonbenito\/plan-de-prevencion-actuacion-y-atencion-a-profesionales-del-sistema-sanitario-publico-de-extremadura-frente-a-las-agresiones-y-la-estrategia-de-salud-comunitaria\/\">Plan de Prevenci\u00f3n, Actuaci\u00f3n y Atenci\u00f3n a profesionales del sistema sanitario p\u00fablico de Extremadura frente a las Agresiones y la Estrategia de Salud Comunitaria<\/a><time datetime=\"2023-02-16T14:02:31+01:00\" class=\"wp-block-latest-posts__post-date\">16 de febrero de 2023<\/time><div class=\"wp-block-latest-posts__post-excerpt\">En el d\u00eda de hoy, en el sal\u00f3n de actos del hospital de Don Benito-Villanueva de la Serena, el Director General de Planificaci\u00f3n, Formaci\u00f3n y Calidad Sanitaria Dr. Jos\u00e9 Luis Vicente Torrecilla acompa\u00f1ado del Dr. Jes\u00fas del Barco nos ha presentado el Plan de Prevenci\u00f3n, Actuaci\u00f3n y Atenci\u00f3n a profesionales del sistema sanitario p\u00fablico de [&hellip;]<\/div><\/li>\n<li><a class=\"wp-block-latest-posts__post-title\" href=\"https:\/\/saludextremadura.ses.es\/areasaluddonbenito\/la-unidad-de-dolor-cronico-del-area-de-salud-don-benito-villanueva-de-la-serena-pionera-en-implantes-intratecales\/\">La Unidad de Dolor Cr\u00f3nico del \u00c1rea de Salud Don Benito-Villanueva de la Serena, pionera en implantes intratecales.<\/a><time datetime=\"2023-02-15T11:21:46+01:00\" class=\"wp-block-latest-posts__post-date\">15 de febrero de 2023<\/time><div class=\"wp-block-latest-posts__post-excerpt\">IMPLANTES INTRATECALES \u00c1REA DE SALUD DON BENITO-VVA SERENA<\/div><\/li>\n<li><a class=\"wp-block-latest-posts__post-title\" href=\"https:\/\/saludextremadura.ses.es\/areasaluddonbenito\/rrhh-convocatoria-de-provision-de-puestos-de-trabajo-de-jefe-de-servicio-y-jefe-de-seccion-de-caracter-asistencial-de-atencion-especializada-del-servicio-extremeno-de-salud-en-el-area-de-salud-de-d\/\">RRHH &#8211; Convocatoria de provisi\u00f3n de puestos de trabajo de Jefe de Servicio y Jefe de Secci\u00f3n de car\u00e1cter asistencial de Atenci\u00f3n Especializada, del Servicio Extreme\u00f1o de Salud en el \u00c1rea de Salud de Don Benito-Villanueva de la Serena.<\/a><time datetime=\"2023-02-10T09:21:19+01:00\" class=\"wp-block-latest-posts__post-date\">10 de febrero de 2023<\/time><div class=\"wp-block-latest-posts__post-excerpt\">http:\/\/doe.juntaex.es\/pdfs\/doe\/2023\/270o\/23060399.pdf<\/div><\/li>\n<li><a class=\"wp-block-latest-posts__post-title\" href=\"https:\/\/saludextremadura.ses.es\/areasaluddonbenito\/unidad-de-investigacion-del-area-de-salud-don-benito-villanueva-de-la-serena-curso-e-informacion-sobre-el-programa-free-desarrollado-en-extremadura\/\">UNIDAD DE INVESTIGACION DEL AREA DE SALUD DON BENITO VILLANUEVA DE LA SERENA. CURSO E INFORMACION SOBRE EL PROGRAMA FREE DESARROLLADO EN EXTREMADURA.<\/a><time datetime=\"2023-02-10T09:12:21+01:00\" class=\"wp-block-latest-posts__post-date\">10 de febrero de 2023<\/time><div class=\"wp-block-latest-posts__post-excerpt\">NOTICIAS PROGRAMA FREE ENERO 2023. 1. Curso \u201cFragilidad en el paciente cardiol\u00f3gico: lo que debemos saber\u201d Desde el 19 de enero de 2023 ya se encuentra disponible el Curso de Fragilidad en el paciente cardiol\u00f3gico en el Campus Virtual de la Sociedad Espa\u00f1ola de Cardiolog\u00eda. El curso est\u00e1 coordinado por el Dr. Daniel Fern\u00e1ndez-Berg\u00e9s y [&hellip;]<\/div><\/li>\n<li><a class=\"wp-block-latest-posts__post-title\" href=\"https:\/\/saludextremadura.ses.es\/areasaluddonbenito\/iv-jornada-de-deshabituacion-tabaquica\/\">IV Jornada de Deshabituaci\u00f3n Tab\u00e1quica<\/a><time datetime=\"2023-02-02T11:02:00+01:00\" class=\"wp-block-latest-posts__post-date\">2 de febrero de 2023<\/time><div class=\"wp-block-latest-posts__post-excerpt\"><\/div><\/li>\n<li><a class=\"wp-block-latest-posts__post-title\" href=\"https:\/\/saludextremadura.ses.es\/areasaluddonbenito\/jornadas-cientificas-san-blas\/\">JORNADAS CIENTIFICAS SAN BLAS<\/a><time datetime=\"2023-02-02T11:00:00+01:00\" class=\"wp-block-latest-posts__post-date\">2 de febrero de 2023<\/time><div class=\"wp-block-latest-posts__post-excerpt\"><\/div><\/li>\n<li><a class=\"wp-block-latest-posts__post-title\" href=\"https:\/\/saludextremadura.ses.es\/areasaluddonbenito\/visita-obras-nuevo-centros-de-salud-orellana-la-vieja\/\">VISITA OBRAS NUEVO CENTROS DE SALUD ORELLANA LA VIEJA<\/a><time datetime=\"2023-02-02T10:58:00+01:00\" class=\"wp-block-latest-posts__post-date\">2 de febrero de 2023<\/time><div class=\"wp-block-latest-posts__post-excerpt\"><\/div><\/li>\n<li><a class=\"wp-block-latest-posts__post-title\" href=\"https:\/\/saludextremadura.ses.es\/areasaluddonbenito\/atencion-primaria-cirugia-menor-ambulatoria-de-la-zona-de-salud-villanueva-de-la-serena-norte\/\">ATENCI\u00d3N PRIMARIA \u2013 Cirug\u00eda Menor Ambulatoria de la Zona de Salud Villanueva de la Serena Norte<\/a><time datetime=\"2023-01-18T10:23:33+01:00\" class=\"wp-block-latest-posts__post-date\">18 de enero de 2023<\/time><div class=\"wp-block-latest-posts__post-excerpt\">La unidad de Cirug\u00eda Menor Ambulatoria de la Zona de Salud Villanueva de la Serena Norte incrementa su actividad un 56% con respecto al a\u00f1o 2021 alcanzando las 174 intervenciones. La unidad de Cirug\u00eda Menor Ambulatoria de la Zona de Salud Villanueva de la Serena Sur alcanza en el a\u00f1o 2021 las 138 intervenciones y [&hellip;]<\/div><\/li>\n<li><a class=\"wp-block-latest-posts__post-title\" href=\"https:\/\/saludextremadura.ses.es\/areasaluddonbenito\/promocion-lactancia\/\">Promoci\u00f3n lactancia<\/a><time datetime=\"2023-01-17T09:07:05+01:00\" class=\"wp-block-latest-posts__post-date\">17 de enero de 2023<\/time><div class=\"wp-block-latest-posts__post-excerpt\">La Estrategia Mundial para la alimentaci\u00f3n del lactante y del ni\u00f1o peque\u00f1o tiene por objetivo revitalizar las medidas para fomentar, proteger y apoyar una alimentaci\u00f3n adecuada del lactante y del ni\u00f1o peque\u00f1o. La alimentaci\u00f3n del lactante y del ni\u00f1o peque\u00f1o es una piedra angular del desarrollo infantil. Cerca de un 30% de la poblaci\u00f3n mundial [&hellip;]<\/div><\/li>\n<li><a class=\"wp-block-latest-posts__post-title\" href=\"https:\/\/saludextremadura.ses.es\/areasaluddonbenito\/salud-publica-nota-de-prensa-sobre-vacunacion-de-la-gripe\/\">SALUD P\u00daBLICA- Nota de prensa sobre vacunaci\u00f3n de la gripe.<\/a><time datetime=\"2023-01-16T11:27:58+01:00\" class=\"wp-block-latest-posts__post-date\">16 de enero de 2023<\/time><div class=\"wp-block-latest-posts__post-excerpt\">EL AREA DE SALUD DE DON BENITO ALCANZA CASI EL 75% DE COBERTURAL VACUNAL FRENTE A LA GRIPE La gripe es una enfermedad respiratoria aguda de gran transcendencia en salud p\u00fablica. Es una enfermedad producida por un virus de la familia Orthomyxoviridae, que se transmite desde los pacientes infectados mediante gotitas al toser, al hablar, [&hellip;]<\/div><\/li>\n<li><a class=\"wp-block-latest-posts__post-title\" href=\"https:\/\/saludextremadura.ses.es\/areasaluddonbenito\/premios-navidenos-en-el-chdbvvsna\/\">Premios navide\u00f1os en el CHDBVVSNA<\/a><time datetime=\"2023-01-05T14:29:10+01:00\" class=\"wp-block-latest-posts__post-date\">5 de enero de 2023<\/time><div class=\"wp-block-latest-posts__post-excerpt\">Desde la Gerencia y Direcciones del \u00c1rea os mostramos nuestra satisfacci\u00f3n y agradecimiento por el embellecimiento&nbsp;y humanizaci\u00f3n de todas las unidades, plantas y servicios del complejo hospitalario Don Benito Villanueva de la Serena Siberia Serena que son un reflejo m\u00e1s de la dedicaci\u00f3n, mimo y cuidados que d\u00eda tras d\u00eda ofrec\u00e9is a nuestros usuarios y [&hellip;]<\/div><\/li>\n<li><a class=\"wp-block-latest-posts__post-title\" href=\"https:\/\/saludextremadura.ses.es\/areasaluddonbenito\/memoria-unidad-docente-2022\/\">Memoria Unidad Docente 2022<\/a><time datetime=\"2022-12-27T14:23:00+01:00\" class=\"wp-block-latest-posts__post-date\">27 de diciembre de 2022<\/time><div class=\"wp-block-latest-posts__post-excerpt\"><\/div><\/li>\n<li><a class=\"wp-block-latest-posts__post-title\" href=\"https:\/\/saludextremadura.ses.es\/areasaluddonbenito\/la-unidad-del-dolor-del-hospital-don-benito-villanueva-realiza-las-cuatro-primeras-descompresiones-de-hernias-discales-mediante-laser\/\">La unidad del dolor del Hospital Don Benito-Villanueva realiza las cuatro primeras descompresiones de hernias discales mediante l\u00e1ser<\/a><time datetime=\"2022-12-22T11:04:16+01:00\" class=\"wp-block-latest-posts__post-date\">22 de diciembre de 2022<\/time><div class=\"wp-block-latest-posts__post-excerpt\">La semana pasada, en el Hospital Don Benito-Villanueva de la Serena, el doctor Luis Miguel Torres, jefe del Servicio de Anestesiolog\u00eda y Reanimaci\u00f3n del Hospital Puerta del Mar de C\u00e1diz, junto al equipo del doctor Enrique Del Cojo del \u00e1rea sanitaria, realizaron cuatro procedimientos de descomprensi\u00f3n percut\u00e1nea discal mediante l\u00e1ser en el Hospital extreme\u00f1o. Se [&hellip;]<\/div><\/li>\n<li><a class=\"wp-block-latest-posts__post-title\" href=\"https:\/\/saludextremadura.ses.es\/areasaluddonbenito\/campana-de-vacunacion-de-la-gripe-otono-2022\/\">CAMPA\u00d1A DE VACUNACION DE LA GRIPE. OTO\u00d1O 2022<\/a><time datetime=\"2022-11-07T16:57:39+01:00\" class=\"wp-block-latest-posts__post-date\">7 de noviembre de 2022<\/time><div class=\"wp-block-latest-posts__post-excerpt\">En oto\u00f1o de 2022 se hace coincidir con la vacunaci\u00f3n frente a la gripe estacional, la administraci\u00f3n de la segunda dosis de refuerzo frente a coronavirus. \u00bfQUIEN SE PUEDE VACUNAR EN AMBAS CAMPA\u00d1AS? Poblaci\u00f3n residente en Extremadura que cumpla los criterios establecidos, cuya prestaci\u00f3n sea por parte del SES o no lo sea. POBLACION DIANA [&hellip;]<\/div><\/li>\n<li><a class=\"wp-block-latest-posts__post-title\" href=\"https:\/\/saludextremadura.ses.es\/areasaluddonbenito\/programa-jornada-de-tutores-fse-udmafyc\/\">Programa Jornada de tutores: FSE UDMAFYC<\/a><time datetime=\"2022-11-07T15:31:14+01:00\" class=\"wp-block-latest-posts__post-date\">7 de noviembre de 2022<\/time><div class=\"wp-block-latest-posts__post-excerpt\">Programa Jornada de tutoresFSE UDMAFYC 11 NOVIEMBRE 2022 &#8211; FEVAL (DON BENITO) 9:00 Horas: Inauguraci\u00f3n por Director Gerente S. ES., Dr. Don Ceciliano Franco Rubio 9:30 &#8211; 10:30 Horas: Programa formativo Atenci\u00f3n Familiar y Comunitaria: Moderadora: Pilar Garc\u00eda Canut (T\u00e9cnico de salud &#8211; UDMAFYC Don Benito-Villanueva de la Serena) Ponente: M&#8217; Carmen Bl\u00e1zquez V\u00e1zquez (Directora [&hellip;]<\/div><\/li>\n<li><a class=\"wp-block-latest-posts__post-title\" href=\"https:\/\/saludextremadura.ses.es\/areasaluddonbenito\/charla-coloquio-contra-el-cancer-de-mama-luchamos-todos\/\">CHARLA COLOQUIO: \u00abCONTRA EL C\u00c1NCER DE MAMA LUCHAMOS TODOS\u00bb<\/a><time datetime=\"2022-11-07T15:22:46+01:00\" class=\"wp-block-latest-posts__post-date\">7 de noviembre de 2022<\/time><div class=\"wp-block-latest-posts__post-excerpt\">&#8220;CONTRA EL C\u00c1NCER DE MAMA LUCHAMOS TODOS&#8221; 15 NOVIEMBRE 2022 &#8211; 18:30CASA DE CULTURA EN DON BENITO PROGRAMA &#8211; Dr. Francisco Luis Gonz\u00e1lez Caballero.Jefe de Secci\u00f3n de Cirug\u00eda General y Coordinador Comit\u00e9 Tumores de Mama MESA REDONDA: Dr. Javier Valad\u00e9s Rodriguez &#8211; Gerente \u00c1rea de Salud Don Benito &#8211; VillanuevaMiembros de Comit\u00e9 de Tumores de [&hellip;]<\/div><\/li>\n<\/ul>","protected":false},"excerpt":{"rendered":"","protected":false},"author":1,"featured_media":0,"parent":0,"menu_order":0,"comment_status":"closed","ping_status":"closed","template":"","meta":{"_eb_attr":"","inline_featured_image":false},"_links":{"self":[{"href":"https:\/\/saludextremadura.ses.es\/areasaluddonbenito\/wp-json\/wp\/v2\/pages\/282"}],"collection":[{"href":"https:\/\/saludextremadura.ses.es\/areasaluddonbenito\/wp-json\/wp\/v2\/pages"}],"about":[{"href":"https:\/\/saludextremadura.ses.es\/areasaluddonbenito\/wp-json\/wp\/v2\/types\/page"}],"author":[{"embeddable":true,"href":"https:\/\/saludextremadura.ses.es\/areasaluddonbenito\/wp-json\/wp\/v2\/users\/1"}],"replies":[{"embeddable":true,"href":"https:\/\/saludextremadura.ses.es\/areasaluddonbenito\/wp-json\/wp\/v2\/comments?post=282"}],"version-history":[{"count":3,"href":"https:\/\/saludextremadura.ses.es\/areasaluddonbenito\/wp-json\/wp\/v2\/pages\/282\/revisions"}],"predecessor-version":[{"id":2787,"href":"https:\/\/saludextremadura.ses.es\/areasaluddonbenito\/wp-json\/wp\/v2\/pages\/282\/revisions\/2787"}],"wp:attachment":[{"href":"https:\/\/saludextremadura.ses.es\/areasaluddonbenito\/wp-json\/wp\/v2\/media?parent=282"}],"curies":[{"name":"wp","href":"https:\/\/api.w.org\/{rel}","templated":true}]}}