{"id":2810,"date":"2022-11-28T11:09:25","date_gmt":"2022-11-28T10:09:25","guid":{"rendered":"https:\/\/saludextremadura.ses.es\/areasaluddonbenito\/?page_id=2810"},"modified":"2022-12-12T13:10:15","modified_gmt":"2022-12-12T12:10:15","slug":"hospital-siberia-serena","status":"publish","type":"page","link":"https:\/\/saludextremadura.ses.es\/areasaluddonbenito\/atencionhospitalaria\/hospital-siberia-serena\/","title":{"rendered":"HOSPITAL SIBERIA SERENA"},"content":{"rendered":"<h2 class=\"titulo-pagina wp-block-post-title\">HOSPITAL SIBERIA SERENA<\/h2>\n\n\n<hr class=\"wp-block-separator has-alpha-channel-opacity linea-titulo\"\/>\n\n\n\n<div class=\"is-layout-flex wp-container-3 wp-block-columns\">\n<div class=\"is-layout-flow wp-block-column\">\n<p>El Hospital Siberia Serena, ubicado en la localidad de Talarrubias, empez\u00f3 a profesionales, como sus carteras de servicios ofertada a los pacientes.<\/p>\n\n\n\n<p>Actualmente el hospital cuenta con 52 camas localizadas en una planta de MI, cuenta con otra planta con 32 camas que pueden ser habilitadas en caso de aumento de la presi\u00f3n asistencial.<\/p>\n\n\n\n<p>\u2006Existen 3 quir\u00f3fanos y una reanimaci\u00f3n que forman parte del \u00e1rea quir\u00fargica para realizar intervenciones de CMA de ORL, Oftalmolog\u00eda, Cirug\u00eda General. Traumatolog\u00eda, Ginecolog\u00eda y Urolog\u00eda son otras especialidades susceptibles de realizar CMA en este hospital.<\/p>\n<\/div>\n\n\n\n<div class=\"is-layout-flow wp-block-column\"><div class=\"informacion-atencion-hospitalaria-item\">\n    <div class=\"fila\">\n        <p class=\"titulo\">Hospital Siberia-Serena<\/p>\n    <\/div>\n    <div class=\"fila\">\n        <img decoding=\"async\" src=\"https:\/\/saludextremadura.ses.es\/areasaluddonbenito\/wp-content\/themes\/temaAreaSalud\/img\/Vector 7.svg\" alt=\"\">\n        <p>Carretera Talarrubias, Km2. 06640, Talarrubias, Badajoz<\/p>\n    <\/div>\n    <div class=\"fila\">\n        <img decoding=\"async\" src=\"https:\/\/saludextremadura.ses.es\/areasaluddonbenito\/wp-content\/themes\/temaAreaSalud\/img\/Vector (6).svg\" alt=\"\">\n        <p>924648100 \/ 924386800<\/p>\n    <\/div>\n    <div class=\"fila\">\n        <img decoding=\"async\" src=\"https:\/\/saludextremadura.ses.es\/areasaluddonbenito\/wp-content\/themes\/temaAreaSalud\/img\/Vector (7).svg\" alt=\"\">\n        <p>924386801<\/p>\n    <\/div>\n    <div class=\"fila\">\n        <img decoding=\"async\" src=\"https:\/\/saludextremadura.ses.es\/areasaluddonbenito\/wp-content\/themes\/temaAreaSalud\/img\/Vector (8).svg\" alt=\"\">\n        <p>gerente.donbenito@salud-juntaex.es<\/p>\n    <\/div>\n<\/div><\/div>\n<\/div>\n\n\n<div class=\"wp-block-image\">\n<figure class=\"aligncenter size-large\"><img decoding=\"async\" loading=\"lazy\" width=\"1024\" height=\"498\" src=\"https:\/\/saludextremadura.ses.es\/areasaluddonbenito\/wp-content\/uploads\/2022\/11\/HOSPITAL-SIBERIA-SERENA-1024x498.png\" alt=\"\" class=\"wp-image-2818\" srcset=\"https:\/\/saludextremadura.ses.es\/areasaluddonbenito\/wp-content\/uploads\/2022\/11\/HOSPITAL-SIBERIA-SERENA-1024x498.png 1024w, https:\/\/saludextremadura.ses.es\/areasaluddonbenito\/wp-content\/uploads\/2022\/11\/HOSPITAL-SIBERIA-SERENA-300x146.png 300w, https:\/\/saludextremadura.ses.es\/areasaluddonbenito\/wp-content\/uploads\/2022\/11\/HOSPITAL-SIBERIA-SERENA-768x373.png 768w, https:\/\/saludextremadura.ses.es\/areasaluddonbenito\/wp-content\/uploads\/2022\/11\/HOSPITAL-SIBERIA-SERENA-1536x747.png 1536w, https:\/\/saludextremadura.ses.es\/areasaluddonbenito\/wp-content\/uploads\/2022\/11\/HOSPITAL-SIBERIA-SERENA-24x12.png 24w, https:\/\/saludextremadura.ses.es\/areasaluddonbenito\/wp-content\/uploads\/2022\/11\/HOSPITAL-SIBERIA-SERENA-36x18.png 36w, https:\/\/saludextremadura.ses.es\/areasaluddonbenito\/wp-content\/uploads\/2022\/11\/HOSPITAL-SIBERIA-SERENA-64x31.png 64w, https:\/\/saludextremadura.ses.es\/areasaluddonbenito\/wp-content\/uploads\/2022\/11\/HOSPITAL-SIBERIA-SERENA.png 2016w\" sizes=\"(max-width: 1024px) 100vw, 1024px\" \/><\/figure><\/div>\n\n\n<p><br><\/p>\n\n\n\n<h2 class=\"has-black-color has-text-color\">Informaci\u00f3n<\/h2>\n\n\n\n<p>El Hospital Siberia Sirena forma parte del complejo hospitalario Don Benito-Villanueva de la Serena. \u2006 \u2006 \u2006 \u2006 \u2006 \u2006<\/p>\n\n\n\n<p>Su \u00e1mbito de influencia abarca las zonas de salud de Navalvillar de Pela, Talarrubias, Siruela, Herrera del Duque y Cabeza del Buey, con un total de unos 30.000 habitantes aproximadamente.\u2006<\/p>\n\n\n<div class=\"wp-block-image\">\n<figure class=\"aligncenter size-large is-resized\"><img decoding=\"async\" loading=\"lazy\" src=\"https:\/\/saludextremadura.ses.es\/areasaluddonbenito\/wp-content\/uploads\/2022\/11\/HOSPITAL-SIBERIA-SERENA-MAPA-896x1024.png\" alt=\"\" class=\"wp-image-2817\" width=\"448\" height=\"512\" srcset=\"https:\/\/saludextremadura.ses.es\/areasaluddonbenito\/wp-content\/uploads\/2022\/11\/HOSPITAL-SIBERIA-SERENA-MAPA-896x1024.png 896w, https:\/\/saludextremadura.ses.es\/areasaluddonbenito\/wp-content\/uploads\/2022\/11\/HOSPITAL-SIBERIA-SERENA-MAPA-263x300.png 263w, https:\/\/saludextremadura.ses.es\/areasaluddonbenito\/wp-content\/uploads\/2022\/11\/HOSPITAL-SIBERIA-SERENA-MAPA-768x878.png 768w, https:\/\/saludextremadura.ses.es\/areasaluddonbenito\/wp-content\/uploads\/2022\/11\/HOSPITAL-SIBERIA-SERENA-MAPA-1344x1536.png 1344w, https:\/\/saludextremadura.ses.es\/areasaluddonbenito\/wp-content\/uploads\/2022\/11\/HOSPITAL-SIBERIA-SERENA-MAPA-21x24.png 21w, https:\/\/saludextremadura.ses.es\/areasaluddonbenito\/wp-content\/uploads\/2022\/11\/HOSPITAL-SIBERIA-SERENA-MAPA-32x36.png 32w, https:\/\/saludextremadura.ses.es\/areasaluddonbenito\/wp-content\/uploads\/2022\/11\/HOSPITAL-SIBERIA-SERENA-MAPA-56x64.png 56w, https:\/\/saludextremadura.ses.es\/areasaluddonbenito\/wp-content\/uploads\/2022\/11\/HOSPITAL-SIBERIA-SERENA-MAPA.png 1372w\" sizes=\"(max-width: 448px) 100vw, 448px\" \/><\/figure><\/div>\n\n\n<p>La necesidad de su creaci\u00f3n fue debida a las caracter\u00edsticas del \u00e1rea, ya que sus poblaciones est\u00e1n muy dispersas y envejecidas, de manera que mejora la accesibilidad, acerca infraestructura y equipamiento de asistencia especializada, por lo que la distancia del usuario est\u00e1 a menos de 30 minutos.<\/p>\n\n\n\n<p>Este Hospital se caracteriza por sus amplios espacios y la cantidad de luz que entra por sus ventanales que hacen que la luz del exterior entre dando una sesanci\u00f3n de confort y calidad ambiental, con una \u00fanica planta facilitando la accesibilidad y seguridad a sus usuarios.<\/p>\n\n\n\n<p>El Hospital Siberia Serena forma parte de los dispositivos sanitarios que el Servicio Extreme\u00f1o de Salud tiene en el \u00c1rea Don Benito, desarrollando su actividad conjuntamente con la Atenci\u00f3n Primaria y el Hospital Don Benito-Vva de la Serena.<\/p>\n\n\n\n<p><br><\/p>\n\n\n\n<h2 class=\"has-black-color has-text-color\">Servicios Asistenciales<\/h2>\n\n\n\n<p>Es la atenci\u00f3n directa que se da al paciente por parte del personal sanitario.<\/p>\n\n\n\n<p><br><\/p>\n\n\n\n<div class=\"is-layout-flex wp-container-6 wp-block-columns\">\n<div class=\"is-layout-flow wp-block-column\">\n<h2 class=\"has-black-color has-text-color\">Hospitalizaci\u00f3n<\/h2>\n\n\n\n<p>Medicina interna y especialidades afines: M. interna, cardiolog\u00eda, neumolog\u00eda, neurolog\u00eda, hematolog\u00eda, cirug\u00eda, digestivo. Siempre pacientes susceptibles de poder atenderse en este hospital.<\/p>\n\n\n\n<p>Cualquier procedimiento diagn\u00f3stico o t\u00e9cnicas quir\u00fargicas no disponibles en este hospital se derivan al hospital de Don Benito o cualquier otro hospital de referencia que corresponda.<\/p>\n\n\n\n<h2 class=\"has-black-color has-text-color\">Atenci\u00f3n Ambulatoria<\/h2>\n\n\n\n<p>Todas aquellas actividades asistenciales, diagn\u00f3sticas, terap\u00e9uticas y de rehabilitaci\u00f3n, as\u00ed como aquellas de promoci\u00f3n de la salud, educaci\u00f3n sanitaria y prevenci\u00f3n de la enfermedad, que se prestan en el nivel de la atenci\u00f3n especializada en r\u00e9gimen ambulatorio.<\/p>\n\n\n\n<p>Se realizan en:<\/p>\n\n\n\n<p><strong>CMA: <\/strong>Cirug\u00eda Mayor Ambulatoria. Intervenciones quir\u00fargicas que no requieren hospitalizaci\u00f3n. Actualmente se realiza Cirug\u00eda General, Oftalmolog\u00eda y ORL.<\/p>\n\n\n\n<p><strong>CONSULTAS  EXTERNAS:<\/strong><\/p>\n\n\n\n<ul><li>Medicina interna<\/li><li>Neumolog\u00eda<\/li><li>Neurolog\u00eda<\/li><li>ORL<\/li><li>Oftalmolog\u00eda<\/li><li>Cirug\u00eda General<\/li><li>Traumatolog\u00eda<\/li><li>Urolog\u00eda<\/li><li>Reumatolog\u00eda<\/li><li>Ginecolog\u00eda<\/li><li>Telemedicina: Gen\u00e9tica<\/li><li>Optometr\u00eda<\/li><li>Consulta de Enfermer\u00eda:<ul><li>Realizaci\u00f3n de Pruebas Funcionales<\/li><li>Extracci\u00f3n de anal\u00edticas<\/li><li>Test O\u00b4Sullivan<\/li><li>Prueba de intolerancia a la lactosa<\/li><li>Todo el resto de actividad que se derive de las diferentes consultas m\u00e9dicas del Hospital.<\/li><li>Consulta de Medicina Personalizada y Farmacogen\u00e9tica (realizada por enfermer\u00eda)<\/li><\/ul><\/li><\/ul>\n<\/div>\n\n\n\n<div class=\"is-layout-flow wp-block-column\">\n<h2 class=\"has-black-color has-text-color\">Servicios no asistenciales<\/h2>\n\n\n\n<p>Esencialmente est\u00e1n integrados por:<\/p>\n\n\n\n<ul><li>Informaci\u00f3n<\/li><li>Atenci\u00f3n al Usuario<\/li><li>Admisi\u00f3n y Documentaci\u00f3n Cl\u00ednica<\/li><li>Hosteler\u00eda (Cocina y cafeter\u00eda)<\/li><li>Velatorio<\/li><li>Servicios Religiosos<\/li><li>Mantenimiento integral y electromedicina.<\/li><li>Limpieza<\/li><li>Esterilizaci\u00f3n.<\/li><li>Sistemas de Informaci\u00f3n<\/li><\/ul>\n\n\n\n<p><br><\/p>\n\n\n\n<h2 class=\"has-black-color has-text-color\">Hospital de d\u00eda<\/h2>\n\n\n\n<p>Se incluyen en este apartado en nuestro hospital:<\/p>\n\n\n\n<ul><li>Tratamientos hematol\u00f3gicos.<\/li><li>Tratamientos de aparato digestivo.<\/li><li>Tratamientos de medicina interna.<\/li><li>Tratamientos de reumatolog\u00eda.<\/li><\/ul>\n\n\n\n<p><br><\/p>\n\n\n\n<h2 class=\"has-black-color has-text-color\">Urgencias<\/h2>\n\n\n\n<p>En nuestro hospital disponemos de:<\/p>\n\n\n\n<ul><li>Diagn\u00f3stico por imagen: Radiolog\u00eda convencional, Tomograf\u00eda axial computarizada, Mamograf\u00eda, Ecograf\u00eda.<\/li><li>Laboratorio: Urgencias, Hematolog\u00eda.<\/li><li>Farmacia Hospitalaria.<\/li><\/ul>\n\n\n\n<p><br><\/p>\n\n\n\n<h2>Horarios de Atenci\u00f3n al Ciudadano<\/h2>\n\n\n\n<p><strong>Urgencias<\/strong>: 24horas<\/p>\n\n\n\n<p><strong>Entrada<\/strong>: 8:00-22:00 horas<\/p>\n\n\n\n<p><strong>Servicio <\/strong>religioso: 24horas<\/p>\n\n\n\n<p><strong>Cafeter\u00eda<\/strong>: 8:00-17:00 horas<\/p>\n\n\n\n<p><br><\/p>\n\n\n\n<p><br><\/p>\n<\/div>\n<\/div>\n","protected":false},"excerpt":{"rendered":"<p>El Hospital Siberia Serena, ubicado en la localidad de Talarrubias, empez\u00f3 a profesionales, como sus carteras de servicios ofertada a los pacientes. Actualmente el hospital cuenta con 52 camas localizadas en una planta de MI, cuenta con otra planta con 32 camas que pueden ser habilitadas en caso de aumento de la presi\u00f3n asistencial. \u2006Existen [&hellip;]<\/p>\n","protected":false},"author":1,"featured_media":0,"parent":319,"menu_order":0,"comment_status":"closed","ping_status":"closed","template":"","meta":{"_eb_attr":"","inline_featured_image":false},"_links":{"self":[{"href":"https:\/\/saludextremadura.ses.es\/areasaluddonbenito\/wp-json\/wp\/v2\/pages\/2810"}],"collection":[{"href":"https:\/\/saludextremadura.ses.es\/areasaluddonbenito\/wp-json\/wp\/v2\/pages"}],"about":[{"href":"https:\/\/saludextremadura.ses.es\/areasaluddonbenito\/wp-json\/wp\/v2\/types\/page"}],"author":[{"embeddable":true,"href":"https:\/\/saludextremadura.ses.es\/areasaluddonbenito\/wp-json\/wp\/v2\/users\/1"}],"replies":[{"embeddable":true,"href":"https:\/\/saludextremadura.ses.es\/areasaluddonbenito\/wp-json\/wp\/v2\/comments?post=2810"}],"version-history":[{"count":4,"href":"https:\/\/saludextremadura.ses.es\/areasaluddonbenito\/wp-json\/wp\/v2\/pages\/2810\/revisions"}],"predecessor-version":[{"id":2877,"href":"https:\/\/saludextremadura.ses.es\/areasaluddonbenito\/wp-json\/wp\/v2\/pages\/2810\/revisions\/2877"}],"up":[{"embeddable":true,"href":"https:\/\/saludextremadura.ses.es\/areasaluddonbenito\/wp-json\/wp\/v2\/pages\/319"}],"wp:attachment":[{"href":"https:\/\/saludextremadura.ses.es\/areasaluddonbenito\/wp-json\/wp\/v2\/media?parent=2810"}],"curies":[{"name":"wp","href":"https:\/\/api.w.org\/{rel}","templated":true}]}}