{"id":2310,"date":"2022-09-27T11:17:12","date_gmt":"2022-09-27T09:17:12","guid":{"rendered":"https:\/\/saludextremadura.ses.es\/areasaluddonbenito\/?page_id=2310"},"modified":"2023-10-09T12:39:48","modified_gmt":"2023-10-09T10:39:48","slug":"directorio-recursos-humanos","status":"publish","type":"page","link":"https:\/\/saludextremadura.ses.es\/areasaluddonbenito\/rrhh-y-gestioneconomica\/directorio-recursos-humanos\/","title":{"rendered":"Directorio Recursos Humanos"},"content":{"rendered":"<h2 class=\"titulo-pagina wp-block-post-title\">Directorio Recursos Humanos<\/h2>\n\n\n<hr class=\"wp-block-separator has-alpha-channel-opacity linea-titulo\" \/>\n\n\n\n<p><\/p>\n\n\n\n<figure class=\"wp-block-table is-style-stripes\"><table><thead><tr><th>Nombre<\/th><th>Servicio<\/th><th>Puesto<\/th><th>Extensi\u00f3n<\/th><th>Correo Electr\u00f3nico<\/th><\/tr><\/thead><tbody><tr><td>Rosa Mar\u00eda Ramos Novo<\/td><td>Direcci\u00f3n de Recursos Humanos<\/td><td>Directora<\/td><td>82877<\/td><td>rrhhdonbenito@salud-juntaex.es<\/td><\/tr><tr><td>Felipe Caballero G\u00f3mez<\/td><td>Servicio de Personal<\/td><td>Jefe de Servicio<\/td><td>82949<\/td><td>felipe.caballero@salud-juntaex.es<\/td><\/tr><tr><td>Carmen Moreno Ru\u00edz-Cornejo<\/td><td>Servicio de Personal<\/td><td>Grupo T\u00e9cnico Funci\u00f3n Administrativa<\/td><td>82949<\/td><td>carmen.moreno@salud-juntaex.es<\/td><\/tr><tr><td>Juana Josefa Diestro Gil<\/td><td>Servico de Personal<\/td><td>Jefe de Grupo<\/td><td>82828<\/td><td>juanajosefa.diestro@salud-juntaex.es<\/td><\/tr><tr><td>Sacramento Yolanda Fern\u00e1ndez Hurtado<\/td><td>Servicio de Personal<\/td><td>Grupo de Gesti\u00f3n Funci\u00f3n Administrativa<\/td><td>82831<\/td><td>sacramento.fernandez@salud-juntaex.es<\/td><\/tr><tr><td>Elisa Ortiz Cidoncha<\/td><td>Servico de Personal<\/td><td>Auxiliar administrativo<\/td><td>82829<\/td><td>elisa.ortiz@salud-juntaex.es<\/td><\/tr><tr><td>Carmen Cardenal Miranda<\/td><td>Servicio de Personal<\/td><td>Auxiliar administrativo<\/td><td>82832<\/td><td>carmen.cardenal@salud-juntaex.es<\/td><\/tr><tr><td>Olga Ortiz Cidoncha<\/td><td>Servico de Personal<\/td><td>Auxiliar administrativo<\/td><td>82873<\/td><td>olga.ortiz@salud-juntaex.es<\/td><\/tr><tr><td>M\u00aa del Pilar L\u00f3pez Mellado<\/td><td>Servicio de Personal<\/td><td>Auxliar Administrativo<\/td><td>82950<\/td><td>maria.lopezme@salud-juntaex.es<\/td><\/tr><tr><td>Ana M\u00aa Garc\u00eda G\u00f3mez<\/td><td>Servicio de Personal<\/td><td>Auxiliar administrativo<\/td><td>82947<\/td><td>ana.garciago@salud-juntaex.es<\/td><\/tr><tr><td>Amalia M\u00aa Fern\u00e1ndez Romero<\/td><td>Servicio de Personal<\/td><td>Auxliar Administrativo<\/td><td>82948<\/td><td>amalia.fernandez@salud-juntaex.es<\/td><\/tr><tr><td>Francisca Gallego Gonz\u00e1lez<\/td><td>Servicio de Personal<\/td><td>Auxliar Administrativo<\/td><td>82830<\/td><td>francisca.gallegog@salud-juntaex.es<\/td><\/tr><tr><td>M\u00aa Montserrat G\u00f3mez Fern\u00e1ndez<\/td><td>Servicio de Personal<\/td><td>Auxiliar administrativo<\/td><td>82833<\/td><td>montserrat.gomezf@salud-juntaex.es<\/td><\/tr><tr><td>Ani Bel\u00e9n Guerrero Franco<\/td><td>Servicio de Personal<\/td><td>Auxiliar administrativo<\/td><td>82873<\/td><td>anicetab.guerrero@salud-juntaex.es<\/td><\/tr><tr><td>Antonia Romero Godoy<\/td><td>Servicio de N\u00f3minas<\/td><td>Jefe de Servicio<\/td><td>82816<\/td><td>antonia.romero@salud-juntaex.es<\/td><\/tr><tr><td>M\u00aa Lourdes Morales Reino<\/td><td>Servicio de N\u00f3minas<\/td><td>Jefe de Secci\u00f3n<\/td><td>82834<\/td><td>lourdes.morales@salud-juntaex.es<\/td><\/tr><tr><td>M\u00aa de los Remedios Sedano Blanco<\/td><td>Servicio de N\u00f3minas<\/td><td>Jefe de Grupo<\/td><td>82836<\/td><td>remedios.sedano@salud-juntaex.es<\/td><\/tr><tr><td>M\u00aa Carmen P\u00e9rez Gil<\/td><td>Servicio de N\u00f3minas<\/td><td>Administrativo<\/td><td>82835<\/td><td>mariacarmen.perezg@salud-juntaex.es<\/td><\/tr><tr><td>M\u00aa Carmen Calvo Horrillo<\/td><td>Servicio de N\u00f3minas<\/td><td>Auxliar Administrativo<\/td><td>82837<\/td><td>maria.calvoh@salud-juntaex.es<\/td><\/tr><tr><td>Ver\u00f3nica Naranjo Guerrero<\/td><td>Servicio de N\u00f3minas<\/td><td>Auxliar Administrativo<\/td><td>82835<\/td><td>veronica.naranjo@salud-juntaex.es<\/td><\/tr><tr><td>Ver\u00f3nica Gil Cutanda<\/td><td>Servicio de N\u00f3minas<\/td><td>Auxiliar administrativo<\/td><td>82915<\/td><td>veronica.gil@salud-juntaex.es<\/td><\/tr><tr><td>Aquilino S\u00e1nchez Mart\u00edn<\/td><td>Servicio de N\u00f3minas<\/td><td>Auxiliar administrativo<\/td><td>82837<\/td><td>aquilino.sanchez@salud-juntaex.es<\/td><\/tr><tr><td>Concepci\u00f3n Arias Gac\u00eda<\/td><td>Bolsa de Trabajo<\/td><td>Auxiliar administrativo<\/td><td>82811<\/td><td>concepcion.arias@salud-juntaex.es<\/td><\/tr><tr><td>Vicenta Fort Mora<\/td><td>Bolsa de Trabajo<\/td><td>Auxiliar administrativo<\/td><td>82812<\/td><td>vicenta.fort@salud-juntaex.es<\/td><\/tr><tr><td>M\u00aa del Mar Villa Habas<\/td><td>Salud Laboral<\/td><td>Auxiliar administrativo<\/td><td>82807<\/td><td>mariadelmar.villa@salud-juntaex.es<\/td><\/tr><tr><td>Miguel \u00c1ngel Leal Cidoncha<\/td><td>Consultor de Recursos Humanos<\/td><td>Jefe de Secci\u00f3n<\/td><td>82945<\/td><td>miguelangel.leal@salud-juntaex.es<\/td><\/tr><tr><td>M\u00aa Dolores D\u00edaz Rodr\u00edguez<\/td><td>Servicio de N\u00f3minas<\/td><td>Auxiliar administrativo<\/td><td>82838<\/td><td>mariadolores.diazr@salud-juntaex.es<\/td><\/tr><\/tbody><\/table><\/figure>\n","protected":false},"excerpt":{"rendered":"<p>Nombre Servicio Puesto Extensi\u00f3n Correo Electr\u00f3nico Rosa Mar\u00eda Ramos Novo Direcci\u00f3n de Recursos Humanos Directora 82877 rrhhdonbenito@salud-juntaex.es Felipe Caballero G\u00f3mez Servicio de Personal Jefe de Servicio 82949 felipe.caballero@salud-juntaex.es Carmen Moreno Ru\u00edz-Cornejo Servicio de Personal Grupo T\u00e9cnico Funci\u00f3n Administrativa 82949 carmen.moreno@salud-juntaex.es Juana Josefa Diestro Gil Servico de Personal Jefe de Grupo 82828 juanajosefa.diestro@salud-juntaex.es Sacramento Yolanda Fern\u00e1ndez [&hellip;]<\/p>\n","protected":false},"author":1,"featured_media":0,"parent":327,"menu_order":0,"comment_status":"closed","ping_status":"closed","template":"","meta":{"_eb_attr":"","inline_featured_image":false},"_links":{"self":[{"href":"https:\/\/saludextremadura.ses.es\/areasaluddonbenito\/wp-json\/wp\/v2\/pages\/2310"}],"collection":[{"href":"https:\/\/saludextremadura.ses.es\/areasaluddonbenito\/wp-json\/wp\/v2\/pages"}],"about":[{"href":"https:\/\/saludextremadura.ses.es\/areasaluddonbenito\/wp-json\/wp\/v2\/types\/page"}],"author":[{"embeddable":true,"href":"https:\/\/saludextremadura.ses.es\/areasaluddonbenito\/wp-json\/wp\/v2\/users\/1"}],"replies":[{"embeddable":true,"href":"https:\/\/saludextremadura.ses.es\/areasaluddonbenito\/wp-json\/wp\/v2\/comments?post=2310"}],"version-history":[{"count":6,"href":"https:\/\/saludextremadura.ses.es\/areasaluddonbenito\/wp-json\/wp\/v2\/pages\/2310\/revisions"}],"predecessor-version":[{"id":3388,"href":"https:\/\/saludextremadura.ses.es\/areasaluddonbenito\/wp-json\/wp\/v2\/pages\/2310\/revisions\/3388"}],"up":[{"embeddable":true,"href":"https:\/\/saludextremadura.ses.es\/areasaluddonbenito\/wp-json\/wp\/v2\/pages\/327"}],"wp:attachment":[{"href":"https:\/\/saludextremadura.ses.es\/areasaluddonbenito\/wp-json\/wp\/v2\/media?parent=2310"}],"curies":[{"name":"wp","href":"https:\/\/api.w.org\/{rel}","templated":true}]}}