{"id":1863,"date":"2022-09-14T09:21:07","date_gmt":"2022-09-14T07:21:07","guid":{"rendered":"https:\/\/saludextremadura.ses.es\/areasaluddonbenito\/?page_id=1863"},"modified":"2022-09-14T09:36:21","modified_gmt":"2022-09-14T07:36:21","slug":"alertas","status":"publish","type":"page","link":"https:\/\/saludextremadura.ses.es\/areasaluddonbenito\/saludpublica\/epidemiologia\/alertas\/","title":{"rendered":"Alertas"},"content":{"rendered":"<h2 class=\"titulo-pagina wp-block-post-title\">Alertas<\/h2>\n\n\n<hr class=\"wp-block-separator has-alpha-channel-opacity linea-titulo\"\/>\n\n\n\n<p>Una alerta epidemiol\u00f3gica es un documento que se emite y difunde cada vez que aparece una sospecha de una situaci\u00f3n de riesgo potencial para la salud de la poblaci\u00f3n, frente a la cual es necesario el desarrollo de acciones de Salud P\u00fablica urgentes y eficaces.&nbsp;<\/p>\n\n\n\n<p>&nbsp;El prop\u00f3sito de las alertas epidemiol\u00f3gicas es informar a aquellas personas, organismos o instituciones relacionadas con el \u00e1mbito de la Salud P\u00fablica y Vigilancia Epidemiol\u00f3gica acerca de la ocurrencia de un evento de salud p\u00fablica, confirmada por el Centro Nacional de Epidemiolog\u00eda, Prevenci\u00f3n y Control de Enfermedades.&nbsp;<\/p>\n","protected":false},"excerpt":{"rendered":"<p>Una alerta epidemiol\u00f3gica es un documento que se emite y difunde cada vez que aparece una sospecha de una situaci\u00f3n de riesgo potencial para la salud de la poblaci\u00f3n, frente a la cual es necesario el desarrollo de acciones de Salud P\u00fablica urgentes y eficaces.&nbsp; &nbsp;El prop\u00f3sito de las alertas epidemiol\u00f3gicas es informar a aquellas [&hellip;]<\/p>\n","protected":false},"author":1,"featured_media":0,"parent":695,"menu_order":0,"comment_status":"closed","ping_status":"closed","template":"page-template\/page-no-slider.php","meta":{"_eb_attr":"","inline_featured_image":false},"_links":{"self":[{"href":"https:\/\/saludextremadura.ses.es\/areasaluddonbenito\/wp-json\/wp\/v2\/pages\/1863"}],"collection":[{"href":"https:\/\/saludextremadura.ses.es\/areasaluddonbenito\/wp-json\/wp\/v2\/pages"}],"about":[{"href":"https:\/\/saludextremadura.ses.es\/areasaluddonbenito\/wp-json\/wp\/v2\/types\/page"}],"author":[{"embeddable":true,"href":"https:\/\/saludextremadura.ses.es\/areasaluddonbenito\/wp-json\/wp\/v2\/users\/1"}],"replies":[{"embeddable":true,"href":"https:\/\/saludextremadura.ses.es\/areasaluddonbenito\/wp-json\/wp\/v2\/comments?post=1863"}],"version-history":[{"count":2,"href":"https:\/\/saludextremadura.ses.es\/areasaluddonbenito\/wp-json\/wp\/v2\/pages\/1863\/revisions"}],"predecessor-version":[{"id":1883,"href":"https:\/\/saludextremadura.ses.es\/areasaluddonbenito\/wp-json\/wp\/v2\/pages\/1863\/revisions\/1883"}],"up":[{"embeddable":true,"href":"https:\/\/saludextremadura.ses.es\/areasaluddonbenito\/wp-json\/wp\/v2\/pages\/695"}],"wp:attachment":[{"href":"https:\/\/saludextremadura.ses.es\/areasaluddonbenito\/wp-json\/wp\/v2\/media?parent=1863"}],"curies":[{"name":"wp","href":"https:\/\/api.w.org\/{rel}","templated":true}]}}

<h2 class="titulo-pagina wp-block-post-title">Alertas</h2>


<hr class="wp-block-separator has-alpha-channel-opacity linea-titulo"/>



<p>Una alerta epidemiológica es un documento que se emite y difunde cada vez que aparece una sospecha de una situación de riesgo potencial para la salud de la población, frente a la cual es necesario el desarrollo de acciones de Salud Pública urgentes y eficaces.&nbsp;</p>



<p>&nbsp;El propósito de las alertas epidemiológicas es informar a aquellas personas, organismos o instituciones relacionadas con el ámbito de la Salud Pública y Vigilancia Epidemiológica acerca de la ocurrencia de un evento de salud pública, confirmada por el Centro Nacional de Epidemiología, Prevención y Control de Enfermedades.&nbsp;</p>

<p>Una alerta epidemiológica es un documento que se emite y difunde cada vez que aparece una sospecha de una situación de riesgo potencial para la salud de la población, frente a la cual es necesario el desarrollo de acciones de Salud Pública urgentes y eficaces.&nbsp; &nbsp;El propósito de las alertas epidemiológicas es informar a aquellas [&hellip;]</p>
