{"id":1859,"date":"2022-09-14T09:19:38","date_gmt":"2022-09-14T07:19:38","guid":{"rendered":"https:\/\/saludextremadura.ses.es\/areasaluddonbenito\/?page_id=1859"},"modified":"2022-09-14T09:34:08","modified_gmt":"2022-09-14T07:34:08","slug":"legislacion","status":"publish","type":"page","link":"https:\/\/saludextremadura.ses.es\/areasaluddonbenito\/saludpublica\/epidemiologia\/legislacion\/","title":{"rendered":"Legislaci\u00f3n"},"content":{"rendered":"<h2 class=\"titulo-pagina wp-block-post-title\">Legislaci\u00f3n<\/h2>\n\n\n<hr class=\"wp-block-separator has-alpha-channel-opacity linea-titulo\"\/>\n\n\n\n<p>Por Real Decreto 2210\/1995 de 28 de Diciembre, se crea la Red de Vigilancia epidemiol\u00f3gica en el \u00e1mbito nacional. Posteriormente, la Junta de Extremadura, en el \u00e1mbito de sus competencias, p\u00fablica el Decreto 92\/1997, por el que se crea la Red de Vigilancia Epidemiol\u00f3gica de Extremadura. Dicha red est\u00e1 constituida por diferentes sistemas, siendo el fundamental&nbsp; el denominado&nbsp; sistema de Declaraci\u00f3n Obligatoria de enfermedades EDOS y Brotes de cualquier etiolog\u00eda. El funcionamiento de este&nbsp; sistema se regula en&nbsp; base al protocolo aprobado por Circular 1\/2003 de la Consejer\u00eda de Sanidad y&nbsp; Consumo.<\/p>\n\n\n\n<p>El Consejo Interterritorial aprueba el 23 de julio de 2013 los Protocolos de la Red Nacional de Vigilancia Epidemiologia RENAVE, que se publican en junio de 2015, Fue consensuado en la Ponencia de Vigilancia Epidemiol\u00f3gica el 9 de abril de 2013.&nbsp; Y elevado a&nbsp; la Comisi\u00f3n de Salud P\u00fablica el 19 de junio de 2013.&nbsp;<\/p>\n\n\n\n<p>La vigilancia se sustenta en la actividad de la Red Nacional de Vigilancia Epidemiol\u00f3gica (RENAVE) que gestiona el Centro Nacional de Epidemiolog\u00eda (CNE). La RENAVE articula la vigilancia integrando la notificaci\u00f3n y la investigaci\u00f3n epidemiol\u00f3gica de casos de enfermedades transmisibles, de brotes o de microorganismos.<\/p>\n\n\n\n<p>En B.O.E. el 17 de marzo de 2015, se publica Ministerio de Sanidad, Servicios Sociales e Igualdad la Orden SSI\/445\/2015, de 9 de Marzo de 2015, por la que se modifican los anexos I,II y III del Real Decreto 2210\/1995, de 28 de diciembre, por el que se crea la Red Nacional de Vigilancia Epidemiol\u00f3gica, relativos a la lista de enfermedades de declaraci\u00f3n obligatoria, modalidades de declaraci\u00f3n y enfermedades end\u00e9micas de \u00e1mbito regional<\/p>\n\n\n\n<p>En Extremadura la Circular 1 de Junio de 2016 de Consejero de Sanidad y Pol\u00edticas Sociales aprueba el Protocolo de Funcionamiento del sistema b\u00e1sico de vigilancia basado en la declaraci\u00f3n obligatoria de enfermedades, declaraci\u00f3n de brotes de cualquier etiolog\u00eda, de la Red de Vigilancia Epidemiol\u00f3gica de Extremadura.<\/p>\n","protected":false},"excerpt":{"rendered":"<p>Por Real Decreto 2210\/1995 de 28 de Diciembre, se crea la Red de Vigilancia epidemiol\u00f3gica en el \u00e1mbito nacional. Posteriormente, la Junta de Extremadura, en el \u00e1mbito de sus competencias, p\u00fablica el Decreto 92\/1997, por el que se crea la Red de Vigilancia Epidemiol\u00f3gica de Extremadura. Dicha red est\u00e1 constituida por diferentes sistemas, siendo el [&hellip;]<\/p>\n","protected":false},"author":1,"featured_media":0,"parent":695,"menu_order":0,"comment_status":"closed","ping_status":"closed","template":"page-template\/page-no-slider.php","meta":{"_eb_attr":"","inline_featured_image":false},"_links":{"self":[{"href":"https:\/\/saludextremadura.ses.es\/areasaluddonbenito\/wp-json\/wp\/v2\/pages\/1859"}],"collection":[{"href":"https:\/\/saludextremadura.ses.es\/areasaluddonbenito\/wp-json\/wp\/v2\/pages"}],"about":[{"href":"https:\/\/saludextremadura.ses.es\/areasaluddonbenito\/wp-json\/wp\/v2\/types\/page"}],"author":[{"embeddable":true,"href":"https:\/\/saludextremadura.ses.es\/areasaluddonbenito\/wp-json\/wp\/v2\/users\/1"}],"replies":[{"embeddable":true,"href":"https:\/\/saludextremadura.ses.es\/areasaluddonbenito\/wp-json\/wp\/v2\/comments?post=1859"}],"version-history":[{"count":2,"href":"https:\/\/saludextremadura.ses.es\/areasaluddonbenito\/wp-json\/wp\/v2\/pages\/1859\/revisions"}],"predecessor-version":[{"id":1879,"href":"https:\/\/saludextremadura.ses.es\/areasaluddonbenito\/wp-json\/wp\/v2\/pages\/1859\/revisions\/1879"}],"up":[{"embeddable":true,"href":"https:\/\/saludextremadura.ses.es\/areasaluddonbenito\/wp-json\/wp\/v2\/pages\/695"}],"wp:attachment":[{"href":"https:\/\/saludextremadura.ses.es\/areasaluddonbenito\/wp-json\/wp\/v2\/media?parent=1859"}],"curies":[{"name":"wp","href":"https:\/\/api.w.org\/{rel}","templated":true}]}}

Legislación

<h2 class="titulo-pagina wp-block-post-title">Legislación</h2>


<hr class="wp-block-separator has-alpha-channel-opacity linea-titulo"/>



<p>Por Real Decreto 2210/1995 de 28 de Diciembre, se crea la Red de Vigilancia epidemiológica en el ámbito nacional. Posteriormente, la Junta de Extremadura, en el ámbito de sus competencias, pública el Decreto 92/1997, por el que se crea la Red de Vigilancia Epidemiológica de Extremadura. Dicha red está constituida por diferentes sistemas, siendo el fundamental&nbsp; el denominado&nbsp; sistema de Declaración Obligatoria de enfermedades EDOS y Brotes de cualquier etiología. El funcionamiento de este&nbsp; sistema se regula en&nbsp; base al protocolo aprobado por Circular 1/2003 de la Consejería de Sanidad y&nbsp; Consumo.</p>



<p>El Consejo Interterritorial aprueba el 23 de julio de 2013 los Protocolos de la Red Nacional de Vigilancia Epidemiologia RENAVE, que se publican en junio de 2015, Fue consensuado en la Ponencia de Vigilancia Epidemiológica el 9 de abril de 2013.&nbsp; Y elevado a&nbsp; la Comisión de Salud Pública el 19 de junio de 2013.&nbsp;</p>



<p>La vigilancia se sustenta en la actividad de la Red Nacional de Vigilancia Epidemiológica (RENAVE) que gestiona el Centro Nacional de Epidemiología (CNE). La RENAVE articula la vigilancia integrando la notificación y la investigación epidemiológica de casos de enfermedades transmisibles, de brotes o de microorganismos.</p>



<p>En B.O.E. el 17 de marzo de 2015, se publica Ministerio de Sanidad, Servicios Sociales e Igualdad la Orden SSI/445/2015, de 9 de Marzo de 2015, por la que se modifican los anexos I,II y III del Real Decreto 2210/1995, de 28 de diciembre, por el que se crea la Red Nacional de Vigilancia Epidemiológica, relativos a la lista de enfermedades de declaración obligatoria, modalidades de declaración y enfermedades endémicas de ámbito regional</p>



<p>En Extremadura la Circular 1 de Junio de 2016 de Consejero de Sanidad y Políticas Sociales aprueba el Protocolo de Funcionamiento del sistema básico de vigilancia basado en la declaración obligatoria de enfermedades, declaración de brotes de cualquier etiología, de la Red de Vigilancia Epidemiológica de Extremadura.</p>

<p>Por Real Decreto 2210/1995 de 28 de Diciembre, se crea la Red de Vigilancia epidemiológica en el ámbito nacional. Posteriormente, la Junta de Extremadura, en el ámbito de sus competencias, pública el Decreto 92/1997, por el que se crea la Red de Vigilancia Epidemiológica de Extremadura. Dicha red está constituida por diferentes sistemas, siendo el [&hellip;]</p>
