{"id":1830,"date":"2022-09-14T08:17:39","date_gmt":"2022-09-14T06:17:39","guid":{"rendered":"https:\/\/saludextremadura.ses.es\/areasaluddonbenito\/?page_id=1830"},"modified":"2022-09-14T09:15:46","modified_gmt":"2022-09-14T07:15:46","slug":"seguridad-del-paciente-en-centros-residenciales","status":"publish","type":"page","link":"https:\/\/saludextremadura.ses.es\/areasaluddonbenito\/saludpublica\/seguridad-en-el-paciente\/seguridad-del-paciente-en-centros-residenciales\/","title":{"rendered":"Seguridad del paciente en Centros Residenciales"},"content":{"rendered":"<h2 class=\"titulo-pagina wp-block-post-title\">Seguridad del paciente en Centros Residenciales<\/h2>\n\n\n<hr class=\"wp-block-separator has-alpha-channel-opacity linea-titulo\"\/>\n\n\n\n<p>La vulnerabilidad y la fragilidad asociada a la permanencia de las personas mayores y otros grupos de personas en situaci\u00f3n de dependencia en centros residenciales y en determinados dispositivos socio-sanitarios ha sido siempre objeto de preocupaci\u00f3n.<\/p>\n\n\n\n<p>Con la la publicaci\u00f3n del Estudio EARCAS (Eventos Adversos en Residencias y Centros Asistenciales Sociosanitarios) en el a\u00f1o 2011 por parte del Ministerio de Sanidad, Pol\u00edtica Social e Igualdad se dimension\u00f3 el problema y su impacto en t\u00e9rminos de salud y calidad de vida plante\u00f3 la necesidad de abordar de manera decidida, la seguridad de los pacientes en dichos entornos.<\/p>\n\n\n\n<p>En 2017, por iniciativa de la Coordinaci\u00f3n de Seguridad de Pacientes del SES y en colaboraci\u00f3n con la Direcci\u00f3n Gerencia del SEPAD, se ampl\u00eda la experiencia de la seguridad de pacientes a los centros residenciales de personas mayores y de discapacidad del \u00c1rea de Salud de Plasencia, inici\u00e1ndose la incorporaci\u00f3n de los mismos al SiNASP. En 2019 con el \u201cPlan Estrat\u00e9gico de Seguirdad de paciente \u201c se pretend\u00eda trazar las l\u00edneas directrices que permitan la paulatina implantaci\u00f3n de la cultura de seguridad en los centros residenciales del SEPAD, mediante actuaciones de registro y an\u00e1lisis de incidentes y efectos adversos, la formaci\u00f3n de profesionales y la puesta en marcha de actuaciones protocolizadas sobre los eventos m\u00e1s frecuentes, que favorezcan los entornos seguros y contribuyan al incremento de la calidad de vida de residentes.<\/p>\n\n\n\n<p>* Plan estrat\u00e9gico de Seguridad del Paciente de Extremadura (2019-2021)<\/p>\n","protected":false},"excerpt":{"rendered":"<p>La vulnerabilidad y la fragilidad asociada a la permanencia de las personas mayores y otros grupos de personas en situaci\u00f3n de dependencia en centros residenciales y en determinados dispositivos socio-sanitarios ha sido siempre objeto de preocupaci\u00f3n. Con la la publicaci\u00f3n del Estudio EARCAS (Eventos Adversos en Residencias y Centros Asistenciales Sociosanitarios) en el a\u00f1o 2011 [&hellip;]<\/p>\n","protected":false},"author":1,"featured_media":0,"parent":697,"menu_order":0,"comment_status":"closed","ping_status":"closed","template":"page-template\/page-no-slider.php","meta":{"_eb_attr":"","inline_featured_image":false},"_links":{"self":[{"href":"https:\/\/saludextremadura.ses.es\/areasaluddonbenito\/wp-json\/wp\/v2\/pages\/1830"}],"collection":[{"href":"https:\/\/saludextremadura.ses.es\/areasaluddonbenito\/wp-json\/wp\/v2\/pages"}],"about":[{"href":"https:\/\/saludextremadura.ses.es\/areasaluddonbenito\/wp-json\/wp\/v2\/types\/page"}],"author":[{"embeddable":true,"href":"https:\/\/saludextremadura.ses.es\/areasaluddonbenito\/wp-json\/wp\/v2\/users\/1"}],"replies":[{"embeddable":true,"href":"https:\/\/saludextremadura.ses.es\/areasaluddonbenito\/wp-json\/wp\/v2\/comments?post=1830"}],"version-history":[{"count":2,"href":"https:\/\/saludextremadura.ses.es\/areasaluddonbenito\/wp-json\/wp\/v2\/pages\/1830\/revisions"}],"predecessor-version":[{"id":1856,"href":"https:\/\/saludextremadura.ses.es\/areasaluddonbenito\/wp-json\/wp\/v2\/pages\/1830\/revisions\/1856"}],"up":[{"embeddable":true,"href":"https:\/\/saludextremadura.ses.es\/areasaluddonbenito\/wp-json\/wp\/v2\/pages\/697"}],"wp:attachment":[{"href":"https:\/\/saludextremadura.ses.es\/areasaluddonbenito\/wp-json\/wp\/v2\/media?parent=1830"}],"curies":[{"name":"wp","href":"https:\/\/api.w.org\/{rel}","templated":true}]}}