{"id":1784,"date":"2022-09-13T12:37:30","date_gmt":"2022-09-13T10:37:30","guid":{"rendered":"https:\/\/saludextremadura.ses.es\/areasaluddonbenito\/?page_id=1784"},"modified":"2022-10-06T09:02:50","modified_gmt":"2022-10-06T07:02:50","slug":"entidades-detallistas-de-medicamentos-veterinarios","status":"publish","type":"page","link":"https:\/\/saludextremadura.ses.es\/areasaluddonbenito\/saludpublica\/ordenacion-farmaceutica\/entidades-detallistas-de-medicamentos-veterinarios\/","title":{"rendered":"Entidades detallistas de medicamentos veterinarios"},"content":{"rendered":"<h2 class=\"titulo-pagina wp-block-post-title\">Entidades detallistas de medicamentos veterinarios<\/h2>\n\n\n<hr class=\"wp-block-separator has-alpha-channel-opacity linea-titulo\"\/>\n\n\n\n<p>Los&nbsp; medicamentos&nbsp; de&nbsp; uso&nbsp; animal&nbsp; que&nbsp; requieran&nbsp; prescripci\u00f3n&nbsp; veterinaria,&nbsp; \u00fanicamente&nbsp; podr\u00e1n&nbsp; ser&nbsp; dispensados&nbsp; por&nbsp; las&nbsp; oficinas&nbsp; de&nbsp; farmacia&nbsp; legalmente autorizadas&nbsp; o&nbsp; por&nbsp; las&nbsp; entidades&nbsp; o&nbsp; agrupaciones&nbsp; ganaderas&nbsp; y&nbsp; los&nbsp; establecimientos&nbsp; comerciales&nbsp; detallistas&nbsp; legalmente&nbsp; autorizados,&nbsp; siempre&nbsp; bajo&nbsp; el&nbsp; control de sus respectivos servicios farmac\u00e9uticos.<\/p>\n\n\n\n<p>Los&nbsp; medicamentos&nbsp; de&nbsp; uso&nbsp; animal&nbsp; de&nbsp; uso&nbsp; hospitalario, f\u00f3rmulas&nbsp; magistrales&nbsp; y&nbsp; medicamentos&nbsp; estupefacientes,&nbsp; \u00fanicamente&nbsp; podr\u00e1n&nbsp; ser&nbsp; dispensados&nbsp; por&nbsp; las&nbsp; oficinas&nbsp; de&nbsp; farmacia&nbsp; legalmente&nbsp; autorizadas. Los medicamentos estupefacientes podr\u00e1n ser dispensados por un farmac\u00e9utico en cualquier oficina de&nbsp;farmacia autorizada, con la preceptiva receta<\/p>\n\n\n\n<p>Para que las entidades y agrupaciones ganaderas y los establecimientos comerciales detallistas dispensen medicamentos veterinarios deben contar con un Dep\u00f3sito de Medicamentos Veterinarios que debe ser autorizado por el \u00f3rgano competente de la Comunidad Aut\u00f3noma donde est\u00e1n domiciliados y realicen sus actividades.<\/p>\n\n\n\n<p>Solicitud de autorizaci\u00f3n: <\/p>\n\n\n<div style=\"display:flex\" class=\"enlacearchivos\">\n    <img decoding=\"async\" src=\"https:\/\/saludextremadura.ses.es\/areasaluddonbenito\/wp-content\/themes\/temaAreaSalud\/img\/Vector (14).svg\" alt=\"\">\n    <a class=\"\" title=\"\" href=\"https:\/\/saludextremadura.ses.es\/areasaluddonbenito\/download\/2436\/?tmstv=1776015184\" rel=\"nofollow\">\n        Solicitud de Medicamentos Veterinarios    <\/a>\n    <div class=\"filetype-icon filetype-pdf \"><\/div>\n<\/div>\n\n\n<p>Documentos a presentar:<\/p>\n\n\n<div style=\"display:flex\" class=\"enlacearchivos\">\n    <img decoding=\"async\" src=\"https:\/\/saludextremadura.ses.es\/areasaluddonbenito\/wp-content\/themes\/temaAreaSalud\/img\/Vector (14).svg\" alt=\"\">\n    <a class=\"\" title=\"\" href=\"https:\/\/saludextremadura.ses.es\/areasaluddonbenito\/download\/2438\/?tmstv=1776015184\" rel=\"nofollow\">\n        #2438 &#8211; Documentos Dep\u00f3sitos Medicamentos Veterinarios    <\/a>\n    <div class=\"filetype-icon filetype-docx \"><\/div>\n<\/div>","protected":false},"excerpt":{"rendered":"<p>Los&nbsp; medicamentos&nbsp; de&nbsp; uso&nbsp; animal&nbsp; que&nbsp; requieran&nbsp; prescripci\u00f3n&nbsp; veterinaria,&nbsp; \u00fanicamente&nbsp; podr\u00e1n&nbsp; ser&nbsp; dispensados&nbsp; por&nbsp; las&nbsp; oficinas&nbsp; de&nbsp; farmacia&nbsp; legalmente autorizadas&nbsp; o&nbsp; por&nbsp; las&nbsp; entidades&nbsp; o&nbsp; agrupaciones&nbsp; ganaderas&nbsp; y&nbsp; los&nbsp; establecimientos&nbsp; comerciales&nbsp; detallistas&nbsp; legalmente&nbsp; autorizados,&nbsp; siempre&nbsp; bajo&nbsp; el&nbsp; control de sus respectivos servicios farmac\u00e9uticos. Los&nbsp; medicamentos&nbsp; de&nbsp; uso&nbsp; animal&nbsp; de&nbsp; uso&nbsp; hospitalario, f\u00f3rmulas&nbsp; magistrales&nbsp; y&nbsp; medicamentos&nbsp; [&hellip;]<\/p>\n","protected":false},"author":1,"featured_media":0,"parent":691,"menu_order":0,"comment_status":"closed","ping_status":"closed","template":"page-template\/page-no-slider.php","meta":{"_eb_attr":"","inline_featured_image":false},"_links":{"self":[{"href":"https:\/\/saludextremadura.ses.es\/areasaluddonbenito\/wp-json\/wp\/v2\/pages\/1784"}],"collection":[{"href":"https:\/\/saludextremadura.ses.es\/areasaluddonbenito\/wp-json\/wp\/v2\/pages"}],"about":[{"href":"https:\/\/saludextremadura.ses.es\/areasaluddonbenito\/wp-json\/wp\/v2\/types\/page"}],"author":[{"embeddable":true,"href":"https:\/\/saludextremadura.ses.es\/areasaluddonbenito\/wp-json\/wp\/v2\/users\/1"}],"replies":[{"embeddable":true,"href":"https:\/\/saludextremadura.ses.es\/areasaluddonbenito\/wp-json\/wp\/v2\/comments?post=1784"}],"version-history":[{"count":3,"href":"https:\/\/saludextremadura.ses.es\/areasaluddonbenito\/wp-json\/wp\/v2\/pages\/1784\/revisions"}],"predecessor-version":[{"id":2441,"href":"https:\/\/saludextremadura.ses.es\/areasaluddonbenito\/wp-json\/wp\/v2\/pages\/1784\/revisions\/2441"}],"up":[{"embeddable":true,"href":"https:\/\/saludextremadura.ses.es\/areasaluddonbenito\/wp-json\/wp\/v2\/pages\/691"}],"wp:attachment":[{"href":"https:\/\/saludextremadura.ses.es\/areasaluddonbenito\/wp-json\/wp\/v2\/media?parent=1784"}],"curies":[{"name":"wp","href":"https:\/\/api.w.org\/{rel}","templated":true}]}}