{"id":1782,"date":"2022-09-13T12:36:28","date_gmt":"2022-09-13T10:36:28","guid":{"rendered":"https:\/\/saludextremadura.ses.es\/areasaluddonbenito\/?page_id=1782"},"modified":"2022-10-06T08:57:02","modified_gmt":"2022-10-06T06:57:02","slug":"depositos-de-medicamentos","status":"publish","type":"page","link":"https:\/\/saludextremadura.ses.es\/areasaluddonbenito\/saludpublica\/ordenacion-farmaceutica\/depositos-de-medicamentos\/","title":{"rendered":"Dep\u00f3sitos De Medicamentos"},"content":{"rendered":"<h2 class=\"titulo-pagina wp-block-post-title\">Dep\u00f3sitos De Medicamentos<\/h2>\n\n\n<hr class=\"wp-block-separator has-alpha-channel-opacity linea-titulo\"\/>\n\n\n\n<p>La ley 6\/2006 de Atenci\u00f3n Farmac\u00e9utica, regula en su art\u00edculo 52 que: 1.- Los centros hospitalarios de menos de cien camas y no hubiera sido determinado por la autoridad sanitaria competente, deber\u00e1n contar con un dep\u00f3sito de medicamentos.<\/p>\n\n\n\n<p>Los dep\u00f3sitos de medicamentos de los centros hospitalarios de titularidad p\u00fablica estar\u00e1n vinculados al Servicio de Farmacia del hospital o complejo hospitalario del \u00c1rea de Salud, y estar\u00e1n bajo la responsabilidad de un farmac\u00e9utico especialista de dicho Servicio.<\/p>\n\n\n\n<p>Los dep\u00f3sitos de medicamentos de los centros hospitalarios privados estar\u00e1n vinculados a una oficina de farmacia de la localidad, y estar\u00e1n bajo la responsabilidad del farmac\u00e9utico titular de dicha oficina de farmacia.<\/p>\n\n\n\n<h3 class=\"has-black-color has-text-color\">Documentos a presentar para solicitar un dep\u00f3sito de medicamentos<\/h3>\n\n\n\n<p>Solicitud y documentaci\u00f3n para autorizaci\u00f3n deposito<\/p>\n\n\n\n<h3 class=\"has-black-color has-text-color\">Documentos a presentar para solicitar un dep\u00f3sito de toxina botul\u00ednica<\/h3>\n\n\n<div style=\"display:flex\" class=\"enlacearchivos\">\n    <img decoding=\"async\" src=\"https:\/\/saludextremadura.ses.es\/areasaluddonbenito\/wp-content\/themes\/temaAreaSalud\/img\/Vector (14).svg\" alt=\"\">\n    <a class=\"\" title=\"\" href=\"https:\/\/saludextremadura.ses.es\/areasaluddonbenito\/download\/2428\/?tmstv=1777563237\" rel=\"nofollow\">\n        Solicitud y documentaci\u00f3n para autorizaci\u00f3n deposito    <\/a>\n    <div class=\"filetype-icon filetype-pdf \"><\/div>\n<\/div>\n\n<div style=\"display:flex\" class=\"enlacearchivos\">\n    <img decoding=\"async\" src=\"https:\/\/saludextremadura.ses.es\/areasaluddonbenito\/wp-content\/themes\/temaAreaSalud\/img\/Vector (14).svg\" alt=\"\">\n    <a class=\"\" title=\"\" href=\"https:\/\/saludextremadura.ses.es\/areasaluddonbenito\/download\/2430\/?tmstv=1777563237\" rel=\"nofollow\">\n        Solicitud deposito toxina botul\u00ednica    <\/a>\n    <div class=\"filetype-icon filetype-pdf \"><\/div>\n<\/div>\n\n<div style=\"display:flex\" class=\"enlacearchivos\">\n    <img decoding=\"async\" src=\"https:\/\/saludextremadura.ses.es\/areasaluddonbenito\/wp-content\/themes\/temaAreaSalud\/img\/Vector (14).svg\" alt=\"\">\n    <a class=\"\" title=\"\" href=\"https:\/\/saludextremadura.ses.es\/areasaluddonbenito\/download\/2426\/?tmstv=1777563237\" rel=\"nofollow\">\n        Circular de Toxina    <\/a>\n    <div class=\"filetype-icon filetype-pdf \"><\/div>\n<\/div>","protected":false},"excerpt":{"rendered":"<p>La ley 6\/2006 de Atenci\u00f3n Farmac\u00e9utica, regula en su art\u00edculo 52 que: 1.- Los centros hospitalarios de menos de cien camas y no hubiera sido determinado por la autoridad sanitaria competente, deber\u00e1n contar con un dep\u00f3sito de medicamentos. Los dep\u00f3sitos de medicamentos de los centros hospitalarios de titularidad p\u00fablica estar\u00e1n vinculados al Servicio de Farmacia [&hellip;]<\/p>\n","protected":false},"author":1,"featured_media":0,"parent":691,"menu_order":0,"comment_status":"closed","ping_status":"closed","template":"page-template\/page-no-slider.php","meta":{"_eb_attr":"","inline_featured_image":false},"_links":{"self":[{"href":"https:\/\/saludextremadura.ses.es\/areasaluddonbenito\/wp-json\/wp\/v2\/pages\/1782"}],"collection":[{"href":"https:\/\/saludextremadura.ses.es\/areasaluddonbenito\/wp-json\/wp\/v2\/pages"}],"about":[{"href":"https:\/\/saludextremadura.ses.es\/areasaluddonbenito\/wp-json\/wp\/v2\/types\/page"}],"author":[{"embeddable":true,"href":"https:\/\/saludextremadura.ses.es\/areasaluddonbenito\/wp-json\/wp\/v2\/users\/1"}],"replies":[{"embeddable":true,"href":"https:\/\/saludextremadura.ses.es\/areasaluddonbenito\/wp-json\/wp\/v2\/comments?post=1782"}],"version-history":[{"count":4,"href":"https:\/\/saludextremadura.ses.es\/areasaluddonbenito\/wp-json\/wp\/v2\/pages\/1782\/revisions"}],"predecessor-version":[{"id":2432,"href":"https:\/\/saludextremadura.ses.es\/areasaluddonbenito\/wp-json\/wp\/v2\/pages\/1782\/revisions\/2432"}],"up":[{"embeddable":true,"href":"https:\/\/saludextremadura.ses.es\/areasaluddonbenito\/wp-json\/wp\/v2\/pages\/691"}],"wp:attachment":[{"href":"https:\/\/saludextremadura.ses.es\/areasaluddonbenito\/wp-json\/wp\/v2\/media?parent=1782"}],"curies":[{"name":"wp","href":"https:\/\/api.w.org\/{rel}","templated":true}]}}