{"id":1731,"date":"2022-09-13T12:18:26","date_gmt":"2022-09-13T10:18:26","guid":{"rendered":"https:\/\/saludextremadura.ses.es\/areasaluddonbenito\/?page_id=1731"},"modified":"2022-09-14T10:56:39","modified_gmt":"2022-09-14T08:56:39","slug":"que-es-una-alerta-alimentaria","status":"publish","type":"page","link":"https:\/\/saludextremadura.ses.es\/areasaluddonbenito\/saludpublica\/seguridad-alimentaria\/que-es-una-alerta-alimentaria\/","title":{"rendered":"\u00bfQu\u00e9 es una alerta alimentaria?\u00a0"},"content":{"rendered":"<h2 class=\"titulo-pagina wp-block-post-title\">\u00bfQu\u00e9 es una alerta alimentaria?\u00a0<\/h2>\n\n\n<hr class=\"wp-block-separator has-alpha-channel-opacity linea-titulo\"\/>\n\n\n\n<p>Son todas las situaciones de riesgo para la salud p\u00fablica, potenciales, reales o que generen alarma social, derivadas de brotes epid\u00e9micos, problemas relacionados con la salud ambiental, la seguridad alimentaria y el uso de medicamentos o de productos sanitarios.<\/p>\n\n\n\n<p>Los Servicios Farmac\u00e9uticos y Veterinarios realizan la inspecci\u00f3n de los establecimientos implicados levantando acta de inspecci\u00f3n con expresi\u00f3n de posibles irregularidades y la realizaci\u00f3n de la toma de muestras correspondiente.<\/p>\n\n\n\n<p>La gesti\u00f3n de la red de alerta alimentaria se efect\u00faa a nivel nacional a trav\u00e9s del Sistema Coordinado de Intercambio R\u00e1pido de Informaci\u00f3n (SCIRI). Dentro de este sistema, la Agencia Espa\u00f1ola de Consumo, Seguridad Alimentaria y Nutrici\u00f3n (AESAN), se constituye como punto de contacto, tanto del sistema de Red de Alerta Comunitaria (RAFF), como de contacto centralizador y coordinador del SCIRI y de la Red Internacional de Autoridades en materia de inocuidad de los alimentos (INFOSAN).<\/p>\n","protected":false},"excerpt":{"rendered":"<p>Son todas las situaciones de riesgo para la salud p\u00fablica, potenciales, reales o que generen alarma social, derivadas de brotes epid\u00e9micos, problemas relacionados con la salud ambiental, la seguridad alimentaria y el uso de medicamentos o de productos sanitarios. Los Servicios Farmac\u00e9uticos y Veterinarios realizan la inspecci\u00f3n de los establecimientos implicados levantando acta de inspecci\u00f3n [&hellip;]<\/p>\n","protected":false},"author":1,"featured_media":0,"parent":689,"menu_order":0,"comment_status":"closed","ping_status":"closed","template":"page-template\/page-no-slider.php","meta":{"_eb_attr":"","inline_featured_image":false},"_links":{"self":[{"href":"https:\/\/saludextremadura.ses.es\/areasaluddonbenito\/wp-json\/wp\/v2\/pages\/1731"}],"collection":[{"href":"https:\/\/saludextremadura.ses.es\/areasaluddonbenito\/wp-json\/wp\/v2\/pages"}],"about":[{"href":"https:\/\/saludextremadura.ses.es\/areasaluddonbenito\/wp-json\/wp\/v2\/types\/page"}],"author":[{"embeddable":true,"href":"https:\/\/saludextremadura.ses.es\/areasaluddonbenito\/wp-json\/wp\/v2\/users\/1"}],"replies":[{"embeddable":true,"href":"https:\/\/saludextremadura.ses.es\/areasaluddonbenito\/wp-json\/wp\/v2\/comments?post=1731"}],"version-history":[{"count":2,"href":"https:\/\/saludextremadura.ses.es\/areasaluddonbenito\/wp-json\/wp\/v2\/pages\/1731\/revisions"}],"predecessor-version":[{"id":1914,"href":"https:\/\/saludextremadura.ses.es\/areasaluddonbenito\/wp-json\/wp\/v2\/pages\/1731\/revisions\/1914"}],"up":[{"embeddable":true,"href":"https:\/\/saludextremadura.ses.es\/areasaluddonbenito\/wp-json\/wp\/v2\/pages\/689"}],"wp:attachment":[{"href":"https:\/\/saludextremadura.ses.es\/areasaluddonbenito\/wp-json\/wp\/v2\/media?parent=1731"}],"curies":[{"name":"wp","href":"https:\/\/api.w.org\/{rel}","templated":true}]}}

¿Qué es una alerta alimentaria?

<h2 class="titulo-pagina wp-block-post-title">¿Qué es una alerta alimentaria? </h2>


<hr class="wp-block-separator has-alpha-channel-opacity linea-titulo"/>



<p>Son todas las situaciones de riesgo para la salud pública, potenciales, reales o que generen alarma social, derivadas de brotes epidémicos, problemas relacionados con la salud ambiental, la seguridad alimentaria y el uso de medicamentos o de productos sanitarios.</p>



<p>Los Servicios Farmacéuticos y Veterinarios realizan la inspección de los establecimientos implicados levantando acta de inspección con expresión de posibles irregularidades y la realización de la toma de muestras correspondiente.</p>



<p>La gestión de la red de alerta alimentaria se efectúa a nivel nacional a través del Sistema Coordinado de Intercambio Rápido de Información (SCIRI). Dentro de este sistema, la Agencia Española de Consumo, Seguridad Alimentaria y Nutrición (AESAN), se constituye como punto de contacto, tanto del sistema de Red de Alerta Comunitaria (RAFF), como de contacto centralizador y coordinador del SCIRI y de la Red Internacional de Autoridades en materia de inocuidad de los alimentos (INFOSAN).</p>

<p>Son todas las situaciones de riesgo para la salud pública, potenciales, reales o que generen alarma social, derivadas de brotes epidémicos, problemas relacionados con la salud ambiental, la seguridad alimentaria y el uso de medicamentos o de productos sanitarios. Los Servicios Farmacéuticos y Veterinarios realizan la inspección de los establecimientos implicados levantando acta de inspección [&hellip;]</p>
